{"id":67025,"date":"2016-02-22T09:07:10","date_gmt":"2016-02-22T12:07:10","guid":{"rendered":"http:\/\/www.eltrabajo.cl\/portal\/wp-content\/uploads\/2016\/02\/Incendio-La-Ermita.jpg"},"modified":"2016-02-22T09:07:28","modified_gmt":"2016-02-22T12:07:28","slug":"incendio-la-ermita","status":"inherit","type":"attachment","link":"https:\/\/eltrabajo.cl\/portal\/incendio-en-sector-la-ermita-amenazo-con-propagarse-a-viviendas-y-a-centro-de-eventos\/incendio-la-ermita\/","title":{"rendered":"Bomberos durante la madrugada del s\u00e1bado, control\u00f3 un incendio forestal que se origin\u00f3 en el sector La Ermita, el que amenazaba con propagarse a diversos sectores."},"author":1,"featured_media":0,"comment_status":"open","ping_status":"closed","template":"","meta":{"advanced_seo_description":"","jetpack_seo_html_title":"","jetpack_seo_noindex":false},"class_list":["post-67025","attachment","type-attachment","status-inherit","hentry"],"jetpack_sharing_enabled":true,"jetpack_likes_enabled":true,"description":{"rendered":"<p class=\"attachment\"><a href=\"https:\/\/i0.wp.com\/eltrabajo.cl\/portal\/wp-content\/uploads\/2016\/02\/Incendio-La-Ermita.jpg?ssl=1\"><img loading=\"lazy\" decoding=\"async\" width=\"300\" height=\"198\" src=\"https:\/\/i0.wp.com\/eltrabajo.cl\/portal\/wp-content\/uploads\/2016\/02\/Incendio-La-Ermita.jpg?fit=300%2C198&amp;ssl=1\" class=\"attachment-medium size-medium\" alt=\"Bomberos durante la madrugada del s\u00e1bado, control\u00f3 un incendio forestal que se origin\u00f3 en el sector La Ermita, el que amenazaba con propagarse a diversos sectores.\" srcset=\"https:\/\/i0.wp.com\/eltrabajo.cl\/portal\/wp-content\/uploads\/2016\/02\/Incendio-La-Ermita.jpg?w=530&amp;ssl=1 530w, https:\/\/i0.wp.com\/eltrabajo.cl\/portal\/wp-content\/uploads\/2016\/02\/Incendio-La-Ermita.jpg?resize=200%2C132&amp;ssl=1 200w, https:\/\/i0.wp.com\/eltrabajo.cl\/portal\/wp-content\/uploads\/2016\/02\/Incendio-La-Ermita.jpg?resize=300%2C198&amp;ssl=1 300w, https:\/\/i0.wp.com\/eltrabajo.cl\/portal\/wp-content\/uploads\/2016\/02\/Incendio-La-Ermita.jpg?resize=227%2C150&amp;ssl=1 227w, https:\/\/i0.wp.com\/eltrabajo.cl\/portal\/wp-content\/uploads\/2016\/02\/Incendio-La-Ermita.jpg?resize=400%2C264&amp;ssl=1 400w\" sizes=\"auto, (max-width: 300px) 100vw, 300px\" \/><\/a><\/p>\n<p>Bomberos durante la madrugada del s\u00e1bado, control\u00f3 un incendio forestal que se origin\u00f3 en el sector La Ermita, el que amenazaba con propagarse a diversos sectores.<\/p>\n"},"caption":{"rendered":"<p>Bomberos durante la madrugada del s\u00e1bado, control\u00f3 un incendio forestal que se origin\u00f3 en el sector La Ermita, el que amenazaba con propagarse a diversos sectores.<\/p>\n"},"alt_text":"Bomberos durante la madrugada del s\u00e1bado, control\u00f3 un incendio forestal que se origin\u00f3 en el sector La Ermita, el que amenazaba con propagarse a diversos sectores.","media_type":"image","mime_type":"image\/jpeg","media_details":{"width":530,"height":350,"file":"2016\/02\/Incendio-La-Ermita.jpg","sizes":{"thumbnail":{"file":"Incendio-La-Ermita-200x132.jpg","width":200,"height":132,"mime_type":"image\/jpeg","source_url":"https:\/\/i0.wp.com\/eltrabajo.cl\/portal\/wp-content\/uploads\/2016\/02\/Incendio-La-Ermita.jpg?fit=200%2C132&ssl=1"},"medium":{"file":"Incendio-La-Ermita-300x198.jpg","width":300,"height":198,"mime_type":"image\/jpeg","source_url":"https:\/\/i0.wp.com\/eltrabajo.cl\/portal\/wp-content\/uploads\/2016\/02\/Incendio-La-Ermita.jpg?fit=300%2C198&ssl=1"},"post-thumbnail":{"file":"Incendio-La-Ermita-227x150.jpg","width":227,"height":150,"mime_type":"image\/jpeg","source_url":"https:\/\/i0.wp.com\/eltrabajo.cl\/portal\/wp-content\/uploads\/2016\/02\/Incendio-La-Ermita.jpg?fit=227%2C150&ssl=1"},"single-post-thumbnail":{"file":"Incendio-La-Ermita-400x264.jpg","width":400,"height":264,"mime_type":"image\/jpeg","source_url":"https:\/\/eltrabajo.cl\/portal\/wp-content\/uploads\/2016\/02\/Incendio-La-Ermita-400x264.jpg"},"full":{"file":"Incendio-La-Ermita.jpg?fit=530%2C350&ssl=1","width":530,"height":350,"mime_type":"image\/jpeg","source_url":"https:\/\/i0.wp.com\/eltrabajo.cl\/portal\/wp-content\/uploads\/2016\/02\/Incendio-La-Ermita.jpg?fit=530%2C350&ssl=1"}},"image_meta":{"aperture":"0","credit":"","camera":"","caption":"","created_timestamp":"1455933204","copyright":"[wopmind]","focal_length":"0","iso":"0","shutter_speed":"0","title":"","orientation":"0","keywords":[]}},"post":67024,"source_url":"https:\/\/eltrabajo.cl\/portal\/wp-content\/uploads\/2016\/02\/Incendio-La-Ermita.jpg","_links":{"self":[{"href":"https:\/\/eltrabajo.cl\/portal\/wp-json\/wp\/v2\/media\/67025","targetHints":{"allow":["GET"]}}],"collection":[{"href":"https:\/\/eltrabajo.cl\/portal\/wp-json\/wp\/v2\/media"}],"about":[{"href":"https:\/\/eltrabajo.cl\/portal\/wp-json\/wp\/v2\/types\/attachment"}],"author":[{"embeddable":true,"href":"https:\/\/eltrabajo.cl\/portal\/wp-json\/wp\/v2\/users\/1"}],"replies":[{"embeddable":true,"href":"https:\/\/eltrabajo.cl\/portal\/wp-json\/wp\/v2\/comments?post=67025"}],"wp:attached-to":[{"embeddable":true,"post_type":"post","id":67024,"href":"https:\/\/eltrabajo.cl\/portal\/wp-json\/wp\/v2\/posts\/67024"}],"curies":[{"name":"wp","href":"https:\/\/api.w.org\/{rel}","templated":true}]}}

Bomberos durante la madrugada del sábado, controló un incendio forestal que se originó en el sector La Ermita, el que amenazaba con propagarse a diversos sectores.

<p class="attachment"><a href="https://i0.wp.com/eltrabajo.cl/portal/wp-content/uploads/2016/02/Incendio-La-Ermita.jpg?ssl=1"><img loading="lazy" decoding="async" width="300" height="198" src="https://i0.wp.com/eltrabajo.cl/portal/wp-content/uploads/2016/02/Incendio-La-Ermita.jpg?fit=300%2C198&amp;ssl=1" class="attachment-medium size-medium" alt="Bomberos durante la madrugada del sábado, controló un incendio forestal que se originó en el sector La Ermita, el que amenazaba con propagarse a diversos sectores." srcset="https://i0.wp.com/eltrabajo.cl/portal/wp-content/uploads/2016/02/Incendio-La-Ermita.jpg?w=530&amp;ssl=1 530w, https://i0.wp.com/eltrabajo.cl/portal/wp-content/uploads/2016/02/Incendio-La-Ermita.jpg?resize=200%2C132&amp;ssl=1 200w, https://i0.wp.com/eltrabajo.cl/portal/wp-content/uploads/2016/02/Incendio-La-Ermita.jpg?resize=300%2C198&amp;ssl=1 300w, https://i0.wp.com/eltrabajo.cl/portal/wp-content/uploads/2016/02/Incendio-La-Ermita.jpg?resize=227%2C150&amp;ssl=1 227w, https://i0.wp.com/eltrabajo.cl/portal/wp-content/uploads/2016/02/Incendio-La-Ermita.jpg?resize=400%2C264&amp;ssl=1 400w" sizes="auto, (max-width: 300px) 100vw, 300px" /></a></p>
<p>Bomberos durante la madrugada del sábado, controló un incendio forestal que se originó en el sector La Ermita, el que amenazaba con propagarse a diversos sectores.</p>

<p>Bomberos durante la madrugada del sábado, controló un incendio forestal que se originó en el sector La Ermita, el que amenazaba con propagarse a diversos sectores.</p>
