{"id":67029,"date":"2016-02-22T09:09:26","date_gmt":"2016-02-22T12:09:26","guid":{"rendered":"http:\/\/www.eltrabajo.cl\/portal\/wp-content\/uploads\/2016\/02\/DETENIDO-RECEPTACION.jpg"},"modified":"2016-02-22T09:09:45","modified_gmt":"2016-02-22T12:09:45","slug":"detenido-receptacion-2","status":"inherit","type":"attachment","link":"https:\/\/eltrabajo.cl\/portal\/detenido-por-vender-soldadora-robada-a-traves-de-anuncio-en-facebook\/detenido-receptacion-2\/","title":{"rendered":"El imputado de 26 a\u00f1os de edad fue sometido a control de detenci\u00f3n este s\u00e1bado en el Juzgado de Garant\u00eda, siendo requerido por la Fiscal\u00eda bajo los cargos de receptaci\u00f3n de especies."},"author":1,"featured_media":0,"comment_status":"open","ping_status":"closed","template":"","meta":{"advanced_seo_description":"","jetpack_seo_html_title":"","jetpack_seo_noindex":false},"class_list":["post-67029","attachment","type-attachment","status-inherit","hentry"],"jetpack_sharing_enabled":true,"jetpack_likes_enabled":true,"description":{"rendered":"<p class=\"attachment\"><a href=\"https:\/\/i0.wp.com\/eltrabajo.cl\/portal\/wp-content\/uploads\/2016\/02\/DETENIDO-RECEPTACION.jpg?ssl=1\"><img loading=\"lazy\" decoding=\"async\" width=\"300\" height=\"198\" src=\"https:\/\/i0.wp.com\/eltrabajo.cl\/portal\/wp-content\/uploads\/2016\/02\/DETENIDO-RECEPTACION.jpg?fit=300%2C198&amp;ssl=1\" class=\"attachment-medium size-medium\" alt=\"El imputado de 26 a\u00f1os de edad fue sometido a control de detenci\u00f3n este s\u00e1bado en el Juzgado de Garant\u00eda, siendo requerido por la Fiscal\u00eda bajo los cargos de receptaci\u00f3n de especies.\" srcset=\"https:\/\/i0.wp.com\/eltrabajo.cl\/portal\/wp-content\/uploads\/2016\/02\/DETENIDO-RECEPTACION.jpg?w=530&amp;ssl=1 530w, https:\/\/i0.wp.com\/eltrabajo.cl\/portal\/wp-content\/uploads\/2016\/02\/DETENIDO-RECEPTACION.jpg?resize=200%2C132&amp;ssl=1 200w, https:\/\/i0.wp.com\/eltrabajo.cl\/portal\/wp-content\/uploads\/2016\/02\/DETENIDO-RECEPTACION.jpg?resize=300%2C198&amp;ssl=1 300w, https:\/\/i0.wp.com\/eltrabajo.cl\/portal\/wp-content\/uploads\/2016\/02\/DETENIDO-RECEPTACION.jpg?resize=228%2C150&amp;ssl=1 228w, https:\/\/i0.wp.com\/eltrabajo.cl\/portal\/wp-content\/uploads\/2016\/02\/DETENIDO-RECEPTACION.jpg?resize=400%2C263&amp;ssl=1 400w\" sizes=\"auto, (max-width: 300px) 100vw, 300px\" \/><\/a><\/p>\n<p>El imputado de 26 a\u00f1os de edad fue sometido a control de detenci\u00f3n este s\u00e1bado en el Juzgado de Garant\u00eda, siendo requerido por la Fiscal\u00eda bajo los cargos de receptaci\u00f3n de especies.<\/p>\n"},"caption":{"rendered":"<p>El imputado de 26 a\u00f1os de edad fue sometido a control de detenci\u00f3n este s\u00e1bado en el Juzgado de Garant\u00eda, siendo requerido por la Fiscal\u00eda bajo los cargos de receptaci\u00f3n de especies.<\/p>\n"},"alt_text":"El imputado de 26 a\u00f1os de edad fue sometido a control de detenci\u00f3n este s\u00e1bado en el Juzgado de Garant\u00eda, siendo requerido por la Fiscal\u00eda bajo los cargos de receptaci\u00f3n de especies.","media_type":"image","mime_type":"image\/jpeg","media_details":{"width":530,"height":349,"file":"2016\/02\/DETENIDO-RECEPTACION.jpg","sizes":{"thumbnail":{"file":"DETENIDO-RECEPTACION-200x132.jpg","width":200,"height":132,"mime_type":"image\/jpeg","source_url":"https:\/\/i0.wp.com\/eltrabajo.cl\/portal\/wp-content\/uploads\/2016\/02\/DETENIDO-RECEPTACION.jpg?fit=200%2C132&ssl=1"},"medium":{"file":"DETENIDO-RECEPTACION-300x198.jpg","width":300,"height":198,"mime_type":"image\/jpeg","source_url":"https:\/\/i0.wp.com\/eltrabajo.cl\/portal\/wp-content\/uploads\/2016\/02\/DETENIDO-RECEPTACION.jpg?fit=300%2C198&ssl=1"},"post-thumbnail":{"file":"DETENIDO-RECEPTACION-228x150.jpg","width":228,"height":150,"mime_type":"image\/jpeg","source_url":"https:\/\/i0.wp.com\/eltrabajo.cl\/portal\/wp-content\/uploads\/2016\/02\/DETENIDO-RECEPTACION.jpg?fit=228%2C150&ssl=1"},"single-post-thumbnail":{"file":"DETENIDO-RECEPTACION-400x263.jpg","width":400,"height":263,"mime_type":"image\/jpeg","source_url":"https:\/\/eltrabajo.cl\/portal\/wp-content\/uploads\/2016\/02\/DETENIDO-RECEPTACION-400x263.jpg"},"full":{"file":"DETENIDO-RECEPTACION.jpg?fit=530%2C349&ssl=1","width":530,"height":349,"mime_type":"image\/jpeg","source_url":"https:\/\/i0.wp.com\/eltrabajo.cl\/portal\/wp-content\/uploads\/2016\/02\/DETENIDO-RECEPTACION.jpg?fit=530%2C349&ssl=1"}},"image_meta":{"aperture":"0","credit":"Picasa","camera":"","caption":"","created_timestamp":"0","copyright":"","focal_length":"0","iso":"0","shutter_speed":"0","title":"","orientation":"0","keywords":[]}},"post":67028,"source_url":"https:\/\/eltrabajo.cl\/portal\/wp-content\/uploads\/2016\/02\/DETENIDO-RECEPTACION.jpg","_links":{"self":[{"href":"https:\/\/eltrabajo.cl\/portal\/wp-json\/wp\/v2\/media\/67029","targetHints":{"allow":["GET"]}}],"collection":[{"href":"https:\/\/eltrabajo.cl\/portal\/wp-json\/wp\/v2\/media"}],"about":[{"href":"https:\/\/eltrabajo.cl\/portal\/wp-json\/wp\/v2\/types\/attachment"}],"author":[{"embeddable":true,"href":"https:\/\/eltrabajo.cl\/portal\/wp-json\/wp\/v2\/users\/1"}],"replies":[{"embeddable":true,"href":"https:\/\/eltrabajo.cl\/portal\/wp-json\/wp\/v2\/comments?post=67029"}],"wp:attached-to":[{"embeddable":true,"post_type":"post","id":67028,"href":"https:\/\/eltrabajo.cl\/portal\/wp-json\/wp\/v2\/posts\/67028"}],"curies":[{"name":"wp","href":"https:\/\/api.w.org\/{rel}","templated":true}]}}

El imputado de 26 años de edad fue sometido a control de detención este sábado en el Juzgado de Garantía, siendo requerido por la Fiscalía bajo los cargos de receptación de especies.

<p class="attachment"><a href="https://i0.wp.com/eltrabajo.cl/portal/wp-content/uploads/2016/02/DETENIDO-RECEPTACION.jpg?ssl=1"><img loading="lazy" decoding="async" width="300" height="198" src="https://i0.wp.com/eltrabajo.cl/portal/wp-content/uploads/2016/02/DETENIDO-RECEPTACION.jpg?fit=300%2C198&amp;ssl=1" class="attachment-medium size-medium" alt="El imputado de 26 años de edad fue sometido a control de detención este sábado en el Juzgado de Garantía, siendo requerido por la Fiscalía bajo los cargos de receptación de especies." srcset="https://i0.wp.com/eltrabajo.cl/portal/wp-content/uploads/2016/02/DETENIDO-RECEPTACION.jpg?w=530&amp;ssl=1 530w, https://i0.wp.com/eltrabajo.cl/portal/wp-content/uploads/2016/02/DETENIDO-RECEPTACION.jpg?resize=200%2C132&amp;ssl=1 200w, https://i0.wp.com/eltrabajo.cl/portal/wp-content/uploads/2016/02/DETENIDO-RECEPTACION.jpg?resize=300%2C198&amp;ssl=1 300w, https://i0.wp.com/eltrabajo.cl/portal/wp-content/uploads/2016/02/DETENIDO-RECEPTACION.jpg?resize=228%2C150&amp;ssl=1 228w, https://i0.wp.com/eltrabajo.cl/portal/wp-content/uploads/2016/02/DETENIDO-RECEPTACION.jpg?resize=400%2C263&amp;ssl=1 400w" sizes="auto, (max-width: 300px) 100vw, 300px" /></a></p>
<p>El imputado de 26 años de edad fue sometido a control de detención este sábado en el Juzgado de Garantía, siendo requerido por la Fiscalía bajo los cargos de receptación de especies.</p>

<p>El imputado de 26 años de edad fue sometido a control de detención este sábado en el Juzgado de Garantía, siendo requerido por la Fiscalía bajo los cargos de receptación de especies.</p>
