{"id":67036,"date":"2016-02-22T09:16:33","date_gmt":"2016-02-22T12:16:33","guid":{"rendered":"http:\/\/www.eltrabajo.cl\/portal\/wp-content\/uploads\/2016\/02\/Chilena2.jpg"},"modified":"2016-02-22T09:19:33","modified_gmt":"2016-02-22T12:19:33","slug":"chilena2","status":"inherit","type":"attachment","link":"https:\/\/eltrabajo.cl\/portal\/con-bombos-y-platillos-celebraron-los-75-anos-de-tienda-la-chilena\/chilena2\/","title":{"rendered":"UN GRAN MOMENTO.- Posan para Diario El Trabajo la due\u00f1a de Tienda La Chilena, do\u00f1a Nilda Elia Fern\u00e1ndez, Nilda Z\u00fa\u00f1iga y el alcalde Freire."},"author":1,"featured_media":0,"comment_status":"open","ping_status":"closed","template":"","meta":{"advanced_seo_description":"","jetpack_seo_html_title":"","jetpack_seo_noindex":false},"class_list":["post-67036","attachment","type-attachment","status-inherit","hentry"],"jetpack_sharing_enabled":true,"jetpack_likes_enabled":true,"description":{"rendered":"<p class=\"attachment\"><a href=\"https:\/\/i0.wp.com\/eltrabajo.cl\/portal\/wp-content\/uploads\/2016\/02\/Chilena2.jpg?ssl=1\"><img loading=\"lazy\" decoding=\"async\" width=\"300\" height=\"198\" src=\"https:\/\/i0.wp.com\/eltrabajo.cl\/portal\/wp-content\/uploads\/2016\/02\/Chilena2.jpg?fit=300%2C198&amp;ssl=1\" class=\"attachment-medium size-medium\" alt=\"UN GRAN MOMENTO.- Posan para Diario El Trabajo la due\u00f1a de Tienda La Chilena, do\u00f1a Nilda Elia Fern\u00e1ndez, Nilda Z\u00fa\u00f1iga y el alcalde Freire.\" srcset=\"https:\/\/i0.wp.com\/eltrabajo.cl\/portal\/wp-content\/uploads\/2016\/02\/Chilena2.jpg?w=530&amp;ssl=1 530w, https:\/\/i0.wp.com\/eltrabajo.cl\/portal\/wp-content\/uploads\/2016\/02\/Chilena2.jpg?resize=200%2C132&amp;ssl=1 200w, https:\/\/i0.wp.com\/eltrabajo.cl\/portal\/wp-content\/uploads\/2016\/02\/Chilena2.jpg?resize=300%2C198&amp;ssl=1 300w, https:\/\/i0.wp.com\/eltrabajo.cl\/portal\/wp-content\/uploads\/2016\/02\/Chilena2.jpg?resize=228%2C150&amp;ssl=1 228w, https:\/\/i0.wp.com\/eltrabajo.cl\/portal\/wp-content\/uploads\/2016\/02\/Chilena2.jpg?resize=400%2C263&amp;ssl=1 400w\" sizes=\"auto, (max-width: 300px) 100vw, 300px\" \/><\/a><\/p>\n<p>UN GRAN MOMENTO.- Posan para Diario El Trabajo la due\u00f1a de Tienda La Chilena, do\u00f1a Nilda Elia Fern\u00e1ndez, Nilda Z\u00fa\u00f1iga y el alcalde Freire.<\/p>\n"},"caption":{"rendered":"<p>UN GRAN MOMENTO.- Posan para Diario El Trabajo la due\u00f1a de Tienda La Chilena, do\u00f1a Nilda Elia Fern\u00e1ndez, Nilda Z\u00fa\u00f1iga y el alcalde Freire.<\/p>\n"},"alt_text":"UN GRAN MOMENTO.- Posan para Diario El Trabajo la due\u00f1a de Tienda La Chilena, do\u00f1a Nilda Elia Fern\u00e1ndez, Nilda Z\u00fa\u00f1iga y el alcalde Freire.","media_type":"image","mime_type":"image\/jpeg","media_details":{"width":530,"height":349,"file":"2016\/02\/Chilena2.jpg","sizes":{"thumbnail":{"file":"Chilena2-200x132.jpg","width":200,"height":132,"mime_type":"image\/jpeg","source_url":"https:\/\/i0.wp.com\/eltrabajo.cl\/portal\/wp-content\/uploads\/2016\/02\/Chilena2.jpg?fit=200%2C132&ssl=1"},"medium":{"file":"Chilena2-300x198.jpg","width":300,"height":198,"mime_type":"image\/jpeg","source_url":"https:\/\/i0.wp.com\/eltrabajo.cl\/portal\/wp-content\/uploads\/2016\/02\/Chilena2.jpg?fit=300%2C198&ssl=1"},"post-thumbnail":{"file":"Chilena2-228x150.jpg","width":228,"height":150,"mime_type":"image\/jpeg","source_url":"https:\/\/i0.wp.com\/eltrabajo.cl\/portal\/wp-content\/uploads\/2016\/02\/Chilena2.jpg?fit=228%2C150&ssl=1"},"single-post-thumbnail":{"file":"Chilena2-400x263.jpg","width":400,"height":263,"mime_type":"image\/jpeg","source_url":"https:\/\/eltrabajo.cl\/portal\/wp-content\/uploads\/2016\/02\/Chilena2-400x263.jpg"},"full":{"file":"Chilena2.jpg?fit=530%2C349&ssl=1","width":530,"height":349,"mime_type":"image\/jpeg","source_url":"https:\/\/i0.wp.com\/eltrabajo.cl\/portal\/wp-content\/uploads\/2016\/02\/Chilena2.jpg?fit=530%2C349&ssl=1"}},"image_meta":{"aperture":"0","credit":"","camera":"","caption":"","created_timestamp":"0","copyright":"","focal_length":"0","iso":"0","shutter_speed":"0","title":"","orientation":"0","keywords":[]}},"post":67032,"source_url":"https:\/\/eltrabajo.cl\/portal\/wp-content\/uploads\/2016\/02\/Chilena2.jpg","_links":{"self":[{"href":"https:\/\/eltrabajo.cl\/portal\/wp-json\/wp\/v2\/media\/67036","targetHints":{"allow":["GET"]}}],"collection":[{"href":"https:\/\/eltrabajo.cl\/portal\/wp-json\/wp\/v2\/media"}],"about":[{"href":"https:\/\/eltrabajo.cl\/portal\/wp-json\/wp\/v2\/types\/attachment"}],"author":[{"embeddable":true,"href":"https:\/\/eltrabajo.cl\/portal\/wp-json\/wp\/v2\/users\/1"}],"replies":[{"embeddable":true,"href":"https:\/\/eltrabajo.cl\/portal\/wp-json\/wp\/v2\/comments?post=67036"}],"wp:attached-to":[{"embeddable":true,"post_type":"post","id":67032,"href":"https:\/\/eltrabajo.cl\/portal\/wp-json\/wp\/v2\/posts\/67032"}],"curies":[{"name":"wp","href":"https:\/\/api.w.org\/{rel}","templated":true}]}}

UN GRAN MOMENTO.- Posan para Diario El Trabajo la dueña de Tienda La Chilena, doña Nilda Elia Fernández, Nilda Zúñiga y el alcalde Freire.

<p class="attachment"><a href="https://i0.wp.com/eltrabajo.cl/portal/wp-content/uploads/2016/02/Chilena2.jpg?ssl=1"><img loading="lazy" decoding="async" width="300" height="198" src="https://i0.wp.com/eltrabajo.cl/portal/wp-content/uploads/2016/02/Chilena2.jpg?fit=300%2C198&amp;ssl=1" class="attachment-medium size-medium" alt="UN GRAN MOMENTO.- Posan para Diario El Trabajo la dueña de Tienda La Chilena, doña Nilda Elia Fernández, Nilda Zúñiga y el alcalde Freire." srcset="https://i0.wp.com/eltrabajo.cl/portal/wp-content/uploads/2016/02/Chilena2.jpg?w=530&amp;ssl=1 530w, https://i0.wp.com/eltrabajo.cl/portal/wp-content/uploads/2016/02/Chilena2.jpg?resize=200%2C132&amp;ssl=1 200w, https://i0.wp.com/eltrabajo.cl/portal/wp-content/uploads/2016/02/Chilena2.jpg?resize=300%2C198&amp;ssl=1 300w, https://i0.wp.com/eltrabajo.cl/portal/wp-content/uploads/2016/02/Chilena2.jpg?resize=228%2C150&amp;ssl=1 228w, https://i0.wp.com/eltrabajo.cl/portal/wp-content/uploads/2016/02/Chilena2.jpg?resize=400%2C263&amp;ssl=1 400w" sizes="auto, (max-width: 300px) 100vw, 300px" /></a></p>
<p>UN GRAN MOMENTO.- Posan para Diario El Trabajo la dueña de Tienda La Chilena, doña Nilda Elia Fernández, Nilda Zúñiga y el alcalde Freire.</p>

<p>UN GRAN MOMENTO.- Posan para Diario El Trabajo la dueña de Tienda La Chilena, doña Nilda Elia Fernández, Nilda Zúñiga y el alcalde Freire.</p>
