{"id":67146,"date":"2016-02-25T08:41:05","date_gmt":"2016-02-25T11:41:05","guid":{"rendered":"http:\/\/www.eltrabajo.cl\/portal\/wp-content\/uploads\/2016\/02\/Folklore33.jpg"},"modified":"2016-02-25T08:41:30","modified_gmt":"2016-02-25T11:41:30","slug":"folklore33","status":"inherit","type":"attachment","link":"https:\/\/eltrabajo.cl\/portal\/mas-de-30-estudiantes-brasilenos-llegan-de-intercambio-a-nuestra-ciudad\/folklore33\/","title":{"rendered":"GENERACI\u00d3N 2015.- Esta es la generaci\u00f3n de estudiantes cariocas que en 2015 tambi\u00e9n nos visitaron."},"author":1,"featured_media":0,"comment_status":"open","ping_status":"closed","template":"","meta":{"advanced_seo_description":"","jetpack_seo_html_title":"","jetpack_seo_noindex":false},"class_list":["post-67146","attachment","type-attachment","status-inherit","hentry"],"jetpack_sharing_enabled":true,"jetpack_likes_enabled":true,"description":{"rendered":"<p class=\"attachment\"><a href=\"https:\/\/i0.wp.com\/eltrabajo.cl\/portal\/wp-content\/uploads\/2016\/02\/Folklore33.jpg?ssl=1\"><img loading=\"lazy\" decoding=\"async\" width=\"300\" height=\"198\" src=\"https:\/\/i0.wp.com\/eltrabajo.cl\/portal\/wp-content\/uploads\/2016\/02\/Folklore33.jpg?fit=300%2C198&amp;ssl=1\" class=\"attachment-medium size-medium\" alt=\"GENERACI\u00d3N 2015.- Esta es la generaci\u00f3n de estudiantes cariocas que en 2015 tambi\u00e9n nos visitaron.\" srcset=\"https:\/\/i0.wp.com\/eltrabajo.cl\/portal\/wp-content\/uploads\/2016\/02\/Folklore33.jpg?w=530&amp;ssl=1 530w, https:\/\/i0.wp.com\/eltrabajo.cl\/portal\/wp-content\/uploads\/2016\/02\/Folklore33.jpg?resize=200%2C132&amp;ssl=1 200w, https:\/\/i0.wp.com\/eltrabajo.cl\/portal\/wp-content\/uploads\/2016\/02\/Folklore33.jpg?resize=300%2C198&amp;ssl=1 300w, https:\/\/i0.wp.com\/eltrabajo.cl\/portal\/wp-content\/uploads\/2016\/02\/Folklore33.jpg?resize=227%2C150&amp;ssl=1 227w, https:\/\/i0.wp.com\/eltrabajo.cl\/portal\/wp-content\/uploads\/2016\/02\/Folklore33.jpg?resize=400%2C264&amp;ssl=1 400w\" sizes=\"auto, (max-width: 300px) 100vw, 300px\" \/><\/a><\/p>\n<p>GENERACI\u00d3N 2015.- Esta es la generaci\u00f3n de estudiantes cariocas que en 2015 tambi\u00e9n nos visitaron.<\/p>\n"},"caption":{"rendered":"<p>GENERACI\u00d3N 2015.- Esta es la generaci\u00f3n de estudiantes cariocas que en 2015 tambi\u00e9n nos visitaron.<\/p>\n"},"alt_text":"GENERACI\u00d3N 2015.- Esta es la generaci\u00f3n de estudiantes cariocas que en 2015 tambi\u00e9n nos visitaron.","media_type":"image","mime_type":"image\/jpeg","media_details":{"width":530,"height":350,"file":"2016\/02\/Folklore33.jpg","sizes":{"thumbnail":{"file":"Folklore33-200x132.jpg","width":200,"height":132,"mime_type":"image\/jpeg","source_url":"https:\/\/i0.wp.com\/eltrabajo.cl\/portal\/wp-content\/uploads\/2016\/02\/Folklore33.jpg?fit=200%2C132&ssl=1"},"medium":{"file":"Folklore33-300x198.jpg","width":300,"height":198,"mime_type":"image\/jpeg","source_url":"https:\/\/i0.wp.com\/eltrabajo.cl\/portal\/wp-content\/uploads\/2016\/02\/Folklore33.jpg?fit=300%2C198&ssl=1"},"post-thumbnail":{"file":"Folklore33-227x150.jpg","width":227,"height":150,"mime_type":"image\/jpeg","source_url":"https:\/\/i0.wp.com\/eltrabajo.cl\/portal\/wp-content\/uploads\/2016\/02\/Folklore33.jpg?fit=227%2C150&ssl=1"},"single-post-thumbnail":{"file":"Folklore33-400x264.jpg","width":400,"height":264,"mime_type":"image\/jpeg","source_url":"https:\/\/eltrabajo.cl\/portal\/wp-content\/uploads\/2016\/02\/Folklore33-400x264.jpg"},"full":{"file":"Folklore33.jpg?fit=530%2C350&ssl=1","width":530,"height":350,"mime_type":"image\/jpeg","source_url":"https:\/\/i0.wp.com\/eltrabajo.cl\/portal\/wp-content\/uploads\/2016\/02\/Folklore33.jpg?fit=530%2C350&ssl=1"}},"image_meta":{"aperture":"0","credit":"","camera":"","caption":"","created_timestamp":"0","copyright":"","focal_length":"0","iso":"0","shutter_speed":"0","title":"","orientation":"0","keywords":[]}},"post":67145,"source_url":"https:\/\/eltrabajo.cl\/portal\/wp-content\/uploads\/2016\/02\/Folklore33.jpg","_links":{"self":[{"href":"https:\/\/eltrabajo.cl\/portal\/wp-json\/wp\/v2\/media\/67146","targetHints":{"allow":["GET"]}}],"collection":[{"href":"https:\/\/eltrabajo.cl\/portal\/wp-json\/wp\/v2\/media"}],"about":[{"href":"https:\/\/eltrabajo.cl\/portal\/wp-json\/wp\/v2\/types\/attachment"}],"author":[{"embeddable":true,"href":"https:\/\/eltrabajo.cl\/portal\/wp-json\/wp\/v2\/users\/1"}],"replies":[{"embeddable":true,"href":"https:\/\/eltrabajo.cl\/portal\/wp-json\/wp\/v2\/comments?post=67146"}],"wp:attached-to":[{"embeddable":true,"post_type":"post","id":67145,"href":"https:\/\/eltrabajo.cl\/portal\/wp-json\/wp\/v2\/posts\/67145"}],"curies":[{"name":"wp","href":"https:\/\/api.w.org\/{rel}","templated":true}]}}

GENERACIÓN 2015.- Esta es la generación de estudiantes cariocas que en 2015 también nos visitaron.

<p class="attachment"><a href="https://i0.wp.com/eltrabajo.cl/portal/wp-content/uploads/2016/02/Folklore33.jpg?ssl=1"><img loading="lazy" decoding="async" width="300" height="198" src="https://i0.wp.com/eltrabajo.cl/portal/wp-content/uploads/2016/02/Folklore33.jpg?fit=300%2C198&amp;ssl=1" class="attachment-medium size-medium" alt="GENERACIÓN 2015.- Esta es la generación de estudiantes cariocas que en 2015 también nos visitaron." srcset="https://i0.wp.com/eltrabajo.cl/portal/wp-content/uploads/2016/02/Folklore33.jpg?w=530&amp;ssl=1 530w, https://i0.wp.com/eltrabajo.cl/portal/wp-content/uploads/2016/02/Folklore33.jpg?resize=200%2C132&amp;ssl=1 200w, https://i0.wp.com/eltrabajo.cl/portal/wp-content/uploads/2016/02/Folklore33.jpg?resize=300%2C198&amp;ssl=1 300w, https://i0.wp.com/eltrabajo.cl/portal/wp-content/uploads/2016/02/Folklore33.jpg?resize=227%2C150&amp;ssl=1 227w, https://i0.wp.com/eltrabajo.cl/portal/wp-content/uploads/2016/02/Folklore33.jpg?resize=400%2C264&amp;ssl=1 400w" sizes="auto, (max-width: 300px) 100vw, 300px" /></a></p>
<p>GENERACIÓN 2015.- Esta es la generación de estudiantes cariocas que en 2015 también nos visitaron.</p>

<p>GENERACIÓN 2015.- Esta es la generación de estudiantes cariocas que en 2015 también nos visitaron.</p>
