{"id":67179,"date":"2016-02-25T09:43:39","date_gmt":"2016-02-25T12:43:39","guid":{"rendered":"http:\/\/www.eltrabajo.cl\/portal\/wp-content\/uploads\/2016\/02\/JAVIER-MU\u00d1OZ-DELGADO.jpg"},"modified":"2016-02-25T09:43:49","modified_gmt":"2016-02-25T12:43:49","slug":"javier-munoz-4","status":"inherit","type":"attachment","link":"https:\/\/eltrabajo.cl\/portal\/ni-el-cancer-salvo-a-homicida-de-javier-munoz-de-continuar-en-la-carcel\/javier-munoz-4\/","title":{"rendered":"Javier Mu\u00f1oz Delgado falleci\u00f3 v\u00edctima de un horroroso accidente automovil\u00edstico el pasado 29 de agosto del 2015."},"author":1,"featured_media":0,"comment_status":"open","ping_status":"closed","template":"","meta":{"advanced_seo_description":"","jetpack_seo_html_title":"","jetpack_seo_noindex":false},"class_list":["post-67179","attachment","type-attachment","status-inherit","hentry"],"jetpack_sharing_enabled":true,"jetpack_likes_enabled":true,"description":{"rendered":"<p class=\"attachment\"><a href=\"https:\/\/i0.wp.com\/eltrabajo.cl\/portal\/wp-content\/uploads\/2016\/02\/JAVIER-MU%C3%91OZ-DELGADO.jpg?ssl=1\"><img loading=\"lazy\" decoding=\"async\" width=\"300\" height=\"198\" src=\"https:\/\/i0.wp.com\/eltrabajo.cl\/portal\/wp-content\/uploads\/2016\/02\/JAVIER-MU%C3%91OZ-DELGADO.jpg?fit=300%2C198&amp;ssl=1\" class=\"attachment-medium size-medium\" alt=\"Javier Mu\u00f1oz Delgado falleci\u00f3 v\u00edctima de un horroroso accidente automovil\u00edstico el pasado 29 de agosto del 2015.\" \/><\/a><\/p>\n<p>Javier Mu\u00f1oz Delgado falleci\u00f3 v\u00edctima de un horroroso accidente automovil\u00edstico el pasado 29 de agosto del 2015.<\/p>\n"},"caption":{"rendered":"<p>Javier Mu\u00f1oz Delgado falleci\u00f3 v\u00edctima de un horroroso accidente automovil\u00edstico el pasado 29 de agosto del 2015.<\/p>\n"},"alt_text":"Javier Mu\u00f1oz Delgado falleci\u00f3 v\u00edctima de un horroroso accidente automovil\u00edstico el pasado 29 de agosto del 2015.","media_type":"image","mime_type":"image\/jpeg","media_details":{"width":530,"height":349,"file":"2016\/02\/JAVIER-MU\u00d1OZ-DELGADO.jpg","sizes":{"thumbnail":{"file":"JAVIER-MU\u00d1OZ-DELGADO-200x132.jpg","width":200,"height":132,"mime_type":"image\/jpeg","source_url":"https:\/\/i0.wp.com\/eltrabajo.cl\/portal\/wp-content\/uploads\/2016\/02\/JAVIER-MU%C3%91OZ-DELGADO.jpg?fit=200%2C132&ssl=1"},"medium":{"file":"JAVIER-MU\u00d1OZ-DELGADO-300x198.jpg","width":300,"height":198,"mime_type":"image\/jpeg","source_url":"https:\/\/i0.wp.com\/eltrabajo.cl\/portal\/wp-content\/uploads\/2016\/02\/JAVIER-MU%C3%91OZ-DELGADO.jpg?fit=300%2C198&ssl=1"},"post-thumbnail":{"file":"JAVIER-MU\u00d1OZ-DELGADO-228x150.jpg","width":228,"height":150,"mime_type":"image\/jpeg","source_url":"https:\/\/i0.wp.com\/eltrabajo.cl\/portal\/wp-content\/uploads\/2016\/02\/JAVIER-MU%C3%91OZ-DELGADO.jpg?fit=228%2C150&ssl=1"},"single-post-thumbnail":{"file":"JAVIER-MU\u00d1OZ-DELGADO-400x263.jpg","width":400,"height":263,"mime_type":"image\/jpeg","source_url":"https:\/\/eltrabajo.cl\/portal\/wp-content\/uploads\/2016\/02\/JAVIER-MU\u00d1OZ-DELGADO-400x263.jpg"},"full":{"file":"JAVIER-MU%C3%91OZ-DELGADO.jpg?fit=530%2C349&ssl=1","width":530,"height":349,"mime_type":"image\/jpeg","source_url":"https:\/\/i0.wp.com\/eltrabajo.cl\/portal\/wp-content\/uploads\/2016\/02\/JAVIER-MU%C3%91OZ-DELGADO.jpg?fit=530%2C349&ssl=1"}},"image_meta":{"aperture":"0","credit":"PATRICIO LEPIN O.","camera":"","caption":"","created_timestamp":"0","copyright":"PATRICIO LEPIN OSSES","focal_length":"0","iso":"0","shutter_speed":"0","title":"JAVIER MU\u00d1OZ","orientation":"0","keywords":[]}},"post":67177,"source_url":"https:\/\/eltrabajo.cl\/portal\/wp-content\/uploads\/2016\/02\/JAVIER-MU\u00d1OZ-DELGADO.jpg","_links":{"self":[{"href":"https:\/\/eltrabajo.cl\/portal\/wp-json\/wp\/v2\/media\/67179","targetHints":{"allow":["GET"]}}],"collection":[{"href":"https:\/\/eltrabajo.cl\/portal\/wp-json\/wp\/v2\/media"}],"about":[{"href":"https:\/\/eltrabajo.cl\/portal\/wp-json\/wp\/v2\/types\/attachment"}],"author":[{"embeddable":true,"href":"https:\/\/eltrabajo.cl\/portal\/wp-json\/wp\/v2\/users\/1"}],"replies":[{"embeddable":true,"href":"https:\/\/eltrabajo.cl\/portal\/wp-json\/wp\/v2\/comments?post=67179"}],"wp:attached-to":[{"embeddable":true,"post_type":"post","id":67177,"href":"https:\/\/eltrabajo.cl\/portal\/wp-json\/wp\/v2\/posts\/67177"}],"curies":[{"name":"wp","href":"https:\/\/api.w.org\/{rel}","templated":true}]}}

http://www.eltrabajo.cl/portal/wp-content/uploads/2016/02/JAVIER-MUÑOZ-DELGADO.jpg

Javier Muñoz Delgado falleció víctima de un horroroso accidente automovilístico el pasado 29 de agosto del 2015.

<p class="attachment"><a href="https://i0.wp.com/eltrabajo.cl/portal/wp-content/uploads/2016/02/JAVIER-MU%C3%91OZ-DELGADO.jpg?ssl=1"><img loading="lazy" decoding="async" width="300" height="198" src="https://i0.wp.com/eltrabajo.cl/portal/wp-content/uploads/2016/02/JAVIER-MU%C3%91OZ-DELGADO.jpg?fit=300%2C198&amp;ssl=1" class="attachment-medium size-medium" alt="Javier Muñoz Delgado falleció víctima de un horroroso accidente automovilístico el pasado 29 de agosto del 2015." /></a></p>
<p>Javier Muñoz Delgado falleció víctima de un horroroso accidente automovilístico el pasado 29 de agosto del 2015.</p>

<p>Javier Muñoz Delgado falleció víctima de un horroroso accidente automovilístico el pasado 29 de agosto del 2015.</p>

2016/02/JAVIER-MUÑOZ-DELGADO.jpg

JAVIER-MUÑOZ-DELGADO-200x132.jpg

JAVIER-MUÑOZ-DELGADO-300x198.jpg

JAVIER-MUÑOZ-DELGADO-228x150.jpg

JAVIER-MUÑOZ-DELGADO-400x263.jpg

https://eltrabajo.cl/portal/wp-content/uploads/2016/02/JAVIER-MUÑOZ-DELGADO-400x263.jpg

JAVIER MUÑOZ

https://eltrabajo.cl/portal/wp-content/uploads/2016/02/JAVIER-MUÑOZ-DELGADO.jpg
