{"id":67231,"date":"2016-02-26T09:23:15","date_gmt":"2016-02-26T12:23:15","guid":{"rendered":"http:\/\/www.eltrabajo.cl\/portal\/wp-content\/uploads\/2016\/02\/FOTO-5-ALGUNOS-JOVENES-LLEGARON-HASTA-EL-EXTERIOR-DEL-EDIFICIO-CORPORATIVO-DE-CODELCO-PARA-PROTESTAR-CONTRA-EL-DANO-AMBIENTAL-QUE-CAUSA-LA-INTERVENCION-DE-LA-CUPRIFERA.jpg"},"modified":"2016-02-26T09:23:30","modified_gmt":"2016-02-26T12:23:30","slug":"foto-5-algunos-jovenes-llegaron-hasta-el-exterior-del-edificio-corporativo-de-codelco-para-protestar-contra-el-dano-ambiental-que-causa-la-intervencion-de-la-cuprifera","status":"inherit","type":"attachment","link":"https:\/\/eltrabajo.cl\/portal\/multas-de-hasta-mil-utm-podria-recibir-codelco-por-derrame-de-concentrado\/foto-5-algunos-jovenes-llegaron-hasta-el-exterior-del-edificio-corporativo-de-codelco-para-protestar-contra-el-dano-ambiental-que-causa-la-intervencion-de-la-cuprifera\/","title":{"rendered":"Algunos j\u00f3venes llegaron hasta el exterior del edificio corporativo de Codelco para protestar contra el da\u00f1o ambiental que causa la intervenci\u00f3n de la cupr\u00edfera."},"author":1,"featured_media":0,"comment_status":"open","ping_status":"closed","template":"","meta":{"advanced_seo_description":"","jetpack_seo_html_title":"","jetpack_seo_noindex":false},"class_list":["post-67231","attachment","type-attachment","status-inherit","hentry"],"jetpack_sharing_enabled":true,"jetpack_likes_enabled":true,"description":{"rendered":"<p class=\"attachment\"><a href=\"https:\/\/i0.wp.com\/eltrabajo.cl\/portal\/wp-content\/uploads\/2016\/02\/FOTO-5-ALGUNOS-JOVENES-LLEGARON-HASTA-EL-EXTERIOR-DEL-EDIFICIO-CORPORATIVO-DE-CODELCO-PARA-PROTESTAR-CONTRA-EL-DANO-AMBIENTAL-QUE-CAUSA-LA-INTERVENCION-DE-LA-CUPRIFERA.jpg?ssl=1\"><img loading=\"lazy\" decoding=\"async\" width=\"300\" height=\"198\" src=\"https:\/\/i0.wp.com\/eltrabajo.cl\/portal\/wp-content\/uploads\/2016\/02\/FOTO-5-ALGUNOS-JOVENES-LLEGARON-HASTA-EL-EXTERIOR-DEL-EDIFICIO-CORPORATIVO-DE-CODELCO-PARA-PROTESTAR-CONTRA-EL-DANO-AMBIENTAL-QUE-CAUSA-LA-INTERVENCION-DE-LA-CUPRIFERA.jpg?fit=300%2C198&amp;ssl=1\" class=\"attachment-medium size-medium\" alt=\"Algunos j\u00f3venes llegaron hasta el exterior del edificio corporativo de Codelco para protestar contra el da\u00f1o ambiental que causa la intervenci\u00f3n de la cupr\u00edfera.\" srcset=\"https:\/\/i0.wp.com\/eltrabajo.cl\/portal\/wp-content\/uploads\/2016\/02\/FOTO-5-ALGUNOS-JOVENES-LLEGARON-HASTA-EL-EXTERIOR-DEL-EDIFICIO-CORPORATIVO-DE-CODELCO-PARA-PROTESTAR-CONTRA-EL-DANO-AMBIENTAL-QUE-CAUSA-LA-INTERVENCION-DE-LA-CUPRIFERA.jpg?w=530&amp;ssl=1 530w, https:\/\/i0.wp.com\/eltrabajo.cl\/portal\/wp-content\/uploads\/2016\/02\/FOTO-5-ALGUNOS-JOVENES-LLEGARON-HASTA-EL-EXTERIOR-DEL-EDIFICIO-CORPORATIVO-DE-CODELCO-PARA-PROTESTAR-CONTRA-EL-DANO-AMBIENTAL-QUE-CAUSA-LA-INTERVENCION-DE-LA-CUPRIFERA.jpg?resize=200%2C132&amp;ssl=1 200w, https:\/\/i0.wp.com\/eltrabajo.cl\/portal\/wp-content\/uploads\/2016\/02\/FOTO-5-ALGUNOS-JOVENES-LLEGARON-HASTA-EL-EXTERIOR-DEL-EDIFICIO-CORPORATIVO-DE-CODELCO-PARA-PROTESTAR-CONTRA-EL-DANO-AMBIENTAL-QUE-CAUSA-LA-INTERVENCION-DE-LA-CUPRIFERA.jpg?resize=300%2C198&amp;ssl=1 300w, https:\/\/i0.wp.com\/eltrabajo.cl\/portal\/wp-content\/uploads\/2016\/02\/FOTO-5-ALGUNOS-JOVENES-LLEGARON-HASTA-EL-EXTERIOR-DEL-EDIFICIO-CORPORATIVO-DE-CODELCO-PARA-PROTESTAR-CONTRA-EL-DANO-AMBIENTAL-QUE-CAUSA-LA-INTERVENCION-DE-LA-CUPRIFERA.jpg?resize=228%2C150&amp;ssl=1 228w, https:\/\/i0.wp.com\/eltrabajo.cl\/portal\/wp-content\/uploads\/2016\/02\/FOTO-5-ALGUNOS-JOVENES-LLEGARON-HASTA-EL-EXTERIOR-DEL-EDIFICIO-CORPORATIVO-DE-CODELCO-PARA-PROTESTAR-CONTRA-EL-DANO-AMBIENTAL-QUE-CAUSA-LA-INTERVENCION-DE-LA-CUPRIFERA.jpg?resize=400%2C263&amp;ssl=1 400w\" sizes=\"auto, (max-width: 300px) 100vw, 300px\" \/><\/a><\/p>\n<p>Algunos j\u00f3venes llegaron hasta el exterior del edificio corporativo de Codelco para protestar contra el da\u00f1o ambiental que causa la intervenci\u00f3n de la cupr\u00edfera.<\/p>\n"},"caption":{"rendered":"<p>Algunos j\u00f3venes llegaron hasta el exterior del edificio corporativo de Codelco para protestar contra el da\u00f1o ambiental que causa la intervenci\u00f3n de la cupr\u00edfera.<\/p>\n"},"alt_text":"Algunos j\u00f3venes llegaron hasta el exterior del edificio corporativo de Codelco para protestar contra el da\u00f1o ambiental que causa la intervenci\u00f3n de la cupr\u00edfera.","media_type":"image","mime_type":"image\/jpeg","media_details":{"width":530,"height":349,"file":"2016\/02\/FOTO-5-ALGUNOS-JOVENES-LLEGARON-HASTA-EL-EXTERIOR-DEL-EDIFICIO-CORPORATIVO-DE-CODELCO-PARA-PROTESTAR-CONTRA-EL-DANO-AMBIENTAL-QUE-CAUSA-LA-INTERVENCION-DE-LA-CUPRIFERA.jpg","sizes":{"thumbnail":{"file":"FOTO-5-ALGUNOS-JOVENES-LLEGARON-HASTA-EL-EXTERIOR-DEL-EDIFICIO-CORPORATIVO-DE-CODELCO-PARA-PROTESTAR-CONTRA-EL-DANO-AMBIENTAL-QUE-CAUSA-LA-INTERVENCION-DE-LA-CUPRIFERA-200x132.jpg","width":200,"height":132,"mime_type":"image\/jpeg","source_url":"https:\/\/i0.wp.com\/eltrabajo.cl\/portal\/wp-content\/uploads\/2016\/02\/FOTO-5-ALGUNOS-JOVENES-LLEGARON-HASTA-EL-EXTERIOR-DEL-EDIFICIO-CORPORATIVO-DE-CODELCO-PARA-PROTESTAR-CONTRA-EL-DANO-AMBIENTAL-QUE-CAUSA-LA-INTERVENCION-DE-LA-CUPRIFERA.jpg?fit=200%2C132&ssl=1"},"medium":{"file":"FOTO-5-ALGUNOS-JOVENES-LLEGARON-HASTA-EL-EXTERIOR-DEL-EDIFICIO-CORPORATIVO-DE-CODELCO-PARA-PROTESTAR-CONTRA-EL-DANO-AMBIENTAL-QUE-CAUSA-LA-INTERVENCION-DE-LA-CUPRIFERA-300x198.jpg","width":300,"height":198,"mime_type":"image\/jpeg","source_url":"https:\/\/i0.wp.com\/eltrabajo.cl\/portal\/wp-content\/uploads\/2016\/02\/FOTO-5-ALGUNOS-JOVENES-LLEGARON-HASTA-EL-EXTERIOR-DEL-EDIFICIO-CORPORATIVO-DE-CODELCO-PARA-PROTESTAR-CONTRA-EL-DANO-AMBIENTAL-QUE-CAUSA-LA-INTERVENCION-DE-LA-CUPRIFERA.jpg?fit=300%2C198&ssl=1"},"post-thumbnail":{"file":"FOTO-5-ALGUNOS-JOVENES-LLEGARON-HASTA-EL-EXTERIOR-DEL-EDIFICIO-CORPORATIVO-DE-CODELCO-PARA-PROTESTAR-CONTRA-EL-DANO-AMBIENTAL-QUE-CAUSA-LA-INTERVENCION-DE-LA-CUPRIFERA-228x150.jpg","width":228,"height":150,"mime_type":"image\/jpeg","source_url":"https:\/\/i0.wp.com\/eltrabajo.cl\/portal\/wp-content\/uploads\/2016\/02\/FOTO-5-ALGUNOS-JOVENES-LLEGARON-HASTA-EL-EXTERIOR-DEL-EDIFICIO-CORPORATIVO-DE-CODELCO-PARA-PROTESTAR-CONTRA-EL-DANO-AMBIENTAL-QUE-CAUSA-LA-INTERVENCION-DE-LA-CUPRIFERA.jpg?fit=228%2C150&ssl=1"},"single-post-thumbnail":{"file":"FOTO-5-ALGUNOS-JOVENES-LLEGARON-HASTA-EL-EXTERIOR-DEL-EDIFICIO-CORPORATIVO-DE-CODELCO-PARA-PROTESTAR-CONTRA-EL-DANO-AMBIENTAL-QUE-CAUSA-LA-INTERVENCION-DE-LA-CUPRIFERA-400x263.jpg","width":400,"height":263,"mime_type":"image\/jpeg","source_url":"https:\/\/eltrabajo.cl\/portal\/wp-content\/uploads\/2016\/02\/FOTO-5-ALGUNOS-JOVENES-LLEGARON-HASTA-EL-EXTERIOR-DEL-EDIFICIO-CORPORATIVO-DE-CODELCO-PARA-PROTESTAR-CONTRA-EL-DANO-AMBIENTAL-QUE-CAUSA-LA-INTERVENCION-DE-LA-CUPRIFERA-400x263.jpg"},"full":{"file":"FOTO-5-ALGUNOS-JOVENES-LLEGARON-HASTA-EL-EXTERIOR-DEL-EDIFICIO-CORPORATIVO-DE-CODELCO-PARA-PROTESTAR-CONTRA-EL-DANO-AMBIENTAL-QUE-CAUSA-LA-INTERVENCION-DE-LA-CUPRIFERA.jpg?fit=530%2C349&ssl=1","width":530,"height":349,"mime_type":"image\/jpeg","source_url":"https:\/\/i0.wp.com\/eltrabajo.cl\/portal\/wp-content\/uploads\/2016\/02\/FOTO-5-ALGUNOS-JOVENES-LLEGARON-HASTA-EL-EXTERIOR-DEL-EDIFICIO-CORPORATIVO-DE-CODELCO-PARA-PROTESTAR-CONTRA-EL-DANO-AMBIENTAL-QUE-CAUSA-LA-INTERVENCION-DE-LA-CUPRIFERA.jpg?fit=530%2C349&ssl=1"}},"image_meta":{"aperture":"0","credit":"","camera":"","caption":"","created_timestamp":"0","copyright":"","focal_length":"0","iso":"0","shutter_speed":"0","title":"","orientation":"0","keywords":[]}},"post":67226,"source_url":"https:\/\/eltrabajo.cl\/portal\/wp-content\/uploads\/2016\/02\/FOTO-5-ALGUNOS-JOVENES-LLEGARON-HASTA-EL-EXTERIOR-DEL-EDIFICIO-CORPORATIVO-DE-CODELCO-PARA-PROTESTAR-CONTRA-EL-DANO-AMBIENTAL-QUE-CAUSA-LA-INTERVENCION-DE-LA-CUPRIFERA.jpg","_links":{"self":[{"href":"https:\/\/eltrabajo.cl\/portal\/wp-json\/wp\/v2\/media\/67231","targetHints":{"allow":["GET"]}}],"collection":[{"href":"https:\/\/eltrabajo.cl\/portal\/wp-json\/wp\/v2\/media"}],"about":[{"href":"https:\/\/eltrabajo.cl\/portal\/wp-json\/wp\/v2\/types\/attachment"}],"author":[{"embeddable":true,"href":"https:\/\/eltrabajo.cl\/portal\/wp-json\/wp\/v2\/users\/1"}],"replies":[{"embeddable":true,"href":"https:\/\/eltrabajo.cl\/portal\/wp-json\/wp\/v2\/comments?post=67231"}],"wp:attached-to":[{"embeddable":true,"post_type":"post","id":67226,"href":"https:\/\/eltrabajo.cl\/portal\/wp-json\/wp\/v2\/posts\/67226"}],"curies":[{"name":"wp","href":"https:\/\/api.w.org\/{rel}","templated":true}]}}

Algunos jóvenes llegaron hasta el exterior del edificio corporativo de Codelco para protestar contra el daño ambiental que causa la intervención de la cuprífera.

<p class="attachment"><a href="https://i0.wp.com/eltrabajo.cl/portal/wp-content/uploads/2016/02/FOTO-5-ALGUNOS-JOVENES-LLEGARON-HASTA-EL-EXTERIOR-DEL-EDIFICIO-CORPORATIVO-DE-CODELCO-PARA-PROTESTAR-CONTRA-EL-DANO-AMBIENTAL-QUE-CAUSA-LA-INTERVENCION-DE-LA-CUPRIFERA.jpg?ssl=1"><img loading="lazy" decoding="async" width="300" height="198" src="https://i0.wp.com/eltrabajo.cl/portal/wp-content/uploads/2016/02/FOTO-5-ALGUNOS-JOVENES-LLEGARON-HASTA-EL-EXTERIOR-DEL-EDIFICIO-CORPORATIVO-DE-CODELCO-PARA-PROTESTAR-CONTRA-EL-DANO-AMBIENTAL-QUE-CAUSA-LA-INTERVENCION-DE-LA-CUPRIFERA.jpg?fit=300%2C198&amp;ssl=1" class="attachment-medium size-medium" alt="Algunos jóvenes llegaron hasta el exterior del edificio corporativo de Codelco para protestar contra el daño ambiental que causa la intervención de la cuprífera." srcset="https://i0.wp.com/eltrabajo.cl/portal/wp-content/uploads/2016/02/FOTO-5-ALGUNOS-JOVENES-LLEGARON-HASTA-EL-EXTERIOR-DEL-EDIFICIO-CORPORATIVO-DE-CODELCO-PARA-PROTESTAR-CONTRA-EL-DANO-AMBIENTAL-QUE-CAUSA-LA-INTERVENCION-DE-LA-CUPRIFERA.jpg?w=530&amp;ssl=1 530w, https://i0.wp.com/eltrabajo.cl/portal/wp-content/uploads/2016/02/FOTO-5-ALGUNOS-JOVENES-LLEGARON-HASTA-EL-EXTERIOR-DEL-EDIFICIO-CORPORATIVO-DE-CODELCO-PARA-PROTESTAR-CONTRA-EL-DANO-AMBIENTAL-QUE-CAUSA-LA-INTERVENCION-DE-LA-CUPRIFERA.jpg?resize=200%2C132&amp;ssl=1 200w, https://i0.wp.com/eltrabajo.cl/portal/wp-content/uploads/2016/02/FOTO-5-ALGUNOS-JOVENES-LLEGARON-HASTA-EL-EXTERIOR-DEL-EDIFICIO-CORPORATIVO-DE-CODELCO-PARA-PROTESTAR-CONTRA-EL-DANO-AMBIENTAL-QUE-CAUSA-LA-INTERVENCION-DE-LA-CUPRIFERA.jpg?resize=300%2C198&amp;ssl=1 300w, https://i0.wp.com/eltrabajo.cl/portal/wp-content/uploads/2016/02/FOTO-5-ALGUNOS-JOVENES-LLEGARON-HASTA-EL-EXTERIOR-DEL-EDIFICIO-CORPORATIVO-DE-CODELCO-PARA-PROTESTAR-CONTRA-EL-DANO-AMBIENTAL-QUE-CAUSA-LA-INTERVENCION-DE-LA-CUPRIFERA.jpg?resize=228%2C150&amp;ssl=1 228w, https://i0.wp.com/eltrabajo.cl/portal/wp-content/uploads/2016/02/FOTO-5-ALGUNOS-JOVENES-LLEGARON-HASTA-EL-EXTERIOR-DEL-EDIFICIO-CORPORATIVO-DE-CODELCO-PARA-PROTESTAR-CONTRA-EL-DANO-AMBIENTAL-QUE-CAUSA-LA-INTERVENCION-DE-LA-CUPRIFERA.jpg?resize=400%2C263&amp;ssl=1 400w" sizes="auto, (max-width: 300px) 100vw, 300px" /></a></p>
<p>Algunos jóvenes llegaron hasta el exterior del edificio corporativo de Codelco para protestar contra el daño ambiental que causa la intervención de la cuprífera.</p>

<p>Algunos jóvenes llegaron hasta el exterior del edificio corporativo de Codelco para protestar contra el daño ambiental que causa la intervención de la cuprífera.</p>
