{"id":67403,"date":"2016-03-03T10:18:39","date_gmt":"2016-03-03T13:18:39","guid":{"rendered":"http:\/\/www.eltrabajo.cl\/portal\/wp-content\/uploads\/2016\/03\/FOTO-4-GRAN-CANTIDAD-DE-FURGONES-CON-SUS-RESPECTIVOS-PROPIETARIOS-Y-CONDUCTORES-ACUDIERON-AL-LLAMADO-DE-CARABINEROS-PARA-HACER-UNA-ULTIMA-REVISION-PREVIO-AL-INICIO-DEL-ANO-ESCOLAR.jpg"},"modified":"2016-03-03T10:18:52","modified_gmt":"2016-03-03T13:18:52","slug":"foto-4-gran-cantidad-de-furgones-con-sus-respectivos-propietarios-y-conductores-acudieron-al-llamado-de-carabineros-para-hacer-una-ultima-revision-previo-al-inicio-del-ano-escolar","status":"inherit","type":"attachment","link":"https:\/\/eltrabajo.cl\/portal\/alrededor-de-50-furgones-escolares-asistieron-a-fiscalizacion-preventiva\/foto-4-gran-cantidad-de-furgones-con-sus-respectivos-propietarios-y-conductores-acudieron-al-llamado-de-carabineros-para-hacer-una-ultima-revision-previo-al-inicio-del-ano-escolar\/","title":{"rendered":"Gran cantidad de furgones con sus respectivos propietarios y conductores, acudieron al llamado de Carabineros para hacer una \u00faltima revisi\u00f3n previo al inicio del a\u00f1o escolar."},"author":1,"featured_media":0,"comment_status":"open","ping_status":"closed","template":"","meta":{"advanced_seo_description":"","jetpack_seo_html_title":"","jetpack_seo_noindex":false},"class_list":["post-67403","attachment","type-attachment","status-inherit","hentry"],"jetpack_sharing_enabled":true,"jetpack_likes_enabled":true,"description":{"rendered":"<p class=\"attachment\"><a href=\"https:\/\/i0.wp.com\/eltrabajo.cl\/portal\/wp-content\/uploads\/2016\/03\/FOTO-4-GRAN-CANTIDAD-DE-FURGONES-CON-SUS-RESPECTIVOS-PROPIETARIOS-Y-CONDUCTORES-ACUDIERON-AL-LLAMADO-DE-CARABINEROS-PARA-HACER-UNA-ULTIMA-REVISION-PREVIO-AL-INICIO-DEL-ANO-ESCOLAR.jpg?ssl=1\"><img loading=\"lazy\" decoding=\"async\" width=\"300\" height=\"198\" src=\"https:\/\/i0.wp.com\/eltrabajo.cl\/portal\/wp-content\/uploads\/2016\/03\/FOTO-4-GRAN-CANTIDAD-DE-FURGONES-CON-SUS-RESPECTIVOS-PROPIETARIOS-Y-CONDUCTORES-ACUDIERON-AL-LLAMADO-DE-CARABINEROS-PARA-HACER-UNA-ULTIMA-REVISION-PREVIO-AL-INICIO-DEL-ANO-ESCOLAR.jpg?fit=300%2C198&amp;ssl=1\" class=\"attachment-medium size-medium\" alt=\"Gran cantidad de furgones con sus respectivos propietarios y conductores, acudieron al llamado de Carabineros para hacer una \u00faltima revisi\u00f3n previo al inicio del a\u00f1o escolar.\" srcset=\"https:\/\/i0.wp.com\/eltrabajo.cl\/portal\/wp-content\/uploads\/2016\/03\/FOTO-4-GRAN-CANTIDAD-DE-FURGONES-CON-SUS-RESPECTIVOS-PROPIETARIOS-Y-CONDUCTORES-ACUDIERON-AL-LLAMADO-DE-CARABINEROS-PARA-HACER-UNA-ULTIMA-REVISION-PREVIO-AL-INICIO-DEL-ANO-ESCOLAR.jpg?w=530&amp;ssl=1 530w, https:\/\/i0.wp.com\/eltrabajo.cl\/portal\/wp-content\/uploads\/2016\/03\/FOTO-4-GRAN-CANTIDAD-DE-FURGONES-CON-SUS-RESPECTIVOS-PROPIETARIOS-Y-CONDUCTORES-ACUDIERON-AL-LLAMADO-DE-CARABINEROS-PARA-HACER-UNA-ULTIMA-REVISION-PREVIO-AL-INICIO-DEL-ANO-ESCOLAR.jpg?resize=200%2C132&amp;ssl=1 200w, https:\/\/i0.wp.com\/eltrabajo.cl\/portal\/wp-content\/uploads\/2016\/03\/FOTO-4-GRAN-CANTIDAD-DE-FURGONES-CON-SUS-RESPECTIVOS-PROPIETARIOS-Y-CONDUCTORES-ACUDIERON-AL-LLAMADO-DE-CARABINEROS-PARA-HACER-UNA-ULTIMA-REVISION-PREVIO-AL-INICIO-DEL-ANO-ESCOLAR.jpg?resize=300%2C198&amp;ssl=1 300w, https:\/\/i0.wp.com\/eltrabajo.cl\/portal\/wp-content\/uploads\/2016\/03\/FOTO-4-GRAN-CANTIDAD-DE-FURGONES-CON-SUS-RESPECTIVOS-PROPIETARIOS-Y-CONDUCTORES-ACUDIERON-AL-LLAMADO-DE-CARABINEROS-PARA-HACER-UNA-ULTIMA-REVISION-PREVIO-AL-INICIO-DEL-ANO-ESCOLAR.jpg?resize=227%2C150&amp;ssl=1 227w, https:\/\/i0.wp.com\/eltrabajo.cl\/portal\/wp-content\/uploads\/2016\/03\/FOTO-4-GRAN-CANTIDAD-DE-FURGONES-CON-SUS-RESPECTIVOS-PROPIETARIOS-Y-CONDUCTORES-ACUDIERON-AL-LLAMADO-DE-CARABINEROS-PARA-HACER-UNA-ULTIMA-REVISION-PREVIO-AL-INICIO-DEL-ANO-ESCOLAR.jpg?resize=400%2C264&amp;ssl=1 400w\" sizes=\"auto, (max-width: 300px) 100vw, 300px\" \/><\/a><\/p>\n<p>Gran cantidad de furgones con sus respectivos propietarios y conductores, acudieron al llamado de Carabineros para hacer una \u00faltima revisi\u00f3n previo al inicio del a\u00f1o escolar.<\/p>\n"},"caption":{"rendered":"<p>Gran cantidad de furgones con sus respectivos propietarios y conductores, acudieron al llamado de Carabineros para hacer una \u00faltima revisi\u00f3n previo al inicio del a\u00f1o escolar.<\/p>\n"},"alt_text":"Gran cantidad de furgones con sus respectivos propietarios y conductores, acudieron al llamado de Carabineros para hacer una \u00faltima revisi\u00f3n previo al inicio del a\u00f1o escolar.","media_type":"image","mime_type":"image\/jpeg","media_details":{"width":530,"height":350,"file":"2016\/03\/FOTO-4-GRAN-CANTIDAD-DE-FURGONES-CON-SUS-RESPECTIVOS-PROPIETARIOS-Y-CONDUCTORES-ACUDIERON-AL-LLAMADO-DE-CARABINEROS-PARA-HACER-UNA-ULTIMA-REVISION-PREVIO-AL-INICIO-DEL-ANO-ESCOLAR.jpg","sizes":{"thumbnail":{"file":"FOTO-4-GRAN-CANTIDAD-DE-FURGONES-CON-SUS-RESPECTIVOS-PROPIETARIOS-Y-CONDUCTORES-ACUDIERON-AL-LLAMADO-DE-CARABINEROS-PARA-HACER-UNA-ULTIMA-REVISION-PREVIO-AL-INICIO-DEL-ANO-ESCOLAR-200x132.jpg","width":200,"height":132,"mime_type":"image\/jpeg","source_url":"https:\/\/i0.wp.com\/eltrabajo.cl\/portal\/wp-content\/uploads\/2016\/03\/FOTO-4-GRAN-CANTIDAD-DE-FURGONES-CON-SUS-RESPECTIVOS-PROPIETARIOS-Y-CONDUCTORES-ACUDIERON-AL-LLAMADO-DE-CARABINEROS-PARA-HACER-UNA-ULTIMA-REVISION-PREVIO-AL-INICIO-DEL-ANO-ESCOLAR.jpg?fit=200%2C132&ssl=1"},"medium":{"file":"FOTO-4-GRAN-CANTIDAD-DE-FURGONES-CON-SUS-RESPECTIVOS-PROPIETARIOS-Y-CONDUCTORES-ACUDIERON-AL-LLAMADO-DE-CARABINEROS-PARA-HACER-UNA-ULTIMA-REVISION-PREVIO-AL-INICIO-DEL-ANO-ESCOLAR-300x198.jpg","width":300,"height":198,"mime_type":"image\/jpeg","source_url":"https:\/\/i0.wp.com\/eltrabajo.cl\/portal\/wp-content\/uploads\/2016\/03\/FOTO-4-GRAN-CANTIDAD-DE-FURGONES-CON-SUS-RESPECTIVOS-PROPIETARIOS-Y-CONDUCTORES-ACUDIERON-AL-LLAMADO-DE-CARABINEROS-PARA-HACER-UNA-ULTIMA-REVISION-PREVIO-AL-INICIO-DEL-ANO-ESCOLAR.jpg?fit=300%2C198&ssl=1"},"post-thumbnail":{"file":"FOTO-4-GRAN-CANTIDAD-DE-FURGONES-CON-SUS-RESPECTIVOS-PROPIETARIOS-Y-CONDUCTORES-ACUDIERON-AL-LLAMADO-DE-CARABINEROS-PARA-HACER-UNA-ULTIMA-REVISION-PREVIO-AL-INICIO-DEL-ANO-ESCOLAR-227x150.jpg","width":227,"height":150,"mime_type":"image\/jpeg","source_url":"https:\/\/i0.wp.com\/eltrabajo.cl\/portal\/wp-content\/uploads\/2016\/03\/FOTO-4-GRAN-CANTIDAD-DE-FURGONES-CON-SUS-RESPECTIVOS-PROPIETARIOS-Y-CONDUCTORES-ACUDIERON-AL-LLAMADO-DE-CARABINEROS-PARA-HACER-UNA-ULTIMA-REVISION-PREVIO-AL-INICIO-DEL-ANO-ESCOLAR.jpg?fit=227%2C150&ssl=1"},"single-post-thumbnail":{"file":"FOTO-4-GRAN-CANTIDAD-DE-FURGONES-CON-SUS-RESPECTIVOS-PROPIETARIOS-Y-CONDUCTORES-ACUDIERON-AL-LLAMADO-DE-CARABINEROS-PARA-HACER-UNA-ULTIMA-REVISION-PREVIO-AL-INICIO-DEL-ANO-ESCOLAR-400x264.jpg","width":400,"height":264,"mime_type":"image\/jpeg","source_url":"https:\/\/eltrabajo.cl\/portal\/wp-content\/uploads\/2016\/03\/FOTO-4-GRAN-CANTIDAD-DE-FURGONES-CON-SUS-RESPECTIVOS-PROPIETARIOS-Y-CONDUCTORES-ACUDIERON-AL-LLAMADO-DE-CARABINEROS-PARA-HACER-UNA-ULTIMA-REVISION-PREVIO-AL-INICIO-DEL-ANO-ESCOLAR-400x264.jpg"},"wptouch-new-thumbnail":{"file":"FOTO-4-GRAN-CANTIDAD-DE-FURGONES-CON-SUS-RESPECTIVOS-PROPIETARIOS-Y-CONDUCTORES-ACUDIERON-AL-LLAMADO-DE-CARABINEROS-PARA-HACER-UNA-ULTIMA-REVISION-PREVIO-AL-INICIO-DEL-ANO-ESCOLAR-144x144.jpg","width":144,"height":144,"mime_type":"image\/jpeg","source_url":"https:\/\/eltrabajo.cl\/portal\/wp-content\/uploads\/2016\/03\/FOTO-4-GRAN-CANTIDAD-DE-FURGONES-CON-SUS-RESPECTIVOS-PROPIETARIOS-Y-CONDUCTORES-ACUDIERON-AL-LLAMADO-DE-CARABINEROS-PARA-HACER-UNA-ULTIMA-REVISION-PREVIO-AL-INICIO-DEL-ANO-ESCOLAR-144x144.jpg"},"full":{"file":"FOTO-4-GRAN-CANTIDAD-DE-FURGONES-CON-SUS-RESPECTIVOS-PROPIETARIOS-Y-CONDUCTORES-ACUDIERON-AL-LLAMADO-DE-CARABINEROS-PARA-HACER-UNA-ULTIMA-REVISION-PREVIO-AL-INICIO-DEL-ANO-ESCOLAR.jpg?fit=530%2C350&ssl=1","width":530,"height":350,"mime_type":"image\/jpeg","source_url":"https:\/\/i0.wp.com\/eltrabajo.cl\/portal\/wp-content\/uploads\/2016\/03\/FOTO-4-GRAN-CANTIDAD-DE-FURGONES-CON-SUS-RESPECTIVOS-PROPIETARIOS-Y-CONDUCTORES-ACUDIERON-AL-LLAMADO-DE-CARABINEROS-PARA-HACER-UNA-ULTIMA-REVISION-PREVIO-AL-INICIO-DEL-ANO-ESCOLAR.jpg?fit=530%2C350&ssl=1"}},"image_meta":{"aperture":"0","credit":"","camera":"","caption":"","created_timestamp":"0","copyright":"Copyright 2012","focal_length":"0","iso":"0","shutter_speed":"0","title":"","orientation":"0","keywords":[]}},"post":67402,"source_url":"https:\/\/eltrabajo.cl\/portal\/wp-content\/uploads\/2016\/03\/FOTO-4-GRAN-CANTIDAD-DE-FURGONES-CON-SUS-RESPECTIVOS-PROPIETARIOS-Y-CONDUCTORES-ACUDIERON-AL-LLAMADO-DE-CARABINEROS-PARA-HACER-UNA-ULTIMA-REVISION-PREVIO-AL-INICIO-DEL-ANO-ESCOLAR.jpg","_links":{"self":[{"href":"https:\/\/eltrabajo.cl\/portal\/wp-json\/wp\/v2\/media\/67403","targetHints":{"allow":["GET"]}}],"collection":[{"href":"https:\/\/eltrabajo.cl\/portal\/wp-json\/wp\/v2\/media"}],"about":[{"href":"https:\/\/eltrabajo.cl\/portal\/wp-json\/wp\/v2\/types\/attachment"}],"author":[{"embeddable":true,"href":"https:\/\/eltrabajo.cl\/portal\/wp-json\/wp\/v2\/users\/1"}],"replies":[{"embeddable":true,"href":"https:\/\/eltrabajo.cl\/portal\/wp-json\/wp\/v2\/comments?post=67403"}],"wp:attached-to":[{"embeddable":true,"post_type":"post","id":67402,"href":"https:\/\/eltrabajo.cl\/portal\/wp-json\/wp\/v2\/posts\/67402"}],"curies":[{"name":"wp","href":"https:\/\/api.w.org\/{rel}","templated":true}]}}

Gran cantidad de furgones con sus respectivos propietarios y conductores, acudieron al llamado de Carabineros para hacer una última revisión previo al inicio del año escolar.

<p class="attachment"><a href="https://i0.wp.com/eltrabajo.cl/portal/wp-content/uploads/2016/03/FOTO-4-GRAN-CANTIDAD-DE-FURGONES-CON-SUS-RESPECTIVOS-PROPIETARIOS-Y-CONDUCTORES-ACUDIERON-AL-LLAMADO-DE-CARABINEROS-PARA-HACER-UNA-ULTIMA-REVISION-PREVIO-AL-INICIO-DEL-ANO-ESCOLAR.jpg?ssl=1"><img loading="lazy" decoding="async" width="300" height="198" src="https://i0.wp.com/eltrabajo.cl/portal/wp-content/uploads/2016/03/FOTO-4-GRAN-CANTIDAD-DE-FURGONES-CON-SUS-RESPECTIVOS-PROPIETARIOS-Y-CONDUCTORES-ACUDIERON-AL-LLAMADO-DE-CARABINEROS-PARA-HACER-UNA-ULTIMA-REVISION-PREVIO-AL-INICIO-DEL-ANO-ESCOLAR.jpg?fit=300%2C198&amp;ssl=1" class="attachment-medium size-medium" alt="Gran cantidad de furgones con sus respectivos propietarios y conductores, acudieron al llamado de Carabineros para hacer una última revisión previo al inicio del año escolar." srcset="https://i0.wp.com/eltrabajo.cl/portal/wp-content/uploads/2016/03/FOTO-4-GRAN-CANTIDAD-DE-FURGONES-CON-SUS-RESPECTIVOS-PROPIETARIOS-Y-CONDUCTORES-ACUDIERON-AL-LLAMADO-DE-CARABINEROS-PARA-HACER-UNA-ULTIMA-REVISION-PREVIO-AL-INICIO-DEL-ANO-ESCOLAR.jpg?w=530&amp;ssl=1 530w, https://i0.wp.com/eltrabajo.cl/portal/wp-content/uploads/2016/03/FOTO-4-GRAN-CANTIDAD-DE-FURGONES-CON-SUS-RESPECTIVOS-PROPIETARIOS-Y-CONDUCTORES-ACUDIERON-AL-LLAMADO-DE-CARABINEROS-PARA-HACER-UNA-ULTIMA-REVISION-PREVIO-AL-INICIO-DEL-ANO-ESCOLAR.jpg?resize=200%2C132&amp;ssl=1 200w, https://i0.wp.com/eltrabajo.cl/portal/wp-content/uploads/2016/03/FOTO-4-GRAN-CANTIDAD-DE-FURGONES-CON-SUS-RESPECTIVOS-PROPIETARIOS-Y-CONDUCTORES-ACUDIERON-AL-LLAMADO-DE-CARABINEROS-PARA-HACER-UNA-ULTIMA-REVISION-PREVIO-AL-INICIO-DEL-ANO-ESCOLAR.jpg?resize=300%2C198&amp;ssl=1 300w, https://i0.wp.com/eltrabajo.cl/portal/wp-content/uploads/2016/03/FOTO-4-GRAN-CANTIDAD-DE-FURGONES-CON-SUS-RESPECTIVOS-PROPIETARIOS-Y-CONDUCTORES-ACUDIERON-AL-LLAMADO-DE-CARABINEROS-PARA-HACER-UNA-ULTIMA-REVISION-PREVIO-AL-INICIO-DEL-ANO-ESCOLAR.jpg?resize=227%2C150&amp;ssl=1 227w, https://i0.wp.com/eltrabajo.cl/portal/wp-content/uploads/2016/03/FOTO-4-GRAN-CANTIDAD-DE-FURGONES-CON-SUS-RESPECTIVOS-PROPIETARIOS-Y-CONDUCTORES-ACUDIERON-AL-LLAMADO-DE-CARABINEROS-PARA-HACER-UNA-ULTIMA-REVISION-PREVIO-AL-INICIO-DEL-ANO-ESCOLAR.jpg?resize=400%2C264&amp;ssl=1 400w" sizes="auto, (max-width: 300px) 100vw, 300px" /></a></p>
<p>Gran cantidad de furgones con sus respectivos propietarios y conductores, acudieron al llamado de Carabineros para hacer una última revisión previo al inicio del año escolar.</p>

<p>Gran cantidad de furgones con sus respectivos propietarios y conductores, acudieron al llamado de Carabineros para hacer una última revisión previo al inicio del año escolar.</p>
