{"id":67410,"date":"2016-03-03T10:23:06","date_gmt":"2016-03-03T13:23:06","guid":{"rendered":"http:\/\/www.eltrabajo.cl\/portal\/wp-content\/uploads\/2016\/03\/Asiento1.jpg"},"modified":"2016-03-03T10:24:53","modified_gmt":"2016-03-03T13:24:53","slug":"asiento1-11","status":"inherit","type":"attachment","link":"https:\/\/eltrabajo.cl\/portal\/mas-de-6-500-alumnos-se-reintegraron-hoy-a-clases-en-san-felipe\/asiento1-11\/","title":{"rendered":"HOY ES EL D\u00cdA.- Tambi\u00e9n en la Escuela Jos\u00e9 Bernardo Su\u00e1rez de El Asiento, las ganas de los profesores por recibir a sus estudiantes se refleja en esta foto."},"author":1,"featured_media":0,"comment_status":"open","ping_status":"closed","template":"","meta":{"advanced_seo_description":"","jetpack_seo_html_title":"","jetpack_seo_noindex":false},"class_list":["post-67410","attachment","type-attachment","status-inherit","hentry"],"jetpack_sharing_enabled":true,"jetpack_likes_enabled":true,"description":{"rendered":"<p class=\"attachment\"><a href=\"https:\/\/i0.wp.com\/eltrabajo.cl\/portal\/wp-content\/uploads\/2016\/03\/Asiento1.jpg?ssl=1\"><img loading=\"lazy\" decoding=\"async\" width=\"300\" height=\"198\" src=\"https:\/\/i0.wp.com\/eltrabajo.cl\/portal\/wp-content\/uploads\/2016\/03\/Asiento1.jpg?fit=300%2C198&amp;ssl=1\" class=\"attachment-medium size-medium\" alt=\"HOY ES EL D\u00cdA.- Tambi\u00e9n en la Escuela Jos\u00e9 Bernardo Su\u00e1rez de El Asiento, las ganas de los profesores por recibir a sus estudiantes se refleja en esta foto.\" srcset=\"https:\/\/i0.wp.com\/eltrabajo.cl\/portal\/wp-content\/uploads\/2016\/03\/Asiento1.jpg?w=530&amp;ssl=1 530w, https:\/\/i0.wp.com\/eltrabajo.cl\/portal\/wp-content\/uploads\/2016\/03\/Asiento1.jpg?resize=200%2C132&amp;ssl=1 200w, https:\/\/i0.wp.com\/eltrabajo.cl\/portal\/wp-content\/uploads\/2016\/03\/Asiento1.jpg?resize=300%2C198&amp;ssl=1 300w, https:\/\/i0.wp.com\/eltrabajo.cl\/portal\/wp-content\/uploads\/2016\/03\/Asiento1.jpg?resize=228%2C150&amp;ssl=1 228w, https:\/\/i0.wp.com\/eltrabajo.cl\/portal\/wp-content\/uploads\/2016\/03\/Asiento1.jpg?resize=400%2C263&amp;ssl=1 400w\" sizes=\"auto, (max-width: 300px) 100vw, 300px\" \/><\/a><\/p>\n<p>HOY ES EL D\u00cdA.- Tambi\u00e9n en la Escuela Jos\u00e9 Bernardo Su\u00e1rez de El Asiento, las ganas de los profesores por recibir a sus estudiantes se refleja en esta foto.<\/p>\n"},"caption":{"rendered":"<p>HOY ES EL D\u00cdA.- Tambi\u00e9n en la Escuela Jos\u00e9 Bernardo Su\u00e1rez de El Asiento, las ganas de los profesores por recibir a sus estudiantes se refleja en esta foto.<\/p>\n"},"alt_text":"HOY ES EL D\u00cdA.- Tambi\u00e9n en la Escuela Jos\u00e9 Bernardo Su\u00e1rez de El Asiento, las ganas de los profesores por recibir a sus estudiantes se refleja en esta foto.","media_type":"image","mime_type":"image\/jpeg","media_details":{"width":530,"height":349,"file":"2016\/03\/Asiento1.jpg","sizes":{"thumbnail":{"file":"Asiento1-200x132.jpg","width":200,"height":132,"mime_type":"image\/jpeg","source_url":"https:\/\/i0.wp.com\/eltrabajo.cl\/portal\/wp-content\/uploads\/2016\/03\/Asiento1.jpg?fit=200%2C132&ssl=1"},"medium":{"file":"Asiento1-300x198.jpg","width":300,"height":198,"mime_type":"image\/jpeg","source_url":"https:\/\/i0.wp.com\/eltrabajo.cl\/portal\/wp-content\/uploads\/2016\/03\/Asiento1.jpg?fit=300%2C198&ssl=1"},"post-thumbnail":{"file":"Asiento1-228x150.jpg","width":228,"height":150,"mime_type":"image\/jpeg","source_url":"https:\/\/i0.wp.com\/eltrabajo.cl\/portal\/wp-content\/uploads\/2016\/03\/Asiento1.jpg?fit=228%2C150&ssl=1"},"single-post-thumbnail":{"file":"Asiento1-400x263.jpg","width":400,"height":263,"mime_type":"image\/jpeg","source_url":"https:\/\/eltrabajo.cl\/portal\/wp-content\/uploads\/2016\/03\/Asiento1-400x263.jpg"},"wptouch-new-thumbnail":{"file":"Asiento1-144x144.jpg","width":144,"height":144,"mime_type":"image\/jpeg","source_url":"https:\/\/eltrabajo.cl\/portal\/wp-content\/uploads\/2016\/03\/Asiento1-144x144.jpg"},"full":{"file":"Asiento1.jpg?fit=530%2C349&ssl=1","width":530,"height":349,"mime_type":"image\/jpeg","source_url":"https:\/\/i0.wp.com\/eltrabajo.cl\/portal\/wp-content\/uploads\/2016\/03\/Asiento1.jpg?fit=530%2C349&ssl=1"}},"image_meta":{"aperture":"0","credit":"","camera":"","caption":"","created_timestamp":"0","copyright":"","focal_length":"0","iso":"0","shutter_speed":"0","title":"","orientation":"0","keywords":[]}},"post":67406,"source_url":"https:\/\/eltrabajo.cl\/portal\/wp-content\/uploads\/2016\/03\/Asiento1.jpg","_links":{"self":[{"href":"https:\/\/eltrabajo.cl\/portal\/wp-json\/wp\/v2\/media\/67410","targetHints":{"allow":["GET"]}}],"collection":[{"href":"https:\/\/eltrabajo.cl\/portal\/wp-json\/wp\/v2\/media"}],"about":[{"href":"https:\/\/eltrabajo.cl\/portal\/wp-json\/wp\/v2\/types\/attachment"}],"author":[{"embeddable":true,"href":"https:\/\/eltrabajo.cl\/portal\/wp-json\/wp\/v2\/users\/1"}],"replies":[{"embeddable":true,"href":"https:\/\/eltrabajo.cl\/portal\/wp-json\/wp\/v2\/comments?post=67410"}],"wp:attached-to":[{"embeddable":true,"post_type":"post","id":67406,"href":"https:\/\/eltrabajo.cl\/portal\/wp-json\/wp\/v2\/posts\/67406"}],"curies":[{"name":"wp","href":"https:\/\/api.w.org\/{rel}","templated":true}]}}

HOY ES EL DÍA.- También en la Escuela José Bernardo Suárez de El Asiento, las ganas de los profesores por recibir a sus estudiantes se refleja en esta foto.

<p class="attachment"><a href="https://i0.wp.com/eltrabajo.cl/portal/wp-content/uploads/2016/03/Asiento1.jpg?ssl=1"><img loading="lazy" decoding="async" width="300" height="198" src="https://i0.wp.com/eltrabajo.cl/portal/wp-content/uploads/2016/03/Asiento1.jpg?fit=300%2C198&amp;ssl=1" class="attachment-medium size-medium" alt="HOY ES EL DÍA.- También en la Escuela José Bernardo Suárez de El Asiento, las ganas de los profesores por recibir a sus estudiantes se refleja en esta foto." srcset="https://i0.wp.com/eltrabajo.cl/portal/wp-content/uploads/2016/03/Asiento1.jpg?w=530&amp;ssl=1 530w, https://i0.wp.com/eltrabajo.cl/portal/wp-content/uploads/2016/03/Asiento1.jpg?resize=200%2C132&amp;ssl=1 200w, https://i0.wp.com/eltrabajo.cl/portal/wp-content/uploads/2016/03/Asiento1.jpg?resize=300%2C198&amp;ssl=1 300w, https://i0.wp.com/eltrabajo.cl/portal/wp-content/uploads/2016/03/Asiento1.jpg?resize=228%2C150&amp;ssl=1 228w, https://i0.wp.com/eltrabajo.cl/portal/wp-content/uploads/2016/03/Asiento1.jpg?resize=400%2C263&amp;ssl=1 400w" sizes="auto, (max-width: 300px) 100vw, 300px" /></a></p>
<p>HOY ES EL DÍA.- También en la Escuela José Bernardo Suárez de El Asiento, las ganas de los profesores por recibir a sus estudiantes se refleja en esta foto.</p>

<p>HOY ES EL DÍA.- También en la Escuela José Bernardo Suárez de El Asiento, las ganas de los profesores por recibir a sus estudiantes se refleja en esta foto.</p>
