{"id":67421,"date":"2016-03-03T10:33:15","date_gmt":"2016-03-03T13:33:15","guid":{"rendered":"http:\/\/www.eltrabajo.cl\/portal\/wp-content\/uploads\/2016\/03\/anciano-atropellado-@elaconcagua-1.jpg"},"modified":"2016-03-03T10:33:48","modified_gmt":"2016-03-03T13:33:48","slug":"anciano-atropellado-elaconcagua-2","status":"inherit","type":"attachment","link":"https:\/\/eltrabajo.cl\/portal\/eximen-de-responsabilidad-a-chofer-que-atropello-a-anciano-en-traslavina\/anciano-atropellado-elaconcagua-2\/","title":{"rendered":"El adulto mayor de 78 a\u00f1os de edad falleci\u00f3 de manera instant\u00e1nea en calle Traslavi\u00f1a a eso de las 21 horas del pasado martes."},"author":1,"featured_media":0,"comment_status":"open","ping_status":"closed","template":"","meta":{"advanced_seo_description":"","jetpack_seo_html_title":"","jetpack_seo_noindex":false},"class_list":["post-67421","attachment","type-attachment","status-inherit","hentry"],"jetpack_sharing_enabled":true,"jetpack_likes_enabled":true,"description":{"rendered":"<p class=\"attachment\"><a href=\"https:\/\/i0.wp.com\/eltrabajo.cl\/portal\/wp-content\/uploads\/2016\/03\/anciano-atropellado-%40elaconcagua-1.jpg?ssl=1\"><img loading=\"lazy\" decoding=\"async\" width=\"300\" height=\"198\" src=\"https:\/\/i0.wp.com\/eltrabajo.cl\/portal\/wp-content\/uploads\/2016\/03\/anciano-atropellado-%40elaconcagua-1.jpg?fit=300%2C198&amp;ssl=1\" class=\"attachment-medium size-medium\" alt=\"El adulto mayor de 78 a\u00f1os de edad falleci\u00f3 de manera instant\u00e1nea en calle Traslavi\u00f1a a eso de las 21 horas del pasado martes.\" \/><\/a><\/p>\n<p>El adulto mayor de 78 a\u00f1os de edad falleci\u00f3 de manera instant\u00e1nea en calle Traslavi\u00f1a a eso de las 21 horas del pasado martes.<\/p>\n"},"caption":{"rendered":"<p>El adulto mayor de 78 a\u00f1os de edad falleci\u00f3 de manera instant\u00e1nea en calle Traslavi\u00f1a a eso de las 21 horas del pasado martes.<\/p>\n"},"alt_text":"El adulto mayor de 78 a\u00f1os de edad falleci\u00f3 de manera instant\u00e1nea en calle Traslavi\u00f1a a eso de las 21 horas del pasado martes.","media_type":"image","mime_type":"image\/jpeg","media_details":{"width":530,"height":350,"file":"2016\/03\/anciano-atropellado-@elaconcagua-1.jpg","sizes":{"thumbnail":{"file":"anciano-atropellado-@elaconcagua-1-200x132.jpg","width":200,"height":132,"mime_type":"image\/jpeg","source_url":"https:\/\/i0.wp.com\/eltrabajo.cl\/portal\/wp-content\/uploads\/2016\/03\/anciano-atropellado-%40elaconcagua-1.jpg?fit=200%2C132&ssl=1"},"medium":{"file":"anciano-atropellado-@elaconcagua-1-300x198.jpg","width":300,"height":198,"mime_type":"image\/jpeg","source_url":"https:\/\/i0.wp.com\/eltrabajo.cl\/portal\/wp-content\/uploads\/2016\/03\/anciano-atropellado-%40elaconcagua-1.jpg?fit=300%2C198&ssl=1"},"post-thumbnail":{"file":"anciano-atropellado-@elaconcagua-1-227x150.jpg","width":227,"height":150,"mime_type":"image\/jpeg","source_url":"https:\/\/i0.wp.com\/eltrabajo.cl\/portal\/wp-content\/uploads\/2016\/03\/anciano-atropellado-%40elaconcagua-1.jpg?fit=227%2C150&ssl=1"},"single-post-thumbnail":{"file":"anciano-atropellado-@elaconcagua-1-400x264.jpg","width":400,"height":264,"mime_type":"image\/jpeg","source_url":"https:\/\/eltrabajo.cl\/portal\/wp-content\/uploads\/2016\/03\/anciano-atropellado-@elaconcagua-1-400x264.jpg"},"wptouch-new-thumbnail":{"file":"anciano-atropellado-@elaconcagua-1-144x144.jpg","width":144,"height":144,"mime_type":"image\/jpeg","source_url":"https:\/\/eltrabajo.cl\/portal\/wp-content\/uploads\/2016\/03\/anciano-atropellado-@elaconcagua-1-144x144.jpg"},"full":{"file":"anciano-atropellado-%40elaconcagua-1.jpg?fit=530%2C350&ssl=1","width":530,"height":350,"mime_type":"image\/jpeg","source_url":"https:\/\/i0.wp.com\/eltrabajo.cl\/portal\/wp-content\/uploads\/2016\/03\/anciano-atropellado-%40elaconcagua-1.jpg?fit=530%2C350&ssl=1"}},"image_meta":{"aperture":"0","credit":"","camera":"","caption":"","created_timestamp":"0","copyright":"","focal_length":"0","iso":"0","shutter_speed":"0","title":"","orientation":"0","keywords":[]}},"post":67418,"source_url":"https:\/\/eltrabajo.cl\/portal\/wp-content\/uploads\/2016\/03\/anciano-atropellado-@elaconcagua-1.jpg","_links":{"self":[{"href":"https:\/\/eltrabajo.cl\/portal\/wp-json\/wp\/v2\/media\/67421","targetHints":{"allow":["GET"]}}],"collection":[{"href":"https:\/\/eltrabajo.cl\/portal\/wp-json\/wp\/v2\/media"}],"about":[{"href":"https:\/\/eltrabajo.cl\/portal\/wp-json\/wp\/v2\/types\/attachment"}],"author":[{"embeddable":true,"href":"https:\/\/eltrabajo.cl\/portal\/wp-json\/wp\/v2\/users\/1"}],"replies":[{"embeddable":true,"href":"https:\/\/eltrabajo.cl\/portal\/wp-json\/wp\/v2\/comments?post=67421"}],"wp:attached-to":[{"embeddable":true,"post_type":"post","id":67418,"href":"https:\/\/eltrabajo.cl\/portal\/wp-json\/wp\/v2\/posts\/67418"}],"curies":[{"name":"wp","href":"https:\/\/api.w.org\/{rel}","templated":true}]}}

El adulto mayor de 78 años de edad falleció de manera instantánea en calle Traslaviña a eso de las 21 horas del pasado martes.

<p class="attachment"><a href="https://i0.wp.com/eltrabajo.cl/portal/wp-content/uploads/2016/03/anciano-atropellado-%40elaconcagua-1.jpg?ssl=1"><img loading="lazy" decoding="async" width="300" height="198" src="https://i0.wp.com/eltrabajo.cl/portal/wp-content/uploads/2016/03/anciano-atropellado-%40elaconcagua-1.jpg?fit=300%2C198&amp;ssl=1" class="attachment-medium size-medium" alt="El adulto mayor de 78 años de edad falleció de manera instantánea en calle Traslaviña a eso de las 21 horas del pasado martes." /></a></p>
<p>El adulto mayor de 78 años de edad falleció de manera instantánea en calle Traslaviña a eso de las 21 horas del pasado martes.</p>

<p>El adulto mayor de 78 años de edad falleció de manera instantánea en calle Traslaviña a eso de las 21 horas del pasado martes.</p>
