{"id":67656,"date":"2016-03-11T08:59:01","date_gmt":"2016-03-11T11:59:01","guid":{"rendered":"http:\/\/www.eltrabajo.cl\/portal\/wp-content\/uploads\/2016\/03\/Incendio-El-Asiento.jpg"},"modified":"2016-03-11T08:59:12","modified_gmt":"2016-03-11T11:59:12","slug":"incendio-el-asiento","status":"inherit","type":"attachment","link":"https:\/\/eltrabajo.cl\/portal\/autoridades-aun-no-determinan-magnitud-del-dano-a-cipreses-por-el-fuego\/incendio-el-asiento\/","title":{"rendered":"Equipos de emergencia de Conaf durante el d\u00eda de ayer trabajaron arduamente en la contenci\u00f3n y extinci\u00f3n del siniestro que afect\u00f3 al sector de El Asiento."},"author":1,"featured_media":0,"comment_status":"open","ping_status":"closed","template":"","meta":{"advanced_seo_description":"","jetpack_seo_html_title":"","jetpack_seo_noindex":false},"class_list":["post-67656","attachment","type-attachment","status-inherit","hentry"],"jetpack_sharing_enabled":true,"jetpack_likes_enabled":true,"description":{"rendered":"<p class=\"attachment\"><a href=\"https:\/\/i0.wp.com\/eltrabajo.cl\/portal\/wp-content\/uploads\/2016\/03\/Incendio-El-Asiento.jpg?ssl=1\"><img loading=\"lazy\" decoding=\"async\" width=\"300\" height=\"198\" src=\"https:\/\/i0.wp.com\/eltrabajo.cl\/portal\/wp-content\/uploads\/2016\/03\/Incendio-El-Asiento.jpg?fit=300%2C198&amp;ssl=1\" class=\"attachment-medium size-medium\" alt=\"Equipos de emergencia de Conaf durante el d\u00eda de ayer trabajaron arduamente en la contenci\u00f3n y extinci\u00f3n del siniestro que afect\u00f3 al sector de El Asiento.\" srcset=\"https:\/\/i0.wp.com\/eltrabajo.cl\/portal\/wp-content\/uploads\/2016\/03\/Incendio-El-Asiento.jpg?w=530&amp;ssl=1 530w, https:\/\/i0.wp.com\/eltrabajo.cl\/portal\/wp-content\/uploads\/2016\/03\/Incendio-El-Asiento.jpg?resize=200%2C132&amp;ssl=1 200w, https:\/\/i0.wp.com\/eltrabajo.cl\/portal\/wp-content\/uploads\/2016\/03\/Incendio-El-Asiento.jpg?resize=300%2C198&amp;ssl=1 300w, https:\/\/i0.wp.com\/eltrabajo.cl\/portal\/wp-content\/uploads\/2016\/03\/Incendio-El-Asiento.jpg?resize=228%2C150&amp;ssl=1 228w, https:\/\/i0.wp.com\/eltrabajo.cl\/portal\/wp-content\/uploads\/2016\/03\/Incendio-El-Asiento.jpg?resize=400%2C263&amp;ssl=1 400w\" sizes=\"auto, (max-width: 300px) 100vw, 300px\" \/><\/a><\/p>\n<p>Equipos de emergencia de Conaf durante el d\u00eda de ayer trabajaron arduamente en la contenci\u00f3n y extinci\u00f3n del siniestro que afect\u00f3 al sector de El Asiento.<\/p>\n"},"caption":{"rendered":"<p>Equipos de emergencia de Conaf durante el d\u00eda de ayer trabajaron arduamente en la contenci\u00f3n y extinci\u00f3n del siniestro que afect\u00f3 al sector de El Asiento.<\/p>\n"},"alt_text":"Equipos de emergencia de Conaf durante el d\u00eda de ayer trabajaron arduamente en la contenci\u00f3n y extinci\u00f3n del siniestro que afect\u00f3 al sector de El Asiento.","media_type":"image","mime_type":"image\/jpeg","media_details":{"width":530,"height":349,"file":"2016\/03\/Incendio-El-Asiento.jpg","sizes":{"thumbnail":{"file":"Incendio-El-Asiento-200x132.jpg","width":200,"height":132,"mime_type":"image\/jpeg","source_url":"https:\/\/i0.wp.com\/eltrabajo.cl\/portal\/wp-content\/uploads\/2016\/03\/Incendio-El-Asiento.jpg?fit=200%2C132&ssl=1"},"medium":{"file":"Incendio-El-Asiento-300x198.jpg","width":300,"height":198,"mime_type":"image\/jpeg","source_url":"https:\/\/i0.wp.com\/eltrabajo.cl\/portal\/wp-content\/uploads\/2016\/03\/Incendio-El-Asiento.jpg?fit=300%2C198&ssl=1"},"post-thumbnail":{"file":"Incendio-El-Asiento-228x150.jpg","width":228,"height":150,"mime_type":"image\/jpeg","source_url":"https:\/\/i0.wp.com\/eltrabajo.cl\/portal\/wp-content\/uploads\/2016\/03\/Incendio-El-Asiento.jpg?fit=228%2C150&ssl=1"},"single-post-thumbnail":{"file":"Incendio-El-Asiento-400x263.jpg","width":400,"height":263,"mime_type":"image\/jpeg","source_url":"https:\/\/eltrabajo.cl\/portal\/wp-content\/uploads\/2016\/03\/Incendio-El-Asiento-400x263.jpg"},"wptouch-new-thumbnail":{"file":"Incendio-El-Asiento-144x144.jpg","width":144,"height":144,"mime_type":"image\/jpeg","source_url":"https:\/\/eltrabajo.cl\/portal\/wp-content\/uploads\/2016\/03\/Incendio-El-Asiento-144x144.jpg"},"full":{"file":"Incendio-El-Asiento.jpg?fit=530%2C349&ssl=1","width":530,"height":349,"mime_type":"image\/jpeg","source_url":"https:\/\/i0.wp.com\/eltrabajo.cl\/portal\/wp-content\/uploads\/2016\/03\/Incendio-El-Asiento.jpg?fit=530%2C349&ssl=1"}},"image_meta":{"aperture":"0","credit":"","camera":"","caption":"","created_timestamp":"0","copyright":"","focal_length":"0","iso":"0","shutter_speed":"0","title":"","orientation":"0","keywords":[]}},"post":67655,"source_url":"https:\/\/eltrabajo.cl\/portal\/wp-content\/uploads\/2016\/03\/Incendio-El-Asiento.jpg","_links":{"self":[{"href":"https:\/\/eltrabajo.cl\/portal\/wp-json\/wp\/v2\/media\/67656","targetHints":{"allow":["GET"]}}],"collection":[{"href":"https:\/\/eltrabajo.cl\/portal\/wp-json\/wp\/v2\/media"}],"about":[{"href":"https:\/\/eltrabajo.cl\/portal\/wp-json\/wp\/v2\/types\/attachment"}],"author":[{"embeddable":true,"href":"https:\/\/eltrabajo.cl\/portal\/wp-json\/wp\/v2\/users\/1"}],"replies":[{"embeddable":true,"href":"https:\/\/eltrabajo.cl\/portal\/wp-json\/wp\/v2\/comments?post=67656"}],"wp:attached-to":[{"embeddable":true,"post_type":"post","id":67655,"href":"https:\/\/eltrabajo.cl\/portal\/wp-json\/wp\/v2\/posts\/67655"}],"curies":[{"name":"wp","href":"https:\/\/api.w.org\/{rel}","templated":true}]}}

Equipos de emergencia de Conaf durante el día de ayer trabajaron arduamente en la contención y extinción del siniestro que afectó al sector de El Asiento.

<p class="attachment"><a href="https://i0.wp.com/eltrabajo.cl/portal/wp-content/uploads/2016/03/Incendio-El-Asiento.jpg?ssl=1"><img loading="lazy" decoding="async" width="300" height="198" src="https://i0.wp.com/eltrabajo.cl/portal/wp-content/uploads/2016/03/Incendio-El-Asiento.jpg?fit=300%2C198&amp;ssl=1" class="attachment-medium size-medium" alt="Equipos de emergencia de Conaf durante el día de ayer trabajaron arduamente en la contención y extinción del siniestro que afectó al sector de El Asiento." srcset="https://i0.wp.com/eltrabajo.cl/portal/wp-content/uploads/2016/03/Incendio-El-Asiento.jpg?w=530&amp;ssl=1 530w, https://i0.wp.com/eltrabajo.cl/portal/wp-content/uploads/2016/03/Incendio-El-Asiento.jpg?resize=200%2C132&amp;ssl=1 200w, https://i0.wp.com/eltrabajo.cl/portal/wp-content/uploads/2016/03/Incendio-El-Asiento.jpg?resize=300%2C198&amp;ssl=1 300w, https://i0.wp.com/eltrabajo.cl/portal/wp-content/uploads/2016/03/Incendio-El-Asiento.jpg?resize=228%2C150&amp;ssl=1 228w, https://i0.wp.com/eltrabajo.cl/portal/wp-content/uploads/2016/03/Incendio-El-Asiento.jpg?resize=400%2C263&amp;ssl=1 400w" sizes="auto, (max-width: 300px) 100vw, 300px" /></a></p>
<p>Equipos de emergencia de Conaf durante el día de ayer trabajaron arduamente en la contención y extinción del siniestro que afectó al sector de El Asiento.</p>

<p>Equipos de emergencia de Conaf durante el día de ayer trabajaron arduamente en la contención y extinción del siniestro que afectó al sector de El Asiento.</p>
