{"id":67722,"date":"2016-03-14T08:24:46","date_gmt":"2016-03-14T11:24:46","guid":{"rendered":"http:\/\/www.eltrabajo.cl\/portal\/wp-content\/uploads\/2016\/03\/Alberto-Acuna.jpg"},"modified":"2016-03-14T08:26:09","modified_gmt":"2016-03-14T11:26:09","slug":"alberto-acuna","status":"inherit","type":"attachment","link":"https:\/\/eltrabajo.cl\/portal\/empresa-extranjera-usara-26-hectareas-de-humedal-para-paneles-solares\/alberto-acuna\/","title":{"rendered":"Alberto Acu\u00f1a Cerda, director regional del Servicio de Evaluaci\u00f3n Ambiental de Valpara\u00edso."},"author":1,"featured_media":0,"comment_status":"open","ping_status":"closed","template":"","meta":{"advanced_seo_description":"","jetpack_seo_html_title":"","jetpack_seo_noindex":false},"class_list":["post-67722","attachment","type-attachment","status-inherit","hentry"],"jetpack_sharing_enabled":true,"jetpack_likes_enabled":true,"description":{"rendered":"<p class=\"attachment\"><a href=\"https:\/\/i0.wp.com\/eltrabajo.cl\/portal\/wp-content\/uploads\/2016\/03\/Alberto-Acuna.jpg?ssl=1\"><img loading=\"lazy\" decoding=\"async\" width=\"300\" height=\"197\" src=\"https:\/\/i0.wp.com\/eltrabajo.cl\/portal\/wp-content\/uploads\/2016\/03\/Alberto-Acuna.jpg?fit=300%2C197&amp;ssl=1\" class=\"attachment-medium size-medium\" alt=\"Alberto Acu\u00f1a Cerda, director regional del Servicio de Evaluaci\u00f3n Ambiental de Valpara\u00edso.\" srcset=\"https:\/\/i0.wp.com\/eltrabajo.cl\/portal\/wp-content\/uploads\/2016\/03\/Alberto-Acuna.jpg?w=530&amp;ssl=1 530w, https:\/\/i0.wp.com\/eltrabajo.cl\/portal\/wp-content\/uploads\/2016\/03\/Alberto-Acuna.jpg?resize=200%2C131&amp;ssl=1 200w, https:\/\/i0.wp.com\/eltrabajo.cl\/portal\/wp-content\/uploads\/2016\/03\/Alberto-Acuna.jpg?resize=300%2C197&amp;ssl=1 300w, https:\/\/i0.wp.com\/eltrabajo.cl\/portal\/wp-content\/uploads\/2016\/03\/Alberto-Acuna.jpg?resize=228%2C150&amp;ssl=1 228w, https:\/\/i0.wp.com\/eltrabajo.cl\/portal\/wp-content\/uploads\/2016\/03\/Alberto-Acuna.jpg?resize=400%2C263&amp;ssl=1 400w\" sizes=\"auto, (max-width: 300px) 100vw, 300px\" \/><\/a><\/p>\n<p>Alberto Acu\u00f1a Cerda, director regional del Servicio de Evaluaci\u00f3n Ambiental de Valpara\u00edso.<\/p>\n"},"caption":{"rendered":"<p>Alberto Acu\u00f1a Cerda, director regional del Servicio de Evaluaci\u00f3n Ambiental de Valpara\u00edso.<\/p>\n"},"alt_text":"Alberto Acu\u00f1a Cerda, director regional del Servicio de Evaluaci\u00f3n Ambiental de Valpara\u00edso.","media_type":"image","mime_type":"image\/jpeg","media_details":{"width":530,"height":348,"file":"2016\/03\/Alberto-Acuna.jpg","sizes":{"thumbnail":{"file":"Alberto-Acuna-200x131.jpg","width":200,"height":131,"mime_type":"image\/jpeg","source_url":"https:\/\/i0.wp.com\/eltrabajo.cl\/portal\/wp-content\/uploads\/2016\/03\/Alberto-Acuna.jpg?fit=200%2C131&ssl=1"},"medium":{"file":"Alberto-Acuna-300x197.jpg","width":300,"height":197,"mime_type":"image\/jpeg","source_url":"https:\/\/i0.wp.com\/eltrabajo.cl\/portal\/wp-content\/uploads\/2016\/03\/Alberto-Acuna.jpg?fit=300%2C197&ssl=1"},"post-thumbnail":{"file":"Alberto-Acuna-228x150.jpg","width":228,"height":150,"mime_type":"image\/jpeg","source_url":"https:\/\/i0.wp.com\/eltrabajo.cl\/portal\/wp-content\/uploads\/2016\/03\/Alberto-Acuna.jpg?fit=228%2C150&ssl=1"},"single-post-thumbnail":{"file":"Alberto-Acuna-400x263.jpg","width":400,"height":263,"mime_type":"image\/jpeg","source_url":"https:\/\/eltrabajo.cl\/portal\/wp-content\/uploads\/2016\/03\/Alberto-Acuna-400x263.jpg"},"wptouch-new-thumbnail":{"file":"Alberto-Acuna-144x144.jpg","width":144,"height":144,"mime_type":"image\/jpeg","source_url":"https:\/\/eltrabajo.cl\/portal\/wp-content\/uploads\/2016\/03\/Alberto-Acuna-144x144.jpg"},"full":{"file":"Alberto-Acuna.jpg?fit=530%2C348&ssl=1","width":530,"height":348,"mime_type":"image\/jpeg","source_url":"https:\/\/i0.wp.com\/eltrabajo.cl\/portal\/wp-content\/uploads\/2016\/03\/Alberto-Acuna.jpg?fit=530%2C348&ssl=1"}},"image_meta":{"aperture":"0","credit":"","camera":"","caption":"","created_timestamp":"0","copyright":"","focal_length":"0","iso":"0","shutter_speed":"0","title":"","orientation":"0","keywords":[]}},"post":67721,"source_url":"https:\/\/eltrabajo.cl\/portal\/wp-content\/uploads\/2016\/03\/Alberto-Acuna.jpg","_links":{"self":[{"href":"https:\/\/eltrabajo.cl\/portal\/wp-json\/wp\/v2\/media\/67722","targetHints":{"allow":["GET"]}}],"collection":[{"href":"https:\/\/eltrabajo.cl\/portal\/wp-json\/wp\/v2\/media"}],"about":[{"href":"https:\/\/eltrabajo.cl\/portal\/wp-json\/wp\/v2\/types\/attachment"}],"author":[{"embeddable":true,"href":"https:\/\/eltrabajo.cl\/portal\/wp-json\/wp\/v2\/users\/1"}],"replies":[{"embeddable":true,"href":"https:\/\/eltrabajo.cl\/portal\/wp-json\/wp\/v2\/comments?post=67722"}],"wp:attached-to":[{"embeddable":true,"post_type":"post","id":67721,"href":"https:\/\/eltrabajo.cl\/portal\/wp-json\/wp\/v2\/posts\/67721"}],"curies":[{"name":"wp","href":"https:\/\/api.w.org\/{rel}","templated":true}]}}

Alberto Acuña Cerda, director regional del Servicio de Evaluación Ambiental de Valparaíso.

<p class="attachment"><a href="https://i0.wp.com/eltrabajo.cl/portal/wp-content/uploads/2016/03/Alberto-Acuna.jpg?ssl=1"><img loading="lazy" decoding="async" width="300" height="197" src="https://i0.wp.com/eltrabajo.cl/portal/wp-content/uploads/2016/03/Alberto-Acuna.jpg?fit=300%2C197&amp;ssl=1" class="attachment-medium size-medium" alt="Alberto Acuña Cerda, director regional del Servicio de Evaluación Ambiental de Valparaíso." srcset="https://i0.wp.com/eltrabajo.cl/portal/wp-content/uploads/2016/03/Alberto-Acuna.jpg?w=530&amp;ssl=1 530w, https://i0.wp.com/eltrabajo.cl/portal/wp-content/uploads/2016/03/Alberto-Acuna.jpg?resize=200%2C131&amp;ssl=1 200w, https://i0.wp.com/eltrabajo.cl/portal/wp-content/uploads/2016/03/Alberto-Acuna.jpg?resize=300%2C197&amp;ssl=1 300w, https://i0.wp.com/eltrabajo.cl/portal/wp-content/uploads/2016/03/Alberto-Acuna.jpg?resize=228%2C150&amp;ssl=1 228w, https://i0.wp.com/eltrabajo.cl/portal/wp-content/uploads/2016/03/Alberto-Acuna.jpg?resize=400%2C263&amp;ssl=1 400w" sizes="auto, (max-width: 300px) 100vw, 300px" /></a></p>
<p>Alberto Acuña Cerda, director regional del Servicio de Evaluación Ambiental de Valparaíso.</p>

<p>Alberto Acuña Cerda, director regional del Servicio de Evaluación Ambiental de Valparaíso.</p>
