{"id":67776,"date":"2016-03-15T08:28:34","date_gmt":"2016-03-15T11:28:34","guid":{"rendered":"http:\/\/www.eltrabajo.cl\/portal\/wp-content\/uploads\/2016\/03\/FOTO-8-Erika-Alvarez-presidenta-Junta-de-Vecinos-El-Senorial.jpg"},"modified":"2016-03-15T08:28:48","modified_gmt":"2016-03-15T11:28:48","slug":"foto-8-erika-alvarez-presidenta-junta-de-vecinos-el-senorial-2","status":"inherit","type":"attachment","link":"https:\/\/eltrabajo.cl\/portal\/vecinos-sector-oriente-demandan-urgencia-de-tener-recorrido-de-micros\/foto-8-erika-alvarez-presidenta-junta-de-vecinos-el-senorial-2\/","title":{"rendered":"\u00c9rika \u00c1lvarez presidenta de la junta de vecinos de villa El Se\u00f1orial."},"author":1,"featured_media":0,"comment_status":"open","ping_status":"closed","template":"","meta":{"advanced_seo_description":"","jetpack_seo_html_title":"","jetpack_seo_noindex":false},"class_list":["post-67776","attachment","type-attachment","status-inherit","hentry"],"jetpack_sharing_enabled":true,"jetpack_likes_enabled":true,"description":{"rendered":"<p class=\"attachment\"><a href=\"https:\/\/i0.wp.com\/eltrabajo.cl\/portal\/wp-content\/uploads\/2016\/03\/FOTO-8-Erika-Alvarez-presidenta-Junta-de-Vecinos-El-Senorial.jpg?ssl=1\"><img loading=\"lazy\" decoding=\"async\" width=\"300\" height=\"197\" src=\"https:\/\/i0.wp.com\/eltrabajo.cl\/portal\/wp-content\/uploads\/2016\/03\/FOTO-8-Erika-Alvarez-presidenta-Junta-de-Vecinos-El-Senorial.jpg?fit=300%2C197&amp;ssl=1\" class=\"attachment-medium size-medium\" alt=\"\u00c9rika \u00c1lvarez presidenta de la junta de vecinos de villa El Se\u00f1orial.\" srcset=\"https:\/\/i0.wp.com\/eltrabajo.cl\/portal\/wp-content\/uploads\/2016\/03\/FOTO-8-Erika-Alvarez-presidenta-Junta-de-Vecinos-El-Senorial.jpg?w=530&amp;ssl=1 530w, https:\/\/i0.wp.com\/eltrabajo.cl\/portal\/wp-content\/uploads\/2016\/03\/FOTO-8-Erika-Alvarez-presidenta-Junta-de-Vecinos-El-Senorial.jpg?resize=200%2C131&amp;ssl=1 200w, https:\/\/i0.wp.com\/eltrabajo.cl\/portal\/wp-content\/uploads\/2016\/03\/FOTO-8-Erika-Alvarez-presidenta-Junta-de-Vecinos-El-Senorial.jpg?resize=300%2C197&amp;ssl=1 300w, https:\/\/i0.wp.com\/eltrabajo.cl\/portal\/wp-content\/uploads\/2016\/03\/FOTO-8-Erika-Alvarez-presidenta-Junta-de-Vecinos-El-Senorial.jpg?resize=228%2C150&amp;ssl=1 228w, https:\/\/i0.wp.com\/eltrabajo.cl\/portal\/wp-content\/uploads\/2016\/03\/FOTO-8-Erika-Alvarez-presidenta-Junta-de-Vecinos-El-Senorial.jpg?resize=400%2C263&amp;ssl=1 400w\" sizes=\"auto, (max-width: 300px) 100vw, 300px\" \/><\/a><\/p>\n<p>\u00c9rika \u00c1lvarez presidenta de la junta de vecinos de villa El Se\u00f1orial.<\/p>\n"},"caption":{"rendered":"<p>\u00c9rika \u00c1lvarez presidenta de la junta de vecinos de villa El Se\u00f1orial.<\/p>\n"},"alt_text":"\u00c9rika \u00c1lvarez presidenta de la junta de vecinos de villa El Se\u00f1orial.","media_type":"image","mime_type":"image\/jpeg","media_details":{"width":530,"height":348,"file":"2016\/03\/FOTO-8-Erika-Alvarez-presidenta-Junta-de-Vecinos-El-Senorial.jpg","sizes":{"thumbnail":{"file":"FOTO-8-Erika-Alvarez-presidenta-Junta-de-Vecinos-El-Senorial-200x131.jpg","width":200,"height":131,"mime_type":"image\/jpeg","source_url":"https:\/\/i0.wp.com\/eltrabajo.cl\/portal\/wp-content\/uploads\/2016\/03\/FOTO-8-Erika-Alvarez-presidenta-Junta-de-Vecinos-El-Senorial.jpg?fit=200%2C131&ssl=1"},"medium":{"file":"FOTO-8-Erika-Alvarez-presidenta-Junta-de-Vecinos-El-Senorial-300x197.jpg","width":300,"height":197,"mime_type":"image\/jpeg","source_url":"https:\/\/i0.wp.com\/eltrabajo.cl\/portal\/wp-content\/uploads\/2016\/03\/FOTO-8-Erika-Alvarez-presidenta-Junta-de-Vecinos-El-Senorial.jpg?fit=300%2C197&ssl=1"},"post-thumbnail":{"file":"FOTO-8-Erika-Alvarez-presidenta-Junta-de-Vecinos-El-Senorial-228x150.jpg","width":228,"height":150,"mime_type":"image\/jpeg","source_url":"https:\/\/i0.wp.com\/eltrabajo.cl\/portal\/wp-content\/uploads\/2016\/03\/FOTO-8-Erika-Alvarez-presidenta-Junta-de-Vecinos-El-Senorial.jpg?fit=228%2C150&ssl=1"},"single-post-thumbnail":{"file":"FOTO-8-Erika-Alvarez-presidenta-Junta-de-Vecinos-El-Senorial-400x263.jpg","width":400,"height":263,"mime_type":"image\/jpeg","source_url":"https:\/\/eltrabajo.cl\/portal\/wp-content\/uploads\/2016\/03\/FOTO-8-Erika-Alvarez-presidenta-Junta-de-Vecinos-El-Senorial-400x263.jpg"},"wptouch-new-thumbnail":{"file":"FOTO-8-Erika-Alvarez-presidenta-Junta-de-Vecinos-El-Senorial-144x144.jpg","width":144,"height":144,"mime_type":"image\/jpeg","source_url":"https:\/\/eltrabajo.cl\/portal\/wp-content\/uploads\/2016\/03\/FOTO-8-Erika-Alvarez-presidenta-Junta-de-Vecinos-El-Senorial-144x144.jpg"},"full":{"file":"FOTO-8-Erika-Alvarez-presidenta-Junta-de-Vecinos-El-Senorial.jpg?fit=530%2C348&ssl=1","width":530,"height":348,"mime_type":"image\/jpeg","source_url":"https:\/\/i0.wp.com\/eltrabajo.cl\/portal\/wp-content\/uploads\/2016\/03\/FOTO-8-Erika-Alvarez-presidenta-Junta-de-Vecinos-El-Senorial.jpg?fit=530%2C348&ssl=1"}},"image_meta":{"aperture":"0","credit":"","camera":"","caption":"","created_timestamp":"0","copyright":"","focal_length":"0","iso":"0","shutter_speed":"0","title":"","orientation":"0","keywords":[]}},"post":67775,"source_url":"https:\/\/eltrabajo.cl\/portal\/wp-content\/uploads\/2016\/03\/FOTO-8-Erika-Alvarez-presidenta-Junta-de-Vecinos-El-Senorial.jpg","_links":{"self":[{"href":"https:\/\/eltrabajo.cl\/portal\/wp-json\/wp\/v2\/media\/67776","targetHints":{"allow":["GET"]}}],"collection":[{"href":"https:\/\/eltrabajo.cl\/portal\/wp-json\/wp\/v2\/media"}],"about":[{"href":"https:\/\/eltrabajo.cl\/portal\/wp-json\/wp\/v2\/types\/attachment"}],"author":[{"embeddable":true,"href":"https:\/\/eltrabajo.cl\/portal\/wp-json\/wp\/v2\/users\/1"}],"replies":[{"embeddable":true,"href":"https:\/\/eltrabajo.cl\/portal\/wp-json\/wp\/v2\/comments?post=67776"}],"wp:attached-to":[{"embeddable":true,"post_type":"post","id":67775,"href":"https:\/\/eltrabajo.cl\/portal\/wp-json\/wp\/v2\/posts\/67775"}],"curies":[{"name":"wp","href":"https:\/\/api.w.org\/{rel}","templated":true}]}}

Érika Álvarez presidenta de la junta de vecinos de villa El Señorial.

<p class="attachment"><a href="https://i0.wp.com/eltrabajo.cl/portal/wp-content/uploads/2016/03/FOTO-8-Erika-Alvarez-presidenta-Junta-de-Vecinos-El-Senorial.jpg?ssl=1"><img loading="lazy" decoding="async" width="300" height="197" src="https://i0.wp.com/eltrabajo.cl/portal/wp-content/uploads/2016/03/FOTO-8-Erika-Alvarez-presidenta-Junta-de-Vecinos-El-Senorial.jpg?fit=300%2C197&amp;ssl=1" class="attachment-medium size-medium" alt="Érika Álvarez presidenta de la junta de vecinos de villa El Señorial." srcset="https://i0.wp.com/eltrabajo.cl/portal/wp-content/uploads/2016/03/FOTO-8-Erika-Alvarez-presidenta-Junta-de-Vecinos-El-Senorial.jpg?w=530&amp;ssl=1 530w, https://i0.wp.com/eltrabajo.cl/portal/wp-content/uploads/2016/03/FOTO-8-Erika-Alvarez-presidenta-Junta-de-Vecinos-El-Senorial.jpg?resize=200%2C131&amp;ssl=1 200w, https://i0.wp.com/eltrabajo.cl/portal/wp-content/uploads/2016/03/FOTO-8-Erika-Alvarez-presidenta-Junta-de-Vecinos-El-Senorial.jpg?resize=300%2C197&amp;ssl=1 300w, https://i0.wp.com/eltrabajo.cl/portal/wp-content/uploads/2016/03/FOTO-8-Erika-Alvarez-presidenta-Junta-de-Vecinos-El-Senorial.jpg?resize=228%2C150&amp;ssl=1 228w, https://i0.wp.com/eltrabajo.cl/portal/wp-content/uploads/2016/03/FOTO-8-Erika-Alvarez-presidenta-Junta-de-Vecinos-El-Senorial.jpg?resize=400%2C263&amp;ssl=1 400w" sizes="auto, (max-width: 300px) 100vw, 300px" /></a></p>
<p>Érika Álvarez presidenta de la junta de vecinos de villa El Señorial.</p>

<p>Érika Álvarez presidenta de la junta de vecinos de villa El Señorial.</p>
