{"id":67789,"date":"2016-03-15T08:39:37","date_gmt":"2016-03-15T11:39:37","guid":{"rendered":"http:\/\/www.eltrabajo.cl\/portal\/wp-content\/uploads\/2016\/03\/Error33.jpg"},"modified":"2016-03-15T08:39:58","modified_gmt":"2016-03-15T11:39:58","slug":"error33","status":"inherit","type":"attachment","link":"https:\/\/eltrabajo.cl\/portal\/registran-como-nina-a-un-varon-por-error-administrativo-en-el-san-camilo\/error33\/","title":{"rendered":"INS\u00d3LITO.- As\u00ed qued\u00f3 clasificado el sexo de este ni\u00f1o, como si correspondiera a una ni\u00f1a."},"author":1,"featured_media":0,"comment_status":"open","ping_status":"closed","template":"","meta":{"advanced_seo_description":"","jetpack_seo_html_title":"","jetpack_seo_noindex":false},"class_list":["post-67789","attachment","type-attachment","status-inherit","hentry"],"jetpack_sharing_enabled":true,"jetpack_likes_enabled":true,"description":{"rendered":"<p class=\"attachment\"><a href=\"https:\/\/i0.wp.com\/eltrabajo.cl\/portal\/wp-content\/uploads\/2016\/03\/Error33.jpg?ssl=1\"><img loading=\"lazy\" decoding=\"async\" width=\"300\" height=\"198\" src=\"https:\/\/i0.wp.com\/eltrabajo.cl\/portal\/wp-content\/uploads\/2016\/03\/Error33.jpg?fit=300%2C198&amp;ssl=1\" class=\"attachment-medium size-medium\" alt=\"INS\u00d3LITO.- As\u00ed qued\u00f3 clasificado el sexo de este ni\u00f1o, como si correspondiera a una ni\u00f1a.\" srcset=\"https:\/\/i0.wp.com\/eltrabajo.cl\/portal\/wp-content\/uploads\/2016\/03\/Error33.jpg?w=530&amp;ssl=1 530w, https:\/\/i0.wp.com\/eltrabajo.cl\/portal\/wp-content\/uploads\/2016\/03\/Error33.jpg?resize=200%2C132&amp;ssl=1 200w, https:\/\/i0.wp.com\/eltrabajo.cl\/portal\/wp-content\/uploads\/2016\/03\/Error33.jpg?resize=300%2C198&amp;ssl=1 300w, https:\/\/i0.wp.com\/eltrabajo.cl\/portal\/wp-content\/uploads\/2016\/03\/Error33.jpg?resize=228%2C150&amp;ssl=1 228w, https:\/\/i0.wp.com\/eltrabajo.cl\/portal\/wp-content\/uploads\/2016\/03\/Error33.jpg?resize=400%2C263&amp;ssl=1 400w\" sizes=\"auto, (max-width: 300px) 100vw, 300px\" \/><\/a><\/p>\n<p>INS\u00d3LITO.- As\u00ed qued\u00f3 clasificado el sexo de este ni\u00f1o, como si correspondiera a una ni\u00f1a.<\/p>\n"},"caption":{"rendered":"<p>INS\u00d3LITO.- As\u00ed qued\u00f3 clasificado el sexo de este ni\u00f1o, como si correspondiera a una ni\u00f1a.<\/p>\n"},"alt_text":"INS\u00d3LITO.- As\u00ed qued\u00f3 clasificado el sexo de este ni\u00f1o, como si correspondiera a una ni\u00f1a.","media_type":"image","mime_type":"image\/jpeg","media_details":{"width":530,"height":349,"file":"2016\/03\/Error33.jpg","sizes":{"thumbnail":{"file":"Error33-200x132.jpg","width":200,"height":132,"mime_type":"image\/jpeg","source_url":"https:\/\/i0.wp.com\/eltrabajo.cl\/portal\/wp-content\/uploads\/2016\/03\/Error33.jpg?fit=200%2C132&ssl=1"},"medium":{"file":"Error33-300x198.jpg","width":300,"height":198,"mime_type":"image\/jpeg","source_url":"https:\/\/i0.wp.com\/eltrabajo.cl\/portal\/wp-content\/uploads\/2016\/03\/Error33.jpg?fit=300%2C198&ssl=1"},"post-thumbnail":{"file":"Error33-228x150.jpg","width":228,"height":150,"mime_type":"image\/jpeg","source_url":"https:\/\/i0.wp.com\/eltrabajo.cl\/portal\/wp-content\/uploads\/2016\/03\/Error33.jpg?fit=228%2C150&ssl=1"},"single-post-thumbnail":{"file":"Error33-400x263.jpg","width":400,"height":263,"mime_type":"image\/jpeg","source_url":"https:\/\/eltrabajo.cl\/portal\/wp-content\/uploads\/2016\/03\/Error33-400x263.jpg"},"wptouch-new-thumbnail":{"file":"Error33-144x144.jpg","width":144,"height":144,"mime_type":"image\/jpeg","source_url":"https:\/\/eltrabajo.cl\/portal\/wp-content\/uploads\/2016\/03\/Error33-144x144.jpg"},"full":{"file":"Error33.jpg?fit=530%2C349&ssl=1","width":530,"height":349,"mime_type":"image\/jpeg","source_url":"https:\/\/i0.wp.com\/eltrabajo.cl\/portal\/wp-content\/uploads\/2016\/03\/Error33.jpg?fit=530%2C349&ssl=1"}},"image_meta":{"aperture":"0","credit":"","camera":"","caption":"","created_timestamp":"0","copyright":"","focal_length":"0","iso":"0","shutter_speed":"0","title":"","orientation":"0","keywords":[]}},"post":67788,"source_url":"https:\/\/eltrabajo.cl\/portal\/wp-content\/uploads\/2016\/03\/Error33.jpg","_links":{"self":[{"href":"https:\/\/eltrabajo.cl\/portal\/wp-json\/wp\/v2\/media\/67789","targetHints":{"allow":["GET"]}}],"collection":[{"href":"https:\/\/eltrabajo.cl\/portal\/wp-json\/wp\/v2\/media"}],"about":[{"href":"https:\/\/eltrabajo.cl\/portal\/wp-json\/wp\/v2\/types\/attachment"}],"author":[{"embeddable":true,"href":"https:\/\/eltrabajo.cl\/portal\/wp-json\/wp\/v2\/users\/1"}],"replies":[{"embeddable":true,"href":"https:\/\/eltrabajo.cl\/portal\/wp-json\/wp\/v2\/comments?post=67789"}],"wp:attached-to":[{"embeddable":true,"post_type":"post","id":67788,"href":"https:\/\/eltrabajo.cl\/portal\/wp-json\/wp\/v2\/posts\/67788"}],"curies":[{"name":"wp","href":"https:\/\/api.w.org\/{rel}","templated":true}]}}

INSÓLITO.- Así quedó clasificado el sexo de este niño, como si correspondiera a una niña.

<p class="attachment"><a href="https://i0.wp.com/eltrabajo.cl/portal/wp-content/uploads/2016/03/Error33.jpg?ssl=1"><img loading="lazy" decoding="async" width="300" height="198" src="https://i0.wp.com/eltrabajo.cl/portal/wp-content/uploads/2016/03/Error33.jpg?fit=300%2C198&amp;ssl=1" class="attachment-medium size-medium" alt="INSÓLITO.- Así quedó clasificado el sexo de este niño, como si correspondiera a una niña." srcset="https://i0.wp.com/eltrabajo.cl/portal/wp-content/uploads/2016/03/Error33.jpg?w=530&amp;ssl=1 530w, https://i0.wp.com/eltrabajo.cl/portal/wp-content/uploads/2016/03/Error33.jpg?resize=200%2C132&amp;ssl=1 200w, https://i0.wp.com/eltrabajo.cl/portal/wp-content/uploads/2016/03/Error33.jpg?resize=300%2C198&amp;ssl=1 300w, https://i0.wp.com/eltrabajo.cl/portal/wp-content/uploads/2016/03/Error33.jpg?resize=228%2C150&amp;ssl=1 228w, https://i0.wp.com/eltrabajo.cl/portal/wp-content/uploads/2016/03/Error33.jpg?resize=400%2C263&amp;ssl=1 400w" sizes="auto, (max-width: 300px) 100vw, 300px" /></a></p>
<p>INSÓLITO.- Así quedó clasificado el sexo de este niño, como si correspondiera a una niña.</p>

<p>INSÓLITO.- Así quedó clasificado el sexo de este niño, como si correspondiera a una niña.</p>
