{"id":67796,"date":"2016-03-15T19:18:21","date_gmt":"2016-03-15T22:18:21","guid":{"rendered":"http:\/\/www.eltrabajo.cl\/portal\/wp-content\/uploads\/2016\/03\/MAicol-Sebastian-Espinoza-Dote.jpg"},"modified":"2016-03-15T19:20:23","modified_gmt":"2016-03-15T22:20:23","slug":"maicol-sebastian-espinoza-dote","status":"inherit","type":"attachment","link":"https:\/\/eltrabajo.cl\/portal\/maicol-sebastian-espinoza-dote\/","title":{"rendered":"Los imputados que permanec\u00edan en custodia de Gendarmer\u00eda, recuperaron su libertad de acuerdo a la resoluci\u00f3n de la Corte de Apelaciones de Valpara\u00edso que confirma el fallo del Tribunal de San Felipe."},"author":1,"featured_media":0,"comment_status":"open","ping_status":"closed","template":"","meta":{"advanced_seo_description":"","jetpack_seo_html_title":"","jetpack_seo_noindex":false},"class_list":["post-67796","attachment","type-attachment","status-inherit","hentry"],"jetpack_sharing_enabled":true,"jetpack_likes_enabled":true,"description":{"rendered":"<p class=\"attachment\"><a href=\"https:\/\/i0.wp.com\/eltrabajo.cl\/portal\/wp-content\/uploads\/2016\/03\/MAicol-Sebastian-Espinoza-Dote.jpg?ssl=1\"><img loading=\"lazy\" decoding=\"async\" width=\"300\" height=\"198\" src=\"https:\/\/i0.wp.com\/eltrabajo.cl\/portal\/wp-content\/uploads\/2016\/03\/MAicol-Sebastian-Espinoza-Dote.jpg?fit=300%2C198&amp;ssl=1\" class=\"attachment-medium size-medium\" alt=\"Los imputados que permanec\u00edan en custodia de Gendarmer\u00eda, recuperaron su libertad de acuerdo a la resoluci\u00f3n de la Corte de Apelaciones de Valpara\u00edso que confirma el fallo del Tribunal de San Felipe.\" srcset=\"https:\/\/i0.wp.com\/eltrabajo.cl\/portal\/wp-content\/uploads\/2016\/03\/MAicol-Sebastian-Espinoza-Dote.jpg?w=530&amp;ssl=1 530w, https:\/\/i0.wp.com\/eltrabajo.cl\/portal\/wp-content\/uploads\/2016\/03\/MAicol-Sebastian-Espinoza-Dote.jpg?resize=200%2C132&amp;ssl=1 200w, https:\/\/i0.wp.com\/eltrabajo.cl\/portal\/wp-content\/uploads\/2016\/03\/MAicol-Sebastian-Espinoza-Dote.jpg?resize=300%2C198&amp;ssl=1 300w, https:\/\/i0.wp.com\/eltrabajo.cl\/portal\/wp-content\/uploads\/2016\/03\/MAicol-Sebastian-Espinoza-Dote.jpg?resize=227%2C150&amp;ssl=1 227w, https:\/\/i0.wp.com\/eltrabajo.cl\/portal\/wp-content\/uploads\/2016\/03\/MAicol-Sebastian-Espinoza-Dote.jpg?resize=400%2C264&amp;ssl=1 400w\" sizes=\"auto, (max-width: 300px) 100vw, 300px\" \/><\/a><\/p>\n<p>Los imputados que permanec\u00edan en custodia de Gendarmer\u00eda, recuperaron su libertad de acuerdo a la resoluci\u00f3n de la Corte de Apelaciones de Valpara\u00edso que confirma el fallo del Tribunal de San Felipe.<\/p>\n"},"caption":{"rendered":"<p>Los imputados que permanec\u00edan en custodia de Gendarmer\u00eda, recuperaron su libertad de acuerdo a la resoluci\u00f3n de la Corte de Apelaciones de Valpara\u00edso que confirma el fallo del Tribunal de San Felipe.<\/p>\n"},"alt_text":"Los imputados que permanec\u00edan en custodia de Gendarmer\u00eda, recuperaron su libertad de acuerdo a la resoluci\u00f3n de la Corte de Apelaciones de Valpara\u00edso que confirma el fallo del Tribunal de San Felipe.","media_type":"image","mime_type":"image\/jpeg","media_details":{"width":530,"height":350,"file":"2016\/03\/MAicol-Sebastian-Espinoza-Dote.jpg","sizes":{"thumbnail":{"file":"MAicol-Sebastian-Espinoza-Dote-200x132.jpg","width":200,"height":132,"mime_type":"image\/jpeg","source_url":"https:\/\/i0.wp.com\/eltrabajo.cl\/portal\/wp-content\/uploads\/2016\/03\/MAicol-Sebastian-Espinoza-Dote.jpg?fit=200%2C132&ssl=1"},"medium":{"file":"MAicol-Sebastian-Espinoza-Dote-300x198.jpg","width":300,"height":198,"mime_type":"image\/jpeg","source_url":"https:\/\/i0.wp.com\/eltrabajo.cl\/portal\/wp-content\/uploads\/2016\/03\/MAicol-Sebastian-Espinoza-Dote.jpg?fit=300%2C198&ssl=1"},"post-thumbnail":{"file":"MAicol-Sebastian-Espinoza-Dote-227x150.jpg","width":227,"height":150,"mime_type":"image\/jpeg","source_url":"https:\/\/i0.wp.com\/eltrabajo.cl\/portal\/wp-content\/uploads\/2016\/03\/MAicol-Sebastian-Espinoza-Dote.jpg?fit=227%2C150&ssl=1"},"single-post-thumbnail":{"file":"MAicol-Sebastian-Espinoza-Dote-400x264.jpg","width":400,"height":264,"mime_type":"image\/jpeg","source_url":"https:\/\/eltrabajo.cl\/portal\/wp-content\/uploads\/2016\/03\/MAicol-Sebastian-Espinoza-Dote-400x264.jpg"},"wptouch-new-thumbnail":{"file":"MAicol-Sebastian-Espinoza-Dote-144x144.jpg","width":144,"height":144,"mime_type":"image\/jpeg","source_url":"https:\/\/eltrabajo.cl\/portal\/wp-content\/uploads\/2016\/03\/MAicol-Sebastian-Espinoza-Dote-144x144.jpg"},"full":{"file":"MAicol-Sebastian-Espinoza-Dote.jpg?fit=530%2C350&ssl=1","width":530,"height":350,"mime_type":"image\/jpeg","source_url":"https:\/\/i0.wp.com\/eltrabajo.cl\/portal\/wp-content\/uploads\/2016\/03\/MAicol-Sebastian-Espinoza-Dote.jpg?fit=530%2C350&ssl=1"}},"image_meta":{"aperture":"0","credit":"","camera":"","caption":"","created_timestamp":"0","copyright":"","focal_length":"0","iso":"0","shutter_speed":"0","title":"","orientation":"0","keywords":[]}},"post":null,"source_url":"https:\/\/eltrabajo.cl\/portal\/wp-content\/uploads\/2016\/03\/MAicol-Sebastian-Espinoza-Dote.jpg","_links":{"self":[{"href":"https:\/\/eltrabajo.cl\/portal\/wp-json\/wp\/v2\/media\/67796","targetHints":{"allow":["GET"]}}],"collection":[{"href":"https:\/\/eltrabajo.cl\/portal\/wp-json\/wp\/v2\/media"}],"about":[{"href":"https:\/\/eltrabajo.cl\/portal\/wp-json\/wp\/v2\/types\/attachment"}],"author":[{"embeddable":true,"href":"https:\/\/eltrabajo.cl\/portal\/wp-json\/wp\/v2\/users\/1"}],"replies":[{"embeddable":true,"href":"https:\/\/eltrabajo.cl\/portal\/wp-json\/wp\/v2\/comments?post=67796"}]}}

Los imputados que permanecían en custodia de Gendarmería, recuperaron su libertad de acuerdo a la resolución de la Corte de Apelaciones de Valparaíso que confirma el fallo del Tribunal de San Felipe.

<p class="attachment"><a href="https://i0.wp.com/eltrabajo.cl/portal/wp-content/uploads/2016/03/MAicol-Sebastian-Espinoza-Dote.jpg?ssl=1"><img loading="lazy" decoding="async" width="300" height="198" src="https://i0.wp.com/eltrabajo.cl/portal/wp-content/uploads/2016/03/MAicol-Sebastian-Espinoza-Dote.jpg?fit=300%2C198&amp;ssl=1" class="attachment-medium size-medium" alt="Los imputados que permanecían en custodia de Gendarmería, recuperaron su libertad de acuerdo a la resolución de la Corte de Apelaciones de Valparaíso que confirma el fallo del Tribunal de San Felipe." srcset="https://i0.wp.com/eltrabajo.cl/portal/wp-content/uploads/2016/03/MAicol-Sebastian-Espinoza-Dote.jpg?w=530&amp;ssl=1 530w, https://i0.wp.com/eltrabajo.cl/portal/wp-content/uploads/2016/03/MAicol-Sebastian-Espinoza-Dote.jpg?resize=200%2C132&amp;ssl=1 200w, https://i0.wp.com/eltrabajo.cl/portal/wp-content/uploads/2016/03/MAicol-Sebastian-Espinoza-Dote.jpg?resize=300%2C198&amp;ssl=1 300w, https://i0.wp.com/eltrabajo.cl/portal/wp-content/uploads/2016/03/MAicol-Sebastian-Espinoza-Dote.jpg?resize=227%2C150&amp;ssl=1 227w, https://i0.wp.com/eltrabajo.cl/portal/wp-content/uploads/2016/03/MAicol-Sebastian-Espinoza-Dote.jpg?resize=400%2C264&amp;ssl=1 400w" sizes="auto, (max-width: 300px) 100vw, 300px" /></a></p>
<p>Los imputados que permanecían en custodia de Gendarmería, recuperaron su libertad de acuerdo a la resolución de la Corte de Apelaciones de Valparaíso que confirma el fallo del Tribunal de San Felipe.</p>

<p>Los imputados que permanecían en custodia de Gendarmería, recuperaron su libertad de acuerdo a la resolución de la Corte de Apelaciones de Valparaíso que confirma el fallo del Tribunal de San Felipe.</p>
