{"id":67839,"date":"2016-03-16T09:35:38","date_gmt":"2016-03-16T12:35:38","guid":{"rendered":"http:\/\/www.eltrabajo.cl\/portal\/wp-content\/uploads\/2016\/03\/NINO-PISTOLA.jpg"},"modified":"2016-03-16T09:35:47","modified_gmt":"2016-03-16T12:35:47","slug":"nino-pistola","status":"inherit","type":"attachment","link":"https:\/\/eltrabajo.cl\/portal\/nino-de-13-asalta-con-pistola-a-escolar-y-lo-obliga-a-entregar-sus-pertenencias\/nino-pistola\/","title":{"rendered":"El menor habr\u00eda huido de un Centro del Sename en Valpara\u00edso y actualmente se encontrar\u00eda en situaci\u00f3n de calle. Carabineros incaut\u00f3 el arma a fogueo y marihuana que manten\u00eda el ni\u00f1o dentro de una mochila. (Foto Referencial)."},"author":1,"featured_media":0,"comment_status":"open","ping_status":"closed","template":"","meta":{"advanced_seo_description":"","jetpack_seo_html_title":"","jetpack_seo_noindex":false},"class_list":["post-67839","attachment","type-attachment","status-inherit","hentry"],"jetpack_sharing_enabled":true,"jetpack_likes_enabled":true,"description":{"rendered":"<p class=\"attachment\"><a href=\"https:\/\/i0.wp.com\/eltrabajo.cl\/portal\/wp-content\/uploads\/2016\/03\/NINO-PISTOLA.jpg?ssl=1\"><img loading=\"lazy\" decoding=\"async\" width=\"300\" height=\"198\" src=\"https:\/\/i0.wp.com\/eltrabajo.cl\/portal\/wp-content\/uploads\/2016\/03\/NINO-PISTOLA.jpg?fit=300%2C198&amp;ssl=1\" class=\"attachment-medium size-medium\" alt=\"El menor habr\u00eda huido de un Centro del Sename en Valpara\u00edso y actualmente se encontrar\u00eda en situaci\u00f3n de calle. Carabineros incaut\u00f3 el arma a fogueo y marihuana que manten\u00eda el ni\u00f1o dentro de una mochila. (Foto Referencial).\" srcset=\"https:\/\/i0.wp.com\/eltrabajo.cl\/portal\/wp-content\/uploads\/2016\/03\/NINO-PISTOLA.jpg?w=530&amp;ssl=1 530w, https:\/\/i0.wp.com\/eltrabajo.cl\/portal\/wp-content\/uploads\/2016\/03\/NINO-PISTOLA.jpg?resize=200%2C132&amp;ssl=1 200w, https:\/\/i0.wp.com\/eltrabajo.cl\/portal\/wp-content\/uploads\/2016\/03\/NINO-PISTOLA.jpg?resize=300%2C198&amp;ssl=1 300w, https:\/\/i0.wp.com\/eltrabajo.cl\/portal\/wp-content\/uploads\/2016\/03\/NINO-PISTOLA.jpg?resize=227%2C150&amp;ssl=1 227w, https:\/\/i0.wp.com\/eltrabajo.cl\/portal\/wp-content\/uploads\/2016\/03\/NINO-PISTOLA.jpg?resize=400%2C264&amp;ssl=1 400w\" sizes=\"auto, (max-width: 300px) 100vw, 300px\" \/><\/a><\/p>\n<p>El menor habr\u00eda huido de un Centro del Sename en Valpara\u00edso y actualmente se encontrar\u00eda en situaci\u00f3n de calle. Carabineros incaut\u00f3 el arma a fogueo y marihuana que manten\u00eda el ni\u00f1o dentro de una mochila. (Foto Referencial).<\/p>\n"},"caption":{"rendered":"<p>El menor habr\u00eda huido de un Centro del Sename en Valpara\u00edso y actualmente se encontrar\u00eda en situaci\u00f3n de calle. Carabineros incaut\u00f3 el arma a fogueo y marihuana que manten\u00eda el ni\u00f1o dentro de una mochila. (Foto Referencial).<\/p>\n"},"alt_text":"El menor habr\u00eda huido de un Centro del Sename en Valpara\u00edso y actualmente se encontrar\u00eda en situaci\u00f3n de calle. Carabineros incaut\u00f3 el arma a fogueo y marihuana que manten\u00eda el ni\u00f1o dentro de una mochila. (Foto Referencial).","media_type":"image","mime_type":"image\/jpeg","media_details":{"width":530,"height":350,"file":"2016\/03\/NINO-PISTOLA.jpg","sizes":{"thumbnail":{"file":"NINO-PISTOLA-200x132.jpg","width":200,"height":132,"mime_type":"image\/jpeg","source_url":"https:\/\/i0.wp.com\/eltrabajo.cl\/portal\/wp-content\/uploads\/2016\/03\/NINO-PISTOLA.jpg?fit=200%2C132&ssl=1"},"medium":{"file":"NINO-PISTOLA-300x198.jpg","width":300,"height":198,"mime_type":"image\/jpeg","source_url":"https:\/\/i0.wp.com\/eltrabajo.cl\/portal\/wp-content\/uploads\/2016\/03\/NINO-PISTOLA.jpg?fit=300%2C198&ssl=1"},"post-thumbnail":{"file":"NINO-PISTOLA-227x150.jpg","width":227,"height":150,"mime_type":"image\/jpeg","source_url":"https:\/\/i0.wp.com\/eltrabajo.cl\/portal\/wp-content\/uploads\/2016\/03\/NINO-PISTOLA.jpg?fit=227%2C150&ssl=1"},"single-post-thumbnail":{"file":"NINO-PISTOLA-400x264.jpg","width":400,"height":264,"mime_type":"image\/jpeg","source_url":"https:\/\/eltrabajo.cl\/portal\/wp-content\/uploads\/2016\/03\/NINO-PISTOLA-400x264.jpg"},"wptouch-new-thumbnail":{"file":"NINO-PISTOLA-144x144.jpg","width":144,"height":144,"mime_type":"image\/jpeg","source_url":"https:\/\/eltrabajo.cl\/portal\/wp-content\/uploads\/2016\/03\/NINO-PISTOLA-144x144.jpg"},"full":{"file":"NINO-PISTOLA.jpg?fit=530%2C350&ssl=1","width":530,"height":350,"mime_type":"image\/jpeg","source_url":"https:\/\/i0.wp.com\/eltrabajo.cl\/portal\/wp-content\/uploads\/2016\/03\/NINO-PISTOLA.jpg?fit=530%2C350&ssl=1"}},"image_meta":{"aperture":"0","credit":"","camera":"","caption":"","created_timestamp":"0","copyright":"","focal_length":"0","iso":"0","shutter_speed":"0","title":"","orientation":"0","keywords":[]}},"post":67838,"source_url":"https:\/\/eltrabajo.cl\/portal\/wp-content\/uploads\/2016\/03\/NINO-PISTOLA.jpg","_links":{"self":[{"href":"https:\/\/eltrabajo.cl\/portal\/wp-json\/wp\/v2\/media\/67839","targetHints":{"allow":["GET"]}}],"collection":[{"href":"https:\/\/eltrabajo.cl\/portal\/wp-json\/wp\/v2\/media"}],"about":[{"href":"https:\/\/eltrabajo.cl\/portal\/wp-json\/wp\/v2\/types\/attachment"}],"author":[{"embeddable":true,"href":"https:\/\/eltrabajo.cl\/portal\/wp-json\/wp\/v2\/users\/1"}],"replies":[{"embeddable":true,"href":"https:\/\/eltrabajo.cl\/portal\/wp-json\/wp\/v2\/comments?post=67839"}],"wp:attached-to":[{"embeddable":true,"post_type":"post","id":67838,"href":"https:\/\/eltrabajo.cl\/portal\/wp-json\/wp\/v2\/posts\/67838"}],"curies":[{"name":"wp","href":"https:\/\/api.w.org\/{rel}","templated":true}]}}

El menor habría huido de un Centro del Sename en Valparaíso y actualmente se encontraría en situación de calle. Carabineros incautó el arma a fogueo y marihuana que mantenía el niño dentro de una mochila. (Foto Referencial).

<p class="attachment"><a href="https://i0.wp.com/eltrabajo.cl/portal/wp-content/uploads/2016/03/NINO-PISTOLA.jpg?ssl=1"><img loading="lazy" decoding="async" width="300" height="198" src="https://i0.wp.com/eltrabajo.cl/portal/wp-content/uploads/2016/03/NINO-PISTOLA.jpg?fit=300%2C198&amp;ssl=1" class="attachment-medium size-medium" alt="El menor habría huido de un Centro del Sename en Valparaíso y actualmente se encontraría en situación de calle. Carabineros incautó el arma a fogueo y marihuana que mantenía el niño dentro de una mochila. (Foto Referencial)." srcset="https://i0.wp.com/eltrabajo.cl/portal/wp-content/uploads/2016/03/NINO-PISTOLA.jpg?w=530&amp;ssl=1 530w, https://i0.wp.com/eltrabajo.cl/portal/wp-content/uploads/2016/03/NINO-PISTOLA.jpg?resize=200%2C132&amp;ssl=1 200w, https://i0.wp.com/eltrabajo.cl/portal/wp-content/uploads/2016/03/NINO-PISTOLA.jpg?resize=300%2C198&amp;ssl=1 300w, https://i0.wp.com/eltrabajo.cl/portal/wp-content/uploads/2016/03/NINO-PISTOLA.jpg?resize=227%2C150&amp;ssl=1 227w, https://i0.wp.com/eltrabajo.cl/portal/wp-content/uploads/2016/03/NINO-PISTOLA.jpg?resize=400%2C264&amp;ssl=1 400w" sizes="auto, (max-width: 300px) 100vw, 300px" /></a></p>
<p>El menor habría huido de un Centro del Sename en Valparaíso y actualmente se encontraría en situación de calle. Carabineros incautó el arma a fogueo y marihuana que mantenía el niño dentro de una mochila. (Foto Referencial).</p>

<p>El menor habría huido de un Centro del Sename en Valparaíso y actualmente se encontraría en situación de calle. Carabineros incautó el arma a fogueo y marihuana que mantenía el niño dentro de una mochila. (Foto Referencial).</p>
