{"id":67870,"date":"2016-03-17T08:43:22","date_gmt":"2016-03-17T11:43:22","guid":{"rendered":"http:\/\/www.eltrabajo.cl\/portal\/wp-content\/uploads\/2016\/03\/VIOLACION-REFERENCIAL.jpg"},"modified":"2016-03-17T08:43:31","modified_gmt":"2016-03-17T11:43:31","slug":"violacion-referencial","status":"inherit","type":"attachment","link":"https:\/\/eltrabajo.cl\/portal\/en-libertad-vigilada-sujeto-que-violo-a-prima-con-leve-retraso-mental\/violacion-referencial\/","title":{"rendered":"La v\u00edctima habr\u00eda sufrido la violaci\u00f3n en el mes de junio del a\u00f1o 2012 al interior de su domicilio en San Felipe. El sentenciado fue beneficiado a cumplir la condena bajo la pena sustitutiva de libertad vigilada por cinco a\u00f1os (Foto Referencial)."},"author":1,"featured_media":0,"comment_status":"open","ping_status":"closed","template":"","meta":{"advanced_seo_description":"","jetpack_seo_html_title":"","jetpack_seo_noindex":false},"class_list":["post-67870","attachment","type-attachment","status-inherit","hentry"],"jetpack_sharing_enabled":true,"jetpack_likes_enabled":true,"description":{"rendered":"<p class=\"attachment\"><a href=\"https:\/\/i0.wp.com\/eltrabajo.cl\/portal\/wp-content\/uploads\/2016\/03\/VIOLACION-REFERENCIAL.jpg?ssl=1\"><img loading=\"lazy\" decoding=\"async\" width=\"300\" height=\"197\" src=\"https:\/\/i0.wp.com\/eltrabajo.cl\/portal\/wp-content\/uploads\/2016\/03\/VIOLACION-REFERENCIAL.jpg?fit=300%2C197&amp;ssl=1\" class=\"attachment-medium size-medium\" alt=\"La v\u00edctima habr\u00eda sufrido la violaci\u00f3n en el mes de junio del a\u00f1o 2012 al interior de su domicilio en San Felipe. El sentenciado fue beneficiado a cumplir la condena bajo la pena sustitutiva de libertad vigilada por cinco a\u00f1os (Foto Referencial).\" srcset=\"https:\/\/i0.wp.com\/eltrabajo.cl\/portal\/wp-content\/uploads\/2016\/03\/VIOLACION-REFERENCIAL.jpg?w=530&amp;ssl=1 530w, https:\/\/i0.wp.com\/eltrabajo.cl\/portal\/wp-content\/uploads\/2016\/03\/VIOLACION-REFERENCIAL.jpg?resize=200%2C131&amp;ssl=1 200w, https:\/\/i0.wp.com\/eltrabajo.cl\/portal\/wp-content\/uploads\/2016\/03\/VIOLACION-REFERENCIAL.jpg?resize=300%2C197&amp;ssl=1 300w, https:\/\/i0.wp.com\/eltrabajo.cl\/portal\/wp-content\/uploads\/2016\/03\/VIOLACION-REFERENCIAL.jpg?resize=228%2C150&amp;ssl=1 228w, https:\/\/i0.wp.com\/eltrabajo.cl\/portal\/wp-content\/uploads\/2016\/03\/VIOLACION-REFERENCIAL.jpg?resize=400%2C263&amp;ssl=1 400w\" sizes=\"auto, (max-width: 300px) 100vw, 300px\" \/><\/a><\/p>\n<p>La v\u00edctima habr\u00eda sufrido la violaci\u00f3n en el mes de junio del a\u00f1o 2012 al interior de su domicilio en San Felipe. El sentenciado fue beneficiado a cumplir la condena bajo la pena sustitutiva de libertad vigilada por cinco a\u00f1os (Foto Referencial).<\/p>\n"},"caption":{"rendered":"<p>La v\u00edctima habr\u00eda sufrido la violaci\u00f3n en el mes de junio del a\u00f1o 2012 al interior de su domicilio en San Felipe. El sentenciado fue beneficiado a cumplir la condena bajo la pena sustitutiva de libertad vigilada por cinco a\u00f1os (Foto Referencial).<\/p>\n"},"alt_text":"La v\u00edctima habr\u00eda sufrido la violaci\u00f3n en el mes de junio del a\u00f1o 2012 al interior de su domicilio en San Felipe. El sentenciado fue beneficiado a cumplir la condena bajo la pena sustitutiva de libertad vigilada por cinco a\u00f1os (Foto Referencial).","media_type":"image","mime_type":"image\/jpeg","media_details":{"width":530,"height":348,"file":"2016\/03\/VIOLACION-REFERENCIAL.jpg","sizes":{"thumbnail":{"file":"VIOLACION-REFERENCIAL-200x131.jpg","width":200,"height":131,"mime_type":"image\/jpeg","source_url":"https:\/\/i0.wp.com\/eltrabajo.cl\/portal\/wp-content\/uploads\/2016\/03\/VIOLACION-REFERENCIAL.jpg?fit=200%2C131&ssl=1"},"medium":{"file":"VIOLACION-REFERENCIAL-300x197.jpg","width":300,"height":197,"mime_type":"image\/jpeg","source_url":"https:\/\/i0.wp.com\/eltrabajo.cl\/portal\/wp-content\/uploads\/2016\/03\/VIOLACION-REFERENCIAL.jpg?fit=300%2C197&ssl=1"},"post-thumbnail":{"file":"VIOLACION-REFERENCIAL-228x150.jpg","width":228,"height":150,"mime_type":"image\/jpeg","source_url":"https:\/\/i0.wp.com\/eltrabajo.cl\/portal\/wp-content\/uploads\/2016\/03\/VIOLACION-REFERENCIAL.jpg?fit=228%2C150&ssl=1"},"single-post-thumbnail":{"file":"VIOLACION-REFERENCIAL-400x263.jpg","width":400,"height":263,"mime_type":"image\/jpeg","source_url":"https:\/\/eltrabajo.cl\/portal\/wp-content\/uploads\/2016\/03\/VIOLACION-REFERENCIAL-400x263.jpg"},"wptouch-new-thumbnail":{"file":"VIOLACION-REFERENCIAL-144x144.jpg","width":144,"height":144,"mime_type":"image\/jpeg","source_url":"https:\/\/eltrabajo.cl\/portal\/wp-content\/uploads\/2016\/03\/VIOLACION-REFERENCIAL-144x144.jpg"},"full":{"file":"VIOLACION-REFERENCIAL.jpg?fit=530%2C348&ssl=1","width":530,"height":348,"mime_type":"image\/jpeg","source_url":"https:\/\/i0.wp.com\/eltrabajo.cl\/portal\/wp-content\/uploads\/2016\/03\/VIOLACION-REFERENCIAL.jpg?fit=530%2C348&ssl=1"}},"image_meta":{"aperture":"0","credit":"","camera":"","caption":"","created_timestamp":"0","copyright":"","focal_length":"0","iso":"0","shutter_speed":"0","title":"","orientation":"0","keywords":[]}},"post":67869,"source_url":"https:\/\/eltrabajo.cl\/portal\/wp-content\/uploads\/2016\/03\/VIOLACION-REFERENCIAL.jpg","_links":{"self":[{"href":"https:\/\/eltrabajo.cl\/portal\/wp-json\/wp\/v2\/media\/67870","targetHints":{"allow":["GET"]}}],"collection":[{"href":"https:\/\/eltrabajo.cl\/portal\/wp-json\/wp\/v2\/media"}],"about":[{"href":"https:\/\/eltrabajo.cl\/portal\/wp-json\/wp\/v2\/types\/attachment"}],"author":[{"embeddable":true,"href":"https:\/\/eltrabajo.cl\/portal\/wp-json\/wp\/v2\/users\/1"}],"replies":[{"embeddable":true,"href":"https:\/\/eltrabajo.cl\/portal\/wp-json\/wp\/v2\/comments?post=67870"}],"wp:attached-to":[{"embeddable":true,"post_type":"post","id":67869,"href":"https:\/\/eltrabajo.cl\/portal\/wp-json\/wp\/v2\/posts\/67869"}],"curies":[{"name":"wp","href":"https:\/\/api.w.org\/{rel}","templated":true}]}}

La víctima habría sufrido la violación en el mes de junio del año 2012 al interior de su domicilio en San Felipe. El sentenciado fue beneficiado a cumplir la condena bajo la pena sustitutiva de libertad vigilada por cinco años (Foto Referencial).

<p class="attachment"><a href="https://i0.wp.com/eltrabajo.cl/portal/wp-content/uploads/2016/03/VIOLACION-REFERENCIAL.jpg?ssl=1"><img loading="lazy" decoding="async" width="300" height="197" src="https://i0.wp.com/eltrabajo.cl/portal/wp-content/uploads/2016/03/VIOLACION-REFERENCIAL.jpg?fit=300%2C197&amp;ssl=1" class="attachment-medium size-medium" alt="La víctima habría sufrido la violación en el mes de junio del año 2012 al interior de su domicilio en San Felipe. El sentenciado fue beneficiado a cumplir la condena bajo la pena sustitutiva de libertad vigilada por cinco años (Foto Referencial)." srcset="https://i0.wp.com/eltrabajo.cl/portal/wp-content/uploads/2016/03/VIOLACION-REFERENCIAL.jpg?w=530&amp;ssl=1 530w, https://i0.wp.com/eltrabajo.cl/portal/wp-content/uploads/2016/03/VIOLACION-REFERENCIAL.jpg?resize=200%2C131&amp;ssl=1 200w, https://i0.wp.com/eltrabajo.cl/portal/wp-content/uploads/2016/03/VIOLACION-REFERENCIAL.jpg?resize=300%2C197&amp;ssl=1 300w, https://i0.wp.com/eltrabajo.cl/portal/wp-content/uploads/2016/03/VIOLACION-REFERENCIAL.jpg?resize=228%2C150&amp;ssl=1 228w, https://i0.wp.com/eltrabajo.cl/portal/wp-content/uploads/2016/03/VIOLACION-REFERENCIAL.jpg?resize=400%2C263&amp;ssl=1 400w" sizes="auto, (max-width: 300px) 100vw, 300px" /></a></p>
<p>La víctima habría sufrido la violación en el mes de junio del año 2012 al interior de su domicilio en San Felipe. El sentenciado fue beneficiado a cumplir la condena bajo la pena sustitutiva de libertad vigilada por cinco años (Foto Referencial).</p>

<p>La víctima habría sufrido la violación en el mes de junio del año 2012 al interior de su domicilio en San Felipe. El sentenciado fue beneficiado a cumplir la condena bajo la pena sustitutiva de libertad vigilada por cinco años (Foto Referencial).</p>
