{"id":67928,"date":"2016-03-18T08:47:16","date_gmt":"2016-03-18T11:47:16","guid":{"rendered":"http:\/\/www.eltrabajo.cl\/portal\/wp-content\/uploads\/2016\/03\/portada-menor-pistolero.jpg"},"modified":"2016-03-18T08:47:28","modified_gmt":"2016-03-18T11:47:28","slug":"portada-menor-pistolero","status":"inherit","type":"attachment","link":"https:\/\/eltrabajo.cl\/portal\/nino-pistolero-vuelve-a-atacar-robando-celular-a-estudiante\/portada-menor-pistolero\/","title":{"rendered":"El menor fue reducido por transe\u00fantes luego de cometer delitos en la avenida Chacabuco de San Felipe. Existe preocupaci\u00f3n por parte de Carabineros del destino de este menor inmerso en la drogadicci\u00f3n y la delincuencia que ha afectado directamente a los escolares."},"author":1,"featured_media":0,"comment_status":"open","ping_status":"closed","template":"","meta":{"advanced_seo_description":"","jetpack_seo_html_title":"","jetpack_seo_noindex":false},"class_list":["post-67928","attachment","type-attachment","status-inherit","hentry"],"jetpack_sharing_enabled":true,"jetpack_likes_enabled":true,"description":{"rendered":"<p class=\"attachment\"><a href=\"https:\/\/i0.wp.com\/eltrabajo.cl\/portal\/wp-content\/uploads\/2016\/03\/portada-menor-pistolero.jpg?ssl=1\"><img loading=\"lazy\" decoding=\"async\" width=\"300\" height=\"198\" src=\"https:\/\/i0.wp.com\/eltrabajo.cl\/portal\/wp-content\/uploads\/2016\/03\/portada-menor-pistolero.jpg?fit=300%2C198&amp;ssl=1\" class=\"attachment-medium size-medium\" alt=\"El menor fue reducido por transe\u00fantes luego de cometer delitos en la avenida Chacabuco de San Felipe. Existe preocupaci\u00f3n por parte de Carabineros del destino de este menor inmerso en la drogadicci\u00f3n y la delincuencia que ha afectado directamente a los escolares.\" srcset=\"https:\/\/i0.wp.com\/eltrabajo.cl\/portal\/wp-content\/uploads\/2016\/03\/portada-menor-pistolero.jpg?w=530&amp;ssl=1 530w, https:\/\/i0.wp.com\/eltrabajo.cl\/portal\/wp-content\/uploads\/2016\/03\/portada-menor-pistolero.jpg?resize=200%2C132&amp;ssl=1 200w, https:\/\/i0.wp.com\/eltrabajo.cl\/portal\/wp-content\/uploads\/2016\/03\/portada-menor-pistolero.jpg?resize=300%2C198&amp;ssl=1 300w, https:\/\/i0.wp.com\/eltrabajo.cl\/portal\/wp-content\/uploads\/2016\/03\/portada-menor-pistolero.jpg?resize=228%2C150&amp;ssl=1 228w, https:\/\/i0.wp.com\/eltrabajo.cl\/portal\/wp-content\/uploads\/2016\/03\/portada-menor-pistolero.jpg?resize=400%2C263&amp;ssl=1 400w\" sizes=\"auto, (max-width: 300px) 100vw, 300px\" \/><\/a><\/p>\n<p>El menor fue reducido por transe\u00fantes luego de cometer delitos en la avenida Chacabuco de San Felipe. Existe preocupaci\u00f3n por parte de Carabineros del destino de este menor inmerso en la drogadicci\u00f3n y la delincuencia que ha afectado directamente a los escolares.<\/p>\n"},"caption":{"rendered":"<p>El menor fue reducido por transe\u00fantes luego de cometer delitos en la avenida Chacabuco de San Felipe. Existe preocupaci\u00f3n por parte de Carabineros del destino de este menor inmerso en la drogadicci\u00f3n y la delincuencia que ha afectado directamente a los escolares.<\/p>\n"},"alt_text":"El menor fue reducido por transe\u00fantes luego de cometer delitos en la avenida Chacabuco de San Felipe. Existe preocupaci\u00f3n por parte de Carabineros del destino de este menor inmerso en la drogadicci\u00f3n y la delincuencia que ha afectado directamente a los escolares.","media_type":"image","mime_type":"image\/jpeg","media_details":{"width":530,"height":349,"file":"2016\/03\/portada-menor-pistolero.jpg","sizes":{"thumbnail":{"file":"portada-menor-pistolero-200x132.jpg","width":200,"height":132,"mime_type":"image\/jpeg","source_url":"https:\/\/i0.wp.com\/eltrabajo.cl\/portal\/wp-content\/uploads\/2016\/03\/portada-menor-pistolero.jpg?fit=200%2C132&ssl=1"},"medium":{"file":"portada-menor-pistolero-300x198.jpg","width":300,"height":198,"mime_type":"image\/jpeg","source_url":"https:\/\/i0.wp.com\/eltrabajo.cl\/portal\/wp-content\/uploads\/2016\/03\/portada-menor-pistolero.jpg?fit=300%2C198&ssl=1"},"post-thumbnail":{"file":"portada-menor-pistolero-228x150.jpg","width":228,"height":150,"mime_type":"image\/jpeg","source_url":"https:\/\/i0.wp.com\/eltrabajo.cl\/portal\/wp-content\/uploads\/2016\/03\/portada-menor-pistolero.jpg?fit=228%2C150&ssl=1"},"single-post-thumbnail":{"file":"portada-menor-pistolero-400x263.jpg","width":400,"height":263,"mime_type":"image\/jpeg","source_url":"https:\/\/eltrabajo.cl\/portal\/wp-content\/uploads\/2016\/03\/portada-menor-pistolero-400x263.jpg"},"wptouch-new-thumbnail":{"file":"portada-menor-pistolero-144x144.jpg","width":144,"height":144,"mime_type":"image\/jpeg","source_url":"https:\/\/eltrabajo.cl\/portal\/wp-content\/uploads\/2016\/03\/portada-menor-pistolero-144x144.jpg"},"full":{"file":"portada-menor-pistolero.jpg?fit=530%2C349&ssl=1","width":530,"height":349,"mime_type":"image\/jpeg","source_url":"https:\/\/i0.wp.com\/eltrabajo.cl\/portal\/wp-content\/uploads\/2016\/03\/portada-menor-pistolero.jpg?fit=530%2C349&ssl=1"}},"image_meta":{"aperture":"0","credit":"","camera":"","caption":"","created_timestamp":"0","copyright":"","focal_length":"0","iso":"0","shutter_speed":"0","title":"","orientation":"0","keywords":[]}},"post":67927,"source_url":"https:\/\/eltrabajo.cl\/portal\/wp-content\/uploads\/2016\/03\/portada-menor-pistolero.jpg","_links":{"self":[{"href":"https:\/\/eltrabajo.cl\/portal\/wp-json\/wp\/v2\/media\/67928","targetHints":{"allow":["GET"]}}],"collection":[{"href":"https:\/\/eltrabajo.cl\/portal\/wp-json\/wp\/v2\/media"}],"about":[{"href":"https:\/\/eltrabajo.cl\/portal\/wp-json\/wp\/v2\/types\/attachment"}],"author":[{"embeddable":true,"href":"https:\/\/eltrabajo.cl\/portal\/wp-json\/wp\/v2\/users\/1"}],"replies":[{"embeddable":true,"href":"https:\/\/eltrabajo.cl\/portal\/wp-json\/wp\/v2\/comments?post=67928"}],"wp:attached-to":[{"embeddable":true,"post_type":"post","id":67927,"href":"https:\/\/eltrabajo.cl\/portal\/wp-json\/wp\/v2\/posts\/67927"}],"curies":[{"name":"wp","href":"https:\/\/api.w.org\/{rel}","templated":true}]}}

El menor fue reducido por transeúntes luego de cometer delitos en la avenida Chacabuco de San Felipe. Existe preocupación por parte de Carabineros del destino de este menor inmerso en la drogadicción y la delincuencia que ha afectado directamente a los escolares.

<p class="attachment"><a href="https://i0.wp.com/eltrabajo.cl/portal/wp-content/uploads/2016/03/portada-menor-pistolero.jpg?ssl=1"><img loading="lazy" decoding="async" width="300" height="198" src="https://i0.wp.com/eltrabajo.cl/portal/wp-content/uploads/2016/03/portada-menor-pistolero.jpg?fit=300%2C198&amp;ssl=1" class="attachment-medium size-medium" alt="El menor fue reducido por transeúntes luego de cometer delitos en la avenida Chacabuco de San Felipe. Existe preocupación por parte de Carabineros del destino de este menor inmerso en la drogadicción y la delincuencia que ha afectado directamente a los escolares." srcset="https://i0.wp.com/eltrabajo.cl/portal/wp-content/uploads/2016/03/portada-menor-pistolero.jpg?w=530&amp;ssl=1 530w, https://i0.wp.com/eltrabajo.cl/portal/wp-content/uploads/2016/03/portada-menor-pistolero.jpg?resize=200%2C132&amp;ssl=1 200w, https://i0.wp.com/eltrabajo.cl/portal/wp-content/uploads/2016/03/portada-menor-pistolero.jpg?resize=300%2C198&amp;ssl=1 300w, https://i0.wp.com/eltrabajo.cl/portal/wp-content/uploads/2016/03/portada-menor-pistolero.jpg?resize=228%2C150&amp;ssl=1 228w, https://i0.wp.com/eltrabajo.cl/portal/wp-content/uploads/2016/03/portada-menor-pistolero.jpg?resize=400%2C263&amp;ssl=1 400w" sizes="auto, (max-width: 300px) 100vw, 300px" /></a></p>
<p>El menor fue reducido por transeúntes luego de cometer delitos en la avenida Chacabuco de San Felipe. Existe preocupación por parte de Carabineros del destino de este menor inmerso en la drogadicción y la delincuencia que ha afectado directamente a los escolares.</p>

<p>El menor fue reducido por transeúntes luego de cometer delitos en la avenida Chacabuco de San Felipe. Existe preocupación por parte de Carabineros del destino de este menor inmerso en la drogadicción y la delincuencia que ha afectado directamente a los escolares.</p>
