{"id":67933,"date":"2016-03-21T07:59:37","date_gmt":"2016-03-21T10:59:37","guid":{"rendered":"http:\/\/www.eltrabajo.cl\/portal\/wp-content\/uploads\/2016\/03\/Bomberito33.jpg"},"modified":"2016-03-21T08:02:32","modified_gmt":"2016-03-21T11:02:32","slug":"bomberito33","status":"inherit","type":"attachment","link":"https:\/\/eltrabajo.cl\/portal\/bomberos-realizaron-muestra-de-equipo-en-la-plaza-de-armas\/bomberito33\/","title":{"rendered":"BOMBERITO.- Este peque\u00f1\u00edn tambi\u00e9n se dio gusto aprendiendo y manipulando equipo bomberil en nuestra Plaza de Armas."},"author":1,"featured_media":0,"comment_status":"open","ping_status":"closed","template":"","meta":{"advanced_seo_description":"","jetpack_seo_html_title":"","jetpack_seo_noindex":false},"class_list":["post-67933","attachment","type-attachment","status-inherit","hentry"],"jetpack_sharing_enabled":true,"jetpack_likes_enabled":true,"description":{"rendered":"<p class=\"attachment\"><a href=\"https:\/\/i0.wp.com\/eltrabajo.cl\/portal\/wp-content\/uploads\/2016\/03\/Bomberito33.jpg?ssl=1\"><img loading=\"lazy\" decoding=\"async\" width=\"275\" height=\"300\" src=\"https:\/\/i0.wp.com\/eltrabajo.cl\/portal\/wp-content\/uploads\/2016\/03\/Bomberito33.jpg?fit=275%2C300&amp;ssl=1\" class=\"attachment-medium size-medium\" alt=\"BOMBERITO.- Este peque\u00f1\u00edn tambi\u00e9n se dio gusto aprendiendo y manipulando equipo bomberil en nuestra Plaza de Armas.\" srcset=\"https:\/\/i0.wp.com\/eltrabajo.cl\/portal\/wp-content\/uploads\/2016\/03\/Bomberito33.jpg?w=530&amp;ssl=1 530w, https:\/\/i0.wp.com\/eltrabajo.cl\/portal\/wp-content\/uploads\/2016\/03\/Bomberito33.jpg?resize=137%2C150&amp;ssl=1 137w, https:\/\/i0.wp.com\/eltrabajo.cl\/portal\/wp-content\/uploads\/2016\/03\/Bomberito33.jpg?resize=275%2C300&amp;ssl=1 275w, https:\/\/i0.wp.com\/eltrabajo.cl\/portal\/wp-content\/uploads\/2016\/03\/Bomberito33.jpg?resize=400%2C437&amp;ssl=1 400w\" sizes=\"auto, (max-width: 275px) 100vw, 275px\" \/><\/a><\/p>\n<p>BOMBERITO.- Este peque\u00f1\u00edn tambi\u00e9n se dio gusto aprendiendo y manipulando equipo bomberil en nuestra Plaza de Armas.<\/p>\n"},"caption":{"rendered":"<p>BOMBERITO.- Este peque\u00f1\u00edn tambi\u00e9n se dio gusto aprendiendo y manipulando equipo bomberil en nuestra Plaza de Armas.<\/p>\n"},"alt_text":"BOMBERITO.- Este peque\u00f1\u00edn tambi\u00e9n se dio gusto aprendiendo y manipulando equipo bomberil en nuestra Plaza de Armas.","media_type":"image","mime_type":"image\/jpeg","media_details":{"width":530,"height":579,"file":"2016\/03\/Bomberito33.jpg","sizes":{"thumbnail":{"file":"Bomberito33-137x150.jpg","width":137,"height":150,"mime_type":"image\/jpeg","source_url":"https:\/\/i0.wp.com\/eltrabajo.cl\/portal\/wp-content\/uploads\/2016\/03\/Bomberito33.jpg?fit=137%2C150&ssl=1"},"medium":{"file":"Bomberito33-275x300.jpg","width":275,"height":300,"mime_type":"image\/jpeg","source_url":"https:\/\/i0.wp.com\/eltrabajo.cl\/portal\/wp-content\/uploads\/2016\/03\/Bomberito33.jpg?fit=275%2C300&ssl=1"},"post-thumbnail":{"file":"Bomberito33-137x150.jpg","width":137,"height":150,"mime_type":"image\/jpeg","source_url":"https:\/\/i0.wp.com\/eltrabajo.cl\/portal\/wp-content\/uploads\/2016\/03\/Bomberito33.jpg?fit=137%2C150&ssl=1"},"single-post-thumbnail":{"file":"Bomberito33-400x437.jpg","width":400,"height":437,"mime_type":"image\/jpeg","source_url":"https:\/\/eltrabajo.cl\/portal\/wp-content\/uploads\/2016\/03\/Bomberito33-400x437.jpg"},"wptouch-new-thumbnail":{"file":"Bomberito33-144x144.jpg","width":144,"height":144,"mime_type":"image\/jpeg","source_url":"https:\/\/eltrabajo.cl\/portal\/wp-content\/uploads\/2016\/03\/Bomberito33-144x144.jpg"},"full":{"file":"Bomberito33.jpg?fit=530%2C579&ssl=1","width":530,"height":579,"mime_type":"image\/jpeg","source_url":"https:\/\/i0.wp.com\/eltrabajo.cl\/portal\/wp-content\/uploads\/2016\/03\/Bomberito33.jpg?fit=530%2C579&ssl=1"}},"image_meta":{"aperture":"0","credit":"","camera":"","caption":"","created_timestamp":"0","copyright":"","focal_length":"0","iso":"0","shutter_speed":"0","title":"","orientation":"0","keywords":[]}},"post":67932,"source_url":"https:\/\/eltrabajo.cl\/portal\/wp-content\/uploads\/2016\/03\/Bomberito33.jpg","_links":{"self":[{"href":"https:\/\/eltrabajo.cl\/portal\/wp-json\/wp\/v2\/media\/67933","targetHints":{"allow":["GET"]}}],"collection":[{"href":"https:\/\/eltrabajo.cl\/portal\/wp-json\/wp\/v2\/media"}],"about":[{"href":"https:\/\/eltrabajo.cl\/portal\/wp-json\/wp\/v2\/types\/attachment"}],"author":[{"embeddable":true,"href":"https:\/\/eltrabajo.cl\/portal\/wp-json\/wp\/v2\/users\/1"}],"replies":[{"embeddable":true,"href":"https:\/\/eltrabajo.cl\/portal\/wp-json\/wp\/v2\/comments?post=67933"}],"wp:attached-to":[{"embeddable":true,"post_type":"post","id":67932,"href":"https:\/\/eltrabajo.cl\/portal\/wp-json\/wp\/v2\/posts\/67932"}],"curies":[{"name":"wp","href":"https:\/\/api.w.org\/{rel}","templated":true}]}}

BOMBERITO.- Este pequeñín también se dio gusto aprendiendo y manipulando equipo bomberil en nuestra Plaza de Armas.

<p class="attachment"><a href="https://i0.wp.com/eltrabajo.cl/portal/wp-content/uploads/2016/03/Bomberito33.jpg?ssl=1"><img loading="lazy" decoding="async" width="275" height="300" src="https://i0.wp.com/eltrabajo.cl/portal/wp-content/uploads/2016/03/Bomberito33.jpg?fit=275%2C300&amp;ssl=1" class="attachment-medium size-medium" alt="BOMBERITO.- Este pequeñín también se dio gusto aprendiendo y manipulando equipo bomberil en nuestra Plaza de Armas." srcset="https://i0.wp.com/eltrabajo.cl/portal/wp-content/uploads/2016/03/Bomberito33.jpg?w=530&amp;ssl=1 530w, https://i0.wp.com/eltrabajo.cl/portal/wp-content/uploads/2016/03/Bomberito33.jpg?resize=137%2C150&amp;ssl=1 137w, https://i0.wp.com/eltrabajo.cl/portal/wp-content/uploads/2016/03/Bomberito33.jpg?resize=275%2C300&amp;ssl=1 275w, https://i0.wp.com/eltrabajo.cl/portal/wp-content/uploads/2016/03/Bomberito33.jpg?resize=400%2C437&amp;ssl=1 400w" sizes="auto, (max-width: 275px) 100vw, 275px" /></a></p>
<p>BOMBERITO.- Este pequeñín también se dio gusto aprendiendo y manipulando equipo bomberil en nuestra Plaza de Armas.</p>

<p>BOMBERITO.- Este pequeñín también se dio gusto aprendiendo y manipulando equipo bomberil en nuestra Plaza de Armas.</p>
