{"id":68132,"date":"2016-03-28T09:02:53","date_gmt":"2016-03-28T12:02:53","guid":{"rendered":"http:\/\/www.eltrabajo.cl\/portal\/wp-content\/uploads\/2016\/03\/Bailes3.jpg"},"modified":"2016-03-28T09:06:29","modified_gmt":"2016-03-28T12:06:29","slug":"bailes3","status":"inherit","type":"attachment","link":"https:\/\/eltrabajo.cl\/portal\/agrupaciones-de-todo-el-pais-llegan-a-encuentro-de-bailes-de-diablada\/bailes3\/","title":{"rendered":"ELLOS TAMBI\u00c9N.- La agrupaci\u00f3n Remehue, de Con Con, tambi\u00e9n visit\u00f3 nuestra ciudad para ofrecer su trabajo al Cristo Resucitado."},"author":1,"featured_media":0,"comment_status":"open","ping_status":"closed","template":"","meta":{"advanced_seo_description":"","jetpack_seo_html_title":"","jetpack_seo_noindex":false},"class_list":["post-68132","attachment","type-attachment","status-inherit","hentry"],"jetpack_sharing_enabled":true,"jetpack_likes_enabled":true,"description":{"rendered":"<p class=\"attachment\"><a href=\"https:\/\/i0.wp.com\/eltrabajo.cl\/portal\/wp-content\/uploads\/2016\/03\/Bailes3.jpg?ssl=1\"><img loading=\"lazy\" decoding=\"async\" width=\"300\" height=\"198\" src=\"https:\/\/i0.wp.com\/eltrabajo.cl\/portal\/wp-content\/uploads\/2016\/03\/Bailes3.jpg?fit=300%2C198&amp;ssl=1\" class=\"attachment-medium size-medium\" alt=\"ELLOS TAMBI\u00c9N.- La agrupaci\u00f3n Remehue, de Con Con, tambi\u00e9n visit\u00f3 nuestra ciudad para ofrecer su trabajo al Cristo Resucitado.\" srcset=\"https:\/\/i0.wp.com\/eltrabajo.cl\/portal\/wp-content\/uploads\/2016\/03\/Bailes3.jpg?w=530&amp;ssl=1 530w, https:\/\/i0.wp.com\/eltrabajo.cl\/portal\/wp-content\/uploads\/2016\/03\/Bailes3.jpg?resize=200%2C132&amp;ssl=1 200w, https:\/\/i0.wp.com\/eltrabajo.cl\/portal\/wp-content\/uploads\/2016\/03\/Bailes3.jpg?resize=300%2C198&amp;ssl=1 300w, https:\/\/i0.wp.com\/eltrabajo.cl\/portal\/wp-content\/uploads\/2016\/03\/Bailes3.jpg?resize=227%2C150&amp;ssl=1 227w, https:\/\/i0.wp.com\/eltrabajo.cl\/portal\/wp-content\/uploads\/2016\/03\/Bailes3.jpg?resize=400%2C264&amp;ssl=1 400w\" sizes=\"auto, (max-width: 300px) 100vw, 300px\" \/><\/a><\/p>\n<p>ELLOS TAMBI\u00c9N.- La agrupaci\u00f3n Remehue, de Con Con, tambi\u00e9n visit\u00f3 nuestra ciudad para ofrecer su trabajo al Cristo Resucitado.<\/p>\n"},"caption":{"rendered":"<p>ELLOS TAMBI\u00c9N.- La agrupaci\u00f3n Remehue, de Con Con, tambi\u00e9n visit\u00f3 nuestra ciudad para ofrecer su trabajo al Cristo Resucitado.<\/p>\n"},"alt_text":"ELLOS TAMBI\u00c9N.- La agrupaci\u00f3n Remehue, de Con Con, tambi\u00e9n visit\u00f3 nuestra ciudad para ofrecer su trabajo al Cristo Resucitado.","media_type":"image","mime_type":"image\/jpeg","media_details":{"width":530,"height":350,"file":"2016\/03\/Bailes3.jpg","sizes":{"thumbnail":{"file":"Bailes3-200x132.jpg","width":200,"height":132,"mime_type":"image\/jpeg","source_url":"https:\/\/i0.wp.com\/eltrabajo.cl\/portal\/wp-content\/uploads\/2016\/03\/Bailes3.jpg?fit=200%2C132&ssl=1"},"medium":{"file":"Bailes3-300x198.jpg","width":300,"height":198,"mime_type":"image\/jpeg","source_url":"https:\/\/i0.wp.com\/eltrabajo.cl\/portal\/wp-content\/uploads\/2016\/03\/Bailes3.jpg?fit=300%2C198&ssl=1"},"post-thumbnail":{"file":"Bailes3-227x150.jpg","width":227,"height":150,"mime_type":"image\/jpeg","source_url":"https:\/\/i0.wp.com\/eltrabajo.cl\/portal\/wp-content\/uploads\/2016\/03\/Bailes3.jpg?fit=227%2C150&ssl=1"},"single-post-thumbnail":{"file":"Bailes3-400x264.jpg","width":400,"height":264,"mime_type":"image\/jpeg","source_url":"https:\/\/eltrabajo.cl\/portal\/wp-content\/uploads\/2016\/03\/Bailes3-400x264.jpg"},"wptouch-new-thumbnail":{"file":"Bailes3-144x144.jpg","width":144,"height":144,"mime_type":"image\/jpeg","source_url":"https:\/\/eltrabajo.cl\/portal\/wp-content\/uploads\/2016\/03\/Bailes3-144x144.jpg"},"full":{"file":"Bailes3.jpg?fit=530%2C350&ssl=1","width":530,"height":350,"mime_type":"image\/jpeg","source_url":"https:\/\/i0.wp.com\/eltrabajo.cl\/portal\/wp-content\/uploads\/2016\/03\/Bailes3.jpg?fit=530%2C350&ssl=1"}},"image_meta":{"aperture":"0","credit":"","camera":"","caption":"","created_timestamp":"0","copyright":"","focal_length":"0","iso":"0","shutter_speed":"0","title":"","orientation":"0","keywords":[]}},"post":68129,"source_url":"https:\/\/eltrabajo.cl\/portal\/wp-content\/uploads\/2016\/03\/Bailes3.jpg","_links":{"self":[{"href":"https:\/\/eltrabajo.cl\/portal\/wp-json\/wp\/v2\/media\/68132","targetHints":{"allow":["GET"]}}],"collection":[{"href":"https:\/\/eltrabajo.cl\/portal\/wp-json\/wp\/v2\/media"}],"about":[{"href":"https:\/\/eltrabajo.cl\/portal\/wp-json\/wp\/v2\/types\/attachment"}],"author":[{"embeddable":true,"href":"https:\/\/eltrabajo.cl\/portal\/wp-json\/wp\/v2\/users\/1"}],"replies":[{"embeddable":true,"href":"https:\/\/eltrabajo.cl\/portal\/wp-json\/wp\/v2\/comments?post=68132"}],"wp:attached-to":[{"embeddable":true,"post_type":"post","id":68129,"href":"https:\/\/eltrabajo.cl\/portal\/wp-json\/wp\/v2\/posts\/68129"}],"curies":[{"name":"wp","href":"https:\/\/api.w.org\/{rel}","templated":true}]}}

ELLOS TAMBIÉN.- La agrupación Remehue, de Con Con, también visitó nuestra ciudad para ofrecer su trabajo al Cristo Resucitado.

<p class="attachment"><a href="https://i0.wp.com/eltrabajo.cl/portal/wp-content/uploads/2016/03/Bailes3.jpg?ssl=1"><img loading="lazy" decoding="async" width="300" height="198" src="https://i0.wp.com/eltrabajo.cl/portal/wp-content/uploads/2016/03/Bailes3.jpg?fit=300%2C198&amp;ssl=1" class="attachment-medium size-medium" alt="ELLOS TAMBIÉN.- La agrupación Remehue, de Con Con, también visitó nuestra ciudad para ofrecer su trabajo al Cristo Resucitado." srcset="https://i0.wp.com/eltrabajo.cl/portal/wp-content/uploads/2016/03/Bailes3.jpg?w=530&amp;ssl=1 530w, https://i0.wp.com/eltrabajo.cl/portal/wp-content/uploads/2016/03/Bailes3.jpg?resize=200%2C132&amp;ssl=1 200w, https://i0.wp.com/eltrabajo.cl/portal/wp-content/uploads/2016/03/Bailes3.jpg?resize=300%2C198&amp;ssl=1 300w, https://i0.wp.com/eltrabajo.cl/portal/wp-content/uploads/2016/03/Bailes3.jpg?resize=227%2C150&amp;ssl=1 227w, https://i0.wp.com/eltrabajo.cl/portal/wp-content/uploads/2016/03/Bailes3.jpg?resize=400%2C264&amp;ssl=1 400w" sizes="auto, (max-width: 300px) 100vw, 300px" /></a></p>
<p>ELLOS TAMBIÉN.- La agrupación Remehue, de Con Con, también visitó nuestra ciudad para ofrecer su trabajo al Cristo Resucitado.</p>

<p>ELLOS TAMBIÉN.- La agrupación Remehue, de Con Con, también visitó nuestra ciudad para ofrecer su trabajo al Cristo Resucitado.</p>
