{"id":68140,"date":"2016-03-28T09:09:04","date_gmt":"2016-03-28T12:09:04","guid":{"rendered":"http:\/\/www.eltrabajo.cl\/portal\/wp-content\/uploads\/2016\/03\/santa4.jpg"},"modified":"2016-03-28T09:09:15","modified_gmt":"2016-03-28T12:09:15","slug":"samsung-csc-121","status":"inherit","type":"attachment","link":"https:\/\/eltrabajo.cl\/portal\/conductor-ebrio-choco-dos-vehiculos-estacionados-antes-de-volcar-y-danar-casa\/samsung-csc-121\/","title":{"rendered":"El conductor colision\u00f3 dos veh\u00edculos estacionados antes de volcarse, causando da\u00f1os de consideraci\u00f3n en el frontis de la casa signada con el n\u00famero 165 de Agua Santa."},"author":1,"featured_media":0,"comment_status":"open","ping_status":"closed","template":"","meta":{"advanced_seo_description":"","jetpack_seo_html_title":"","jetpack_seo_noindex":false},"class_list":["post-68140","attachment","type-attachment","status-inherit","hentry"],"jetpack_sharing_enabled":true,"jetpack_likes_enabled":true,"description":{"rendered":"<p class=\"attachment\"><a href=\"https:\/\/i0.wp.com\/eltrabajo.cl\/portal\/wp-content\/uploads\/2016\/03\/santa4.jpg?ssl=1\"><img loading=\"lazy\" decoding=\"async\" width=\"300\" height=\"197\" src=\"https:\/\/i0.wp.com\/eltrabajo.cl\/portal\/wp-content\/uploads\/2016\/03\/santa4.jpg?fit=300%2C197&amp;ssl=1\" class=\"attachment-medium size-medium\" alt=\"El conductor colision\u00f3 dos veh\u00edculos estacionados antes de volcarse, causando da\u00f1os de consideraci\u00f3n en el frontis de la casa signada con el n\u00famero 165 de Agua Santa.\" srcset=\"https:\/\/i0.wp.com\/eltrabajo.cl\/portal\/wp-content\/uploads\/2016\/03\/santa4.jpg?w=530&amp;ssl=1 530w, https:\/\/i0.wp.com\/eltrabajo.cl\/portal\/wp-content\/uploads\/2016\/03\/santa4.jpg?resize=200%2C131&amp;ssl=1 200w, https:\/\/i0.wp.com\/eltrabajo.cl\/portal\/wp-content\/uploads\/2016\/03\/santa4.jpg?resize=300%2C197&amp;ssl=1 300w, https:\/\/i0.wp.com\/eltrabajo.cl\/portal\/wp-content\/uploads\/2016\/03\/santa4.jpg?resize=228%2C150&amp;ssl=1 228w, https:\/\/i0.wp.com\/eltrabajo.cl\/portal\/wp-content\/uploads\/2016\/03\/santa4.jpg?resize=400%2C263&amp;ssl=1 400w\" sizes=\"auto, (max-width: 300px) 100vw, 300px\" \/><\/a><\/p>\n<p>El conductor colision\u00f3 dos veh\u00edculos estacionados antes de volcarse, causando da\u00f1os de consideraci\u00f3n en el frontis de la casa signada con el n\u00famero 165 de Agua Santa.<\/p>\n"},"caption":{"rendered":"<p>El conductor colision\u00f3 dos veh\u00edculos estacionados antes de volcarse, causando da\u00f1os de consideraci\u00f3n en el frontis de la casa signada con el n\u00famero 165 de Agua Santa.<\/p>\n"},"alt_text":"El conductor colision\u00f3 dos veh\u00edculos estacionados antes de volcarse, causando da\u00f1os de consideraci\u00f3n en el frontis de la casa signada con el n\u00famero 165 de Agua Santa.","media_type":"image","mime_type":"image\/jpeg","media_details":{"width":530,"height":348,"file":"2016\/03\/santa4.jpg","sizes":{"thumbnail":{"file":"santa4-200x131.jpg","width":200,"height":131,"mime_type":"image\/jpeg","source_url":"https:\/\/i0.wp.com\/eltrabajo.cl\/portal\/wp-content\/uploads\/2016\/03\/santa4.jpg?fit=200%2C131&ssl=1"},"medium":{"file":"santa4-300x197.jpg","width":300,"height":197,"mime_type":"image\/jpeg","source_url":"https:\/\/i0.wp.com\/eltrabajo.cl\/portal\/wp-content\/uploads\/2016\/03\/santa4.jpg?fit=300%2C197&ssl=1"},"post-thumbnail":{"file":"santa4-228x150.jpg","width":228,"height":150,"mime_type":"image\/jpeg","source_url":"https:\/\/i0.wp.com\/eltrabajo.cl\/portal\/wp-content\/uploads\/2016\/03\/santa4.jpg?fit=228%2C150&ssl=1"},"single-post-thumbnail":{"file":"santa4-400x263.jpg","width":400,"height":263,"mime_type":"image\/jpeg","source_url":"https:\/\/eltrabajo.cl\/portal\/wp-content\/uploads\/2016\/03\/santa4-400x263.jpg"},"wptouch-new-thumbnail":{"file":"santa4-144x144.jpg","width":144,"height":144,"mime_type":"image\/jpeg","source_url":"https:\/\/eltrabajo.cl\/portal\/wp-content\/uploads\/2016\/03\/santa4-144x144.jpg"},"full":{"file":"santa4.jpg?fit=530%2C348&ssl=1","width":530,"height":348,"mime_type":"image\/jpeg","source_url":"https:\/\/i0.wp.com\/eltrabajo.cl\/portal\/wp-content\/uploads\/2016\/03\/santa4.jpg?fit=530%2C348&ssl=1"}},"image_meta":{"aperture":"0","credit":"","camera":"","caption":"SAMSUNG CSC","created_timestamp":"0","copyright":"","focal_length":"0","iso":"0","shutter_speed":"0","title":"SAMSUNG CSC","orientation":"0","keywords":[]}},"post":68139,"source_url":"https:\/\/eltrabajo.cl\/portal\/wp-content\/uploads\/2016\/03\/santa4.jpg","_links":{"self":[{"href":"https:\/\/eltrabajo.cl\/portal\/wp-json\/wp\/v2\/media\/68140","targetHints":{"allow":["GET"]}}],"collection":[{"href":"https:\/\/eltrabajo.cl\/portal\/wp-json\/wp\/v2\/media"}],"about":[{"href":"https:\/\/eltrabajo.cl\/portal\/wp-json\/wp\/v2\/types\/attachment"}],"author":[{"embeddable":true,"href":"https:\/\/eltrabajo.cl\/portal\/wp-json\/wp\/v2\/users\/1"}],"replies":[{"embeddable":true,"href":"https:\/\/eltrabajo.cl\/portal\/wp-json\/wp\/v2\/comments?post=68140"}],"wp:attached-to":[{"embeddable":true,"post_type":"post","id":68139,"href":"https:\/\/eltrabajo.cl\/portal\/wp-json\/wp\/v2\/posts\/68139"}],"curies":[{"name":"wp","href":"https:\/\/api.w.org\/{rel}","templated":true}]}}

El conductor colisionó dos vehículos estacionados antes de volcarse, causando daños de consideración en el frontis de la casa signada con el número 165 de Agua Santa.

<p class="attachment"><a href="https://i0.wp.com/eltrabajo.cl/portal/wp-content/uploads/2016/03/santa4.jpg?ssl=1"><img loading="lazy" decoding="async" width="300" height="197" src="https://i0.wp.com/eltrabajo.cl/portal/wp-content/uploads/2016/03/santa4.jpg?fit=300%2C197&amp;ssl=1" class="attachment-medium size-medium" alt="El conductor colisionó dos vehículos estacionados antes de volcarse, causando daños de consideración en el frontis de la casa signada con el número 165 de Agua Santa." srcset="https://i0.wp.com/eltrabajo.cl/portal/wp-content/uploads/2016/03/santa4.jpg?w=530&amp;ssl=1 530w, https://i0.wp.com/eltrabajo.cl/portal/wp-content/uploads/2016/03/santa4.jpg?resize=200%2C131&amp;ssl=1 200w, https://i0.wp.com/eltrabajo.cl/portal/wp-content/uploads/2016/03/santa4.jpg?resize=300%2C197&amp;ssl=1 300w, https://i0.wp.com/eltrabajo.cl/portal/wp-content/uploads/2016/03/santa4.jpg?resize=228%2C150&amp;ssl=1 228w, https://i0.wp.com/eltrabajo.cl/portal/wp-content/uploads/2016/03/santa4.jpg?resize=400%2C263&amp;ssl=1 400w" sizes="auto, (max-width: 300px) 100vw, 300px" /></a></p>
<p>El conductor colisionó dos vehículos estacionados antes de volcarse, causando daños de consideración en el frontis de la casa signada con el número 165 de Agua Santa.</p>

<p>El conductor colisionó dos vehículos estacionados antes de volcarse, causando daños de consideración en el frontis de la casa signada con el número 165 de Agua Santa.</p>
