{"id":68150,"date":"2016-03-28T09:16:37","date_gmt":"2016-03-28T12:16:37","guid":{"rendered":"http:\/\/www.eltrabajo.cl\/portal\/wp-content\/uploads\/2016\/03\/Cena1.jpg"},"modified":"2016-03-28T09:17:30","modified_gmt":"2016-03-28T12:17:30","slug":"cena1-4","status":"inherit","type":"attachment","link":"https:\/\/eltrabajo.cl\/portal\/escolares-tambien-celebraron-la-semana-santa-en-sus-escuelas\/cena1-4\/","title":{"rendered":"LAVAMIENTO DE PIES.- En la Jos\u00e9 de San Mart\u00edn, los profesores procedieron al Lavamiento de pies, tal cual lo hizo Jes\u00fas a sus ap\u00f3stoles."},"author":1,"featured_media":0,"comment_status":"open","ping_status":"closed","template":"","meta":{"advanced_seo_description":"","jetpack_seo_html_title":"","jetpack_seo_noindex":false},"class_list":["post-68150","attachment","type-attachment","status-inherit","hentry"],"jetpack_sharing_enabled":true,"jetpack_likes_enabled":true,"description":{"rendered":"<p class=\"attachment\"><a href=\"https:\/\/i0.wp.com\/eltrabajo.cl\/portal\/wp-content\/uploads\/2016\/03\/Cena1.jpg?ssl=1\"><img loading=\"lazy\" decoding=\"async\" width=\"300\" height=\"198\" src=\"https:\/\/i0.wp.com\/eltrabajo.cl\/portal\/wp-content\/uploads\/2016\/03\/Cena1.jpg?fit=300%2C198&amp;ssl=1\" class=\"attachment-medium size-medium\" alt=\"LAVAMIENTO DE PIES.- En la Jos\u00e9 de San Mart\u00edn, los profesores procedieron al Lavamiento de pies, tal cual lo hizo Jes\u00fas a sus ap\u00f3stoles.\" srcset=\"https:\/\/i0.wp.com\/eltrabajo.cl\/portal\/wp-content\/uploads\/2016\/03\/Cena1.jpg?w=530&amp;ssl=1 530w, https:\/\/i0.wp.com\/eltrabajo.cl\/portal\/wp-content\/uploads\/2016\/03\/Cena1.jpg?resize=200%2C132&amp;ssl=1 200w, https:\/\/i0.wp.com\/eltrabajo.cl\/portal\/wp-content\/uploads\/2016\/03\/Cena1.jpg?resize=300%2C198&amp;ssl=1 300w, https:\/\/i0.wp.com\/eltrabajo.cl\/portal\/wp-content\/uploads\/2016\/03\/Cena1.jpg?resize=227%2C150&amp;ssl=1 227w, https:\/\/i0.wp.com\/eltrabajo.cl\/portal\/wp-content\/uploads\/2016\/03\/Cena1.jpg?resize=400%2C264&amp;ssl=1 400w\" sizes=\"auto, (max-width: 300px) 100vw, 300px\" \/><\/a><\/p>\n<p>LAVAMIENTO DE PIES.- En la Jos\u00e9 de San Mart\u00edn, los profesores procedieron al Lavamiento de pies, tal cual lo hizo Jes\u00fas a sus ap\u00f3stoles.<\/p>\n"},"caption":{"rendered":"<p>LAVAMIENTO DE PIES.- En la Jos\u00e9 de San Mart\u00edn, los profesores procedieron al Lavamiento de pies, tal cual lo hizo Jes\u00fas a sus ap\u00f3stoles.<\/p>\n"},"alt_text":"LAVAMIENTO DE PIES.- En la Jos\u00e9 de San Mart\u00edn, los profesores procedieron al Lavamiento de pies, tal cual lo hizo Jes\u00fas a sus ap\u00f3stoles.","media_type":"image","mime_type":"image\/jpeg","media_details":{"width":530,"height":350,"file":"2016\/03\/Cena1.jpg","sizes":{"thumbnail":{"file":"Cena1-200x132.jpg","width":200,"height":132,"mime_type":"image\/jpeg","source_url":"https:\/\/i0.wp.com\/eltrabajo.cl\/portal\/wp-content\/uploads\/2016\/03\/Cena1.jpg?fit=200%2C132&ssl=1"},"medium":{"file":"Cena1-300x198.jpg","width":300,"height":198,"mime_type":"image\/jpeg","source_url":"https:\/\/i0.wp.com\/eltrabajo.cl\/portal\/wp-content\/uploads\/2016\/03\/Cena1.jpg?fit=300%2C198&ssl=1"},"post-thumbnail":{"file":"Cena1-227x150.jpg","width":227,"height":150,"mime_type":"image\/jpeg","source_url":"https:\/\/i0.wp.com\/eltrabajo.cl\/portal\/wp-content\/uploads\/2016\/03\/Cena1.jpg?fit=227%2C150&ssl=1"},"single-post-thumbnail":{"file":"Cena1-400x264.jpg","width":400,"height":264,"mime_type":"image\/jpeg","source_url":"https:\/\/eltrabajo.cl\/portal\/wp-content\/uploads\/2016\/03\/Cena1-400x264.jpg"},"wptouch-new-thumbnail":{"file":"Cena1-144x144.jpg","width":144,"height":144,"mime_type":"image\/jpeg","source_url":"https:\/\/eltrabajo.cl\/portal\/wp-content\/uploads\/2016\/03\/Cena1-144x144.jpg"},"full":{"file":"Cena1.jpg?fit=530%2C350&ssl=1","width":530,"height":350,"mime_type":"image\/jpeg","source_url":"https:\/\/i0.wp.com\/eltrabajo.cl\/portal\/wp-content\/uploads\/2016\/03\/Cena1.jpg?fit=530%2C350&ssl=1"}},"image_meta":{"aperture":"0","credit":"","camera":"","caption":"","created_timestamp":"0","copyright":"","focal_length":"0","iso":"0","shutter_speed":"0","title":"","orientation":"0","keywords":[]}},"post":68149,"source_url":"https:\/\/eltrabajo.cl\/portal\/wp-content\/uploads\/2016\/03\/Cena1.jpg","_links":{"self":[{"href":"https:\/\/eltrabajo.cl\/portal\/wp-json\/wp\/v2\/media\/68150","targetHints":{"allow":["GET"]}}],"collection":[{"href":"https:\/\/eltrabajo.cl\/portal\/wp-json\/wp\/v2\/media"}],"about":[{"href":"https:\/\/eltrabajo.cl\/portal\/wp-json\/wp\/v2\/types\/attachment"}],"author":[{"embeddable":true,"href":"https:\/\/eltrabajo.cl\/portal\/wp-json\/wp\/v2\/users\/1"}],"replies":[{"embeddable":true,"href":"https:\/\/eltrabajo.cl\/portal\/wp-json\/wp\/v2\/comments?post=68150"}],"wp:attached-to":[{"embeddable":true,"post_type":"post","id":68149,"href":"https:\/\/eltrabajo.cl\/portal\/wp-json\/wp\/v2\/posts\/68149"}],"curies":[{"name":"wp","href":"https:\/\/api.w.org\/{rel}","templated":true}]}}

LAVAMIENTO DE PIES.- En la José de San Martín, los profesores procedieron al Lavamiento de pies, tal cual lo hizo Jesús a sus apóstoles.

<p class="attachment"><a href="https://i0.wp.com/eltrabajo.cl/portal/wp-content/uploads/2016/03/Cena1.jpg?ssl=1"><img loading="lazy" decoding="async" width="300" height="198" src="https://i0.wp.com/eltrabajo.cl/portal/wp-content/uploads/2016/03/Cena1.jpg?fit=300%2C198&amp;ssl=1" class="attachment-medium size-medium" alt="LAVAMIENTO DE PIES.- En la José de San Martín, los profesores procedieron al Lavamiento de pies, tal cual lo hizo Jesús a sus apóstoles." srcset="https://i0.wp.com/eltrabajo.cl/portal/wp-content/uploads/2016/03/Cena1.jpg?w=530&amp;ssl=1 530w, https://i0.wp.com/eltrabajo.cl/portal/wp-content/uploads/2016/03/Cena1.jpg?resize=200%2C132&amp;ssl=1 200w, https://i0.wp.com/eltrabajo.cl/portal/wp-content/uploads/2016/03/Cena1.jpg?resize=300%2C198&amp;ssl=1 300w, https://i0.wp.com/eltrabajo.cl/portal/wp-content/uploads/2016/03/Cena1.jpg?resize=227%2C150&amp;ssl=1 227w, https://i0.wp.com/eltrabajo.cl/portal/wp-content/uploads/2016/03/Cena1.jpg?resize=400%2C264&amp;ssl=1 400w" sizes="auto, (max-width: 300px) 100vw, 300px" /></a></p>
<p>LAVAMIENTO DE PIES.- En la José de San Martín, los profesores procedieron al Lavamiento de pies, tal cual lo hizo Jesús a sus apóstoles.</p>

<p>LAVAMIENTO DE PIES.- En la José de San Martín, los profesores procedieron al Lavamiento de pies, tal cual lo hizo Jesús a sus apóstoles.</p>
