{"id":68170,"date":"2016-03-29T07:38:11","date_gmt":"2016-03-29T10:38:11","guid":{"rendered":"http:\/\/www.eltrabajo.cl\/portal\/wp-content\/uploads\/2016\/03\/Permiso33.jpg"},"modified":"2016-03-29T07:38:24","modified_gmt":"2016-03-29T10:38:24","slug":"permiso33","status":"inherit","type":"attachment","link":"https:\/\/eltrabajo.cl\/portal\/alcalde-zurita-niega-que-su-municipio-vendiera-permisos-de-patentes-en-valparaiso\/permiso33\/","title":{"rendered":"Permiso33"},"author":482,"featured_media":0,"comment_status":"open","ping_status":"closed","template":"","meta":{"advanced_seo_description":"","jetpack_seo_html_title":"","jetpack_seo_noindex":false},"class_list":["post-68170","attachment","type-attachment","status-inherit","hentry"],"jetpack_sharing_enabled":true,"jetpack_likes_enabled":true,"description":{"rendered":"<p class=\"attachment\"><a href=\"https:\/\/i0.wp.com\/eltrabajo.cl\/portal\/wp-content\/uploads\/2016\/03\/Permiso33.jpg?ssl=1\"><img loading=\"lazy\" decoding=\"async\" width=\"300\" height=\"198\" src=\"https:\/\/i0.wp.com\/eltrabajo.cl\/portal\/wp-content\/uploads\/2016\/03\/Permiso33.jpg?fit=300%2C198&amp;ssl=1\" class=\"attachment-medium size-medium\" alt=\"LA DENUNCIA.- La denuncia la realiz\u00f3 el concejal porte\u00f1o Carlos Bannen, dirigida principalmente al director del Serviu, Manuel Le\u00f3n Saa, exadministrador de la Municipalidad de Santa Mar\u00eda.\" srcset=\"https:\/\/i0.wp.com\/eltrabajo.cl\/portal\/wp-content\/uploads\/2016\/03\/Permiso33.jpg?w=530&amp;ssl=1 530w, https:\/\/i0.wp.com\/eltrabajo.cl\/portal\/wp-content\/uploads\/2016\/03\/Permiso33.jpg?resize=200%2C132&amp;ssl=1 200w, https:\/\/i0.wp.com\/eltrabajo.cl\/portal\/wp-content\/uploads\/2016\/03\/Permiso33.jpg?resize=300%2C198&amp;ssl=1 300w, https:\/\/i0.wp.com\/eltrabajo.cl\/portal\/wp-content\/uploads\/2016\/03\/Permiso33.jpg?resize=227%2C150&amp;ssl=1 227w, https:\/\/i0.wp.com\/eltrabajo.cl\/portal\/wp-content\/uploads\/2016\/03\/Permiso33.jpg?resize=400%2C264&amp;ssl=1 400w\" sizes=\"auto, (max-width: 300px) 100vw, 300px\" \/><\/a><\/p>\n<p>LA DENUNCIA.- La denuncia la realiz\u00f3 el concejal porte\u00f1o Carlos Bannen, dirigida principalmente al director del Serviu, Manuel Le\u00f3n Saa, exadministrador de la Municipalidad de Santa Mar\u00eda. <\/p>\n"},"caption":{"rendered":"<p>LA DENUNCIA.- La denuncia la realiz\u00f3 el concejal porte\u00f1o Carlos Bannen, dirigida principalmente al director del Serviu, Manuel Le\u00f3n Saa, exadministrador de la Municipalidad de Santa Mar\u00eda. <\/p>\n"},"alt_text":"LA DENUNCIA.- La denuncia la realiz\u00f3 el concejal porte\u00f1o Carlos Bannen, dirigida principalmente al director del Serviu, Manuel Le\u00f3n Saa, exadministrador de la Municipalidad de Santa Mar\u00eda.","media_type":"image","mime_type":"image\/jpeg","media_details":{"width":530,"height":350,"file":"2016\/03\/Permiso33.jpg","sizes":{"thumbnail":{"file":"Permiso33-200x132.jpg","width":200,"height":132,"mime_type":"image\/jpeg","source_url":"https:\/\/i0.wp.com\/eltrabajo.cl\/portal\/wp-content\/uploads\/2016\/03\/Permiso33.jpg?fit=200%2C132&ssl=1"},"medium":{"file":"Permiso33-300x198.jpg","width":300,"height":198,"mime_type":"image\/jpeg","source_url":"https:\/\/i0.wp.com\/eltrabajo.cl\/portal\/wp-content\/uploads\/2016\/03\/Permiso33.jpg?fit=300%2C198&ssl=1"},"post-thumbnail":{"file":"Permiso33-227x150.jpg","width":227,"height":150,"mime_type":"image\/jpeg","source_url":"https:\/\/i0.wp.com\/eltrabajo.cl\/portal\/wp-content\/uploads\/2016\/03\/Permiso33.jpg?fit=227%2C150&ssl=1"},"single-post-thumbnail":{"file":"Permiso33-400x264.jpg","width":400,"height":264,"mime_type":"image\/jpeg","source_url":"https:\/\/eltrabajo.cl\/portal\/wp-content\/uploads\/2016\/03\/Permiso33-400x264.jpg"},"wptouch-new-thumbnail":{"file":"Permiso33-144x144.jpg","width":144,"height":144,"mime_type":"image\/jpeg","source_url":"https:\/\/eltrabajo.cl\/portal\/wp-content\/uploads\/2016\/03\/Permiso33-144x144.jpg"},"full":{"file":"Permiso33.jpg?fit=530%2C350&ssl=1","width":530,"height":350,"mime_type":"image\/jpeg","source_url":"https:\/\/i0.wp.com\/eltrabajo.cl\/portal\/wp-content\/uploads\/2016\/03\/Permiso33.jpg?fit=530%2C350&ssl=1"}},"image_meta":{"aperture":"0","credit":"","camera":"","caption":"","created_timestamp":"0","copyright":"","focal_length":"0","iso":"0","shutter_speed":"0","title":"","orientation":"0","keywords":[]}},"post":68167,"source_url":"https:\/\/eltrabajo.cl\/portal\/wp-content\/uploads\/2016\/03\/Permiso33.jpg","_links":{"self":[{"href":"https:\/\/eltrabajo.cl\/portal\/wp-json\/wp\/v2\/media\/68170","targetHints":{"allow":["GET"]}}],"collection":[{"href":"https:\/\/eltrabajo.cl\/portal\/wp-json\/wp\/v2\/media"}],"about":[{"href":"https:\/\/eltrabajo.cl\/portal\/wp-json\/wp\/v2\/types\/attachment"}],"author":[{"embeddable":true,"href":"https:\/\/eltrabajo.cl\/portal\/wp-json\/wp\/v2\/users\/482"}],"replies":[{"embeddable":true,"href":"https:\/\/eltrabajo.cl\/portal\/wp-json\/wp\/v2\/comments?post=68170"}],"wp:attached-to":[{"embeddable":true,"post_type":"post","id":68167,"href":"https:\/\/eltrabajo.cl\/portal\/wp-json\/wp\/v2\/posts\/68167"}],"curies":[{"name":"wp","href":"https:\/\/api.w.org\/{rel}","templated":true}]}}

<p class="attachment"><a href="https://i0.wp.com/eltrabajo.cl/portal/wp-content/uploads/2016/03/Permiso33.jpg?ssl=1"><img loading="lazy" decoding="async" width="300" height="198" src="https://i0.wp.com/eltrabajo.cl/portal/wp-content/uploads/2016/03/Permiso33.jpg?fit=300%2C198&amp;ssl=1" class="attachment-medium size-medium" alt="LA DENUNCIA.- La denuncia la realizó el concejal porteño Carlos Bannen, dirigida principalmente al director del Serviu, Manuel León Saa, exadministrador de la Municipalidad de Santa María." srcset="https://i0.wp.com/eltrabajo.cl/portal/wp-content/uploads/2016/03/Permiso33.jpg?w=530&amp;ssl=1 530w, https://i0.wp.com/eltrabajo.cl/portal/wp-content/uploads/2016/03/Permiso33.jpg?resize=200%2C132&amp;ssl=1 200w, https://i0.wp.com/eltrabajo.cl/portal/wp-content/uploads/2016/03/Permiso33.jpg?resize=300%2C198&amp;ssl=1 300w, https://i0.wp.com/eltrabajo.cl/portal/wp-content/uploads/2016/03/Permiso33.jpg?resize=227%2C150&amp;ssl=1 227w, https://i0.wp.com/eltrabajo.cl/portal/wp-content/uploads/2016/03/Permiso33.jpg?resize=400%2C264&amp;ssl=1 400w" sizes="auto, (max-width: 300px) 100vw, 300px" /></a></p>
<p>LA DENUNCIA.- La denuncia la realizó el concejal porteño Carlos Bannen, dirigida principalmente al director del Serviu, Manuel León Saa, exadministrador de la Municipalidad de Santa María. </p>

<p>LA DENUNCIA.- La denuncia la realizó el concejal porteño Carlos Bannen, dirigida principalmente al director del Serviu, Manuel León Saa, exadministrador de la Municipalidad de Santa María. </p>

LA DENUNCIA.- La denuncia la realizó el concejal porteño Carlos Bannen, dirigida principalmente al director del Serviu, Manuel León Saa, exadministrador de la Municipalidad de Santa María.
