{"id":68177,"date":"2016-03-29T07:41:22","date_gmt":"2016-03-29T10:41:22","guid":{"rendered":"http:\/\/www.eltrabajo.cl\/portal\/wp-content\/uploads\/2016\/03\/Joannon1.jpg"},"modified":"2016-03-29T07:41:36","modified_gmt":"2016-03-29T10:41:36","slug":"joannon1","status":"inherit","type":"attachment","link":"https:\/\/eltrabajo.cl\/portal\/reportero-asegura-que-padre-joannon-lo-agredio-con-una-biblia\/joannon1\/","title":{"rendered":"Joannon1"},"author":482,"featured_media":0,"comment_status":"open","ping_status":"closed","template":"","meta":{"advanced_seo_description":"","jetpack_seo_html_title":"","jetpack_seo_noindex":false},"class_list":["post-68177","attachment","type-attachment","status-inherit","hentry"],"jetpack_sharing_enabled":true,"jetpack_likes_enabled":true,"description":{"rendered":"<p class=\"attachment\"><a href=\"https:\/\/i0.wp.com\/eltrabajo.cl\/portal\/wp-content\/uploads\/2016\/03\/Joannon1.jpg?ssl=1\"><img loading=\"lazy\" decoding=\"async\" width=\"300\" height=\"197\" src=\"https:\/\/i0.wp.com\/eltrabajo.cl\/portal\/wp-content\/uploads\/2016\/03\/Joannon1.jpg?fit=300%2C197&amp;ssl=1\" class=\"attachment-medium size-medium\" alt=\"PRIMER ACTO.- Esta imagen congelada del v\u00eddeo que Mercado registr\u00f3, muestra c\u00f3mo el Padre Joannon interrumpi\u00f3 la liturgia para impedir que el reportero lo grabara.\" srcset=\"https:\/\/i0.wp.com\/eltrabajo.cl\/portal\/wp-content\/uploads\/2016\/03\/Joannon1.jpg?w=530&amp;ssl=1 530w, https:\/\/i0.wp.com\/eltrabajo.cl\/portal\/wp-content\/uploads\/2016\/03\/Joannon1.jpg?resize=200%2C131&amp;ssl=1 200w, https:\/\/i0.wp.com\/eltrabajo.cl\/portal\/wp-content\/uploads\/2016\/03\/Joannon1.jpg?resize=300%2C197&amp;ssl=1 300w, https:\/\/i0.wp.com\/eltrabajo.cl\/portal\/wp-content\/uploads\/2016\/03\/Joannon1.jpg?resize=228%2C150&amp;ssl=1 228w, https:\/\/i0.wp.com\/eltrabajo.cl\/portal\/wp-content\/uploads\/2016\/03\/Joannon1.jpg?resize=400%2C263&amp;ssl=1 400w\" sizes=\"auto, (max-width: 300px) 100vw, 300px\" \/><\/a><\/p>\n<p>PRIMER ACTO.- Esta imagen congelada del v\u00eddeo que Mercado registr\u00f3, muestra c\u00f3mo el Padre Joannon interrumpi\u00f3 la liturgia para impedir que el reportero lo grabara.<\/p>\n"},"caption":{"rendered":"<p>PRIMER ACTO.- Esta imagen congelada del v\u00eddeo que Mercado registr\u00f3, muestra c\u00f3mo el Padre Joannon interrumpi\u00f3 la liturgia para impedir que el reportero lo grabara.<\/p>\n"},"alt_text":"PRIMER ACTO.- Esta imagen congelada del v\u00eddeo que Mercado registr\u00f3, muestra c\u00f3mo el Padre Joannon interrumpi\u00f3 la liturgia para impedir que el reportero lo grabara.","media_type":"image","mime_type":"image\/jpeg","media_details":{"width":530,"height":348,"file":"2016\/03\/Joannon1.jpg","sizes":{"thumbnail":{"file":"Joannon1-200x131.jpg","width":200,"height":131,"mime_type":"image\/jpeg","source_url":"https:\/\/i0.wp.com\/eltrabajo.cl\/portal\/wp-content\/uploads\/2016\/03\/Joannon1.jpg?fit=200%2C131&ssl=1"},"medium":{"file":"Joannon1-300x197.jpg","width":300,"height":197,"mime_type":"image\/jpeg","source_url":"https:\/\/i0.wp.com\/eltrabajo.cl\/portal\/wp-content\/uploads\/2016\/03\/Joannon1.jpg?fit=300%2C197&ssl=1"},"post-thumbnail":{"file":"Joannon1-228x150.jpg","width":228,"height":150,"mime_type":"image\/jpeg","source_url":"https:\/\/i0.wp.com\/eltrabajo.cl\/portal\/wp-content\/uploads\/2016\/03\/Joannon1.jpg?fit=228%2C150&ssl=1"},"single-post-thumbnail":{"file":"Joannon1-400x263.jpg","width":400,"height":263,"mime_type":"image\/jpeg","source_url":"https:\/\/eltrabajo.cl\/portal\/wp-content\/uploads\/2016\/03\/Joannon1-400x263.jpg"},"wptouch-new-thumbnail":{"file":"Joannon1-144x144.jpg","width":144,"height":144,"mime_type":"image\/jpeg","source_url":"https:\/\/eltrabajo.cl\/portal\/wp-content\/uploads\/2016\/03\/Joannon1-144x144.jpg"},"full":{"file":"Joannon1.jpg?fit=530%2C348&ssl=1","width":530,"height":348,"mime_type":"image\/jpeg","source_url":"https:\/\/i0.wp.com\/eltrabajo.cl\/portal\/wp-content\/uploads\/2016\/03\/Joannon1.jpg?fit=530%2C348&ssl=1"}},"image_meta":{"aperture":"0","credit":"","camera":"","caption":"","created_timestamp":"0","copyright":"","focal_length":"0","iso":"0","shutter_speed":"0","title":"","orientation":"0","keywords":[]}},"post":68175,"source_url":"https:\/\/eltrabajo.cl\/portal\/wp-content\/uploads\/2016\/03\/Joannon1.jpg","_links":{"self":[{"href":"https:\/\/eltrabajo.cl\/portal\/wp-json\/wp\/v2\/media\/68177","targetHints":{"allow":["GET"]}}],"collection":[{"href":"https:\/\/eltrabajo.cl\/portal\/wp-json\/wp\/v2\/media"}],"about":[{"href":"https:\/\/eltrabajo.cl\/portal\/wp-json\/wp\/v2\/types\/attachment"}],"author":[{"embeddable":true,"href":"https:\/\/eltrabajo.cl\/portal\/wp-json\/wp\/v2\/users\/482"}],"replies":[{"embeddable":true,"href":"https:\/\/eltrabajo.cl\/portal\/wp-json\/wp\/v2\/comments?post=68177"}],"wp:attached-to":[{"embeddable":true,"post_type":"post","id":68175,"href":"https:\/\/eltrabajo.cl\/portal\/wp-json\/wp\/v2\/posts\/68175"}],"curies":[{"name":"wp","href":"https:\/\/api.w.org\/{rel}","templated":true}]}}

<p class="attachment"><a href="https://i0.wp.com/eltrabajo.cl/portal/wp-content/uploads/2016/03/Joannon1.jpg?ssl=1"><img loading="lazy" decoding="async" width="300" height="197" src="https://i0.wp.com/eltrabajo.cl/portal/wp-content/uploads/2016/03/Joannon1.jpg?fit=300%2C197&amp;ssl=1" class="attachment-medium size-medium" alt="PRIMER ACTO.- Esta imagen congelada del vídeo que Mercado registró, muestra cómo el Padre Joannon interrumpió la liturgia para impedir que el reportero lo grabara." srcset="https://i0.wp.com/eltrabajo.cl/portal/wp-content/uploads/2016/03/Joannon1.jpg?w=530&amp;ssl=1 530w, https://i0.wp.com/eltrabajo.cl/portal/wp-content/uploads/2016/03/Joannon1.jpg?resize=200%2C131&amp;ssl=1 200w, https://i0.wp.com/eltrabajo.cl/portal/wp-content/uploads/2016/03/Joannon1.jpg?resize=300%2C197&amp;ssl=1 300w, https://i0.wp.com/eltrabajo.cl/portal/wp-content/uploads/2016/03/Joannon1.jpg?resize=228%2C150&amp;ssl=1 228w, https://i0.wp.com/eltrabajo.cl/portal/wp-content/uploads/2016/03/Joannon1.jpg?resize=400%2C263&amp;ssl=1 400w" sizes="auto, (max-width: 300px) 100vw, 300px" /></a></p>
<p>PRIMER ACTO.- Esta imagen congelada del vídeo que Mercado registró, muestra cómo el Padre Joannon interrumpió la liturgia para impedir que el reportero lo grabara.</p>

<p>PRIMER ACTO.- Esta imagen congelada del vídeo que Mercado registró, muestra cómo el Padre Joannon interrumpió la liturgia para impedir que el reportero lo grabara.</p>

PRIMER ACTO.- Esta imagen congelada del vídeo que Mercado registró, muestra cómo el Padre Joannon interrumpió la liturgia para impedir que el reportero lo grabara.
