{"id":68216,"date":"2016-03-30T06:46:24","date_gmt":"2016-03-30T09:46:24","guid":{"rendered":"http:\/\/www.eltrabajo.cl\/portal\/wp-content\/uploads\/2016\/03\/Cristobal-Diaz.jpg"},"modified":"2016-03-30T06:46:52","modified_gmt":"2016-03-30T09:46:52","slug":"cristobal-diaz","status":"inherit","type":"attachment","link":"https:\/\/eltrabajo.cl\/portal\/peques-vacunados-contra-influenza-en-escuela-de-tierras-blancas\/cristobal-diaz\/","title":{"rendered":"Crist\u00f3bal D\u00edaz, orgulloso muestra su algod\u00f3n a Diario El Trabajo."},"author":1,"featured_media":0,"comment_status":"open","ping_status":"closed","template":"","meta":{"advanced_seo_description":"","jetpack_seo_html_title":"","jetpack_seo_noindex":false},"class_list":["post-68216","attachment","type-attachment","status-inherit","hentry"],"jetpack_sharing_enabled":true,"jetpack_likes_enabled":true,"description":{"rendered":"<p class=\"attachment\"><a href=\"https:\/\/i0.wp.com\/eltrabajo.cl\/portal\/wp-content\/uploads\/2016\/03\/Cristobal-Diaz.jpg?ssl=1\"><img loading=\"lazy\" decoding=\"async\" width=\"300\" height=\"197\" src=\"https:\/\/i0.wp.com\/eltrabajo.cl\/portal\/wp-content\/uploads\/2016\/03\/Cristobal-Diaz.jpg?fit=300%2C197&amp;ssl=1\" class=\"attachment-medium size-medium\" alt=\"Crist\u00f3bal D\u00edaz, orgulloso muestra su algod\u00f3n a Diario El Trabajo.\" srcset=\"https:\/\/i0.wp.com\/eltrabajo.cl\/portal\/wp-content\/uploads\/2016\/03\/Cristobal-Diaz.jpg?w=530&amp;ssl=1 530w, https:\/\/i0.wp.com\/eltrabajo.cl\/portal\/wp-content\/uploads\/2016\/03\/Cristobal-Diaz.jpg?resize=200%2C131&amp;ssl=1 200w, https:\/\/i0.wp.com\/eltrabajo.cl\/portal\/wp-content\/uploads\/2016\/03\/Cristobal-Diaz.jpg?resize=300%2C197&amp;ssl=1 300w, https:\/\/i0.wp.com\/eltrabajo.cl\/portal\/wp-content\/uploads\/2016\/03\/Cristobal-Diaz.jpg?resize=228%2C150&amp;ssl=1 228w, https:\/\/i0.wp.com\/eltrabajo.cl\/portal\/wp-content\/uploads\/2016\/03\/Cristobal-Diaz.jpg?resize=400%2C263&amp;ssl=1 400w\" sizes=\"auto, (max-width: 300px) 100vw, 300px\" \/><\/a><\/p>\n<p>Crist\u00f3bal D\u00edaz, orgulloso muestra su algod\u00f3n a Diario El Trabajo.<\/p>\n"},"caption":{"rendered":"<p>Crist\u00f3bal D\u00edaz, orgulloso muestra su algod\u00f3n a Diario El Trabajo.<\/p>\n"},"alt_text":"Crist\u00f3bal D\u00edaz, orgulloso muestra su algod\u00f3n a Diario El Trabajo.","media_type":"image","mime_type":"image\/jpeg","media_details":{"width":530,"height":348,"file":"2016\/03\/Cristobal-Diaz.jpg","sizes":{"thumbnail":{"file":"Cristobal-Diaz-200x131.jpg","width":200,"height":131,"mime_type":"image\/jpeg","source_url":"https:\/\/i0.wp.com\/eltrabajo.cl\/portal\/wp-content\/uploads\/2016\/03\/Cristobal-Diaz.jpg?fit=200%2C131&ssl=1"},"medium":{"file":"Cristobal-Diaz-300x197.jpg","width":300,"height":197,"mime_type":"image\/jpeg","source_url":"https:\/\/i0.wp.com\/eltrabajo.cl\/portal\/wp-content\/uploads\/2016\/03\/Cristobal-Diaz.jpg?fit=300%2C197&ssl=1"},"post-thumbnail":{"file":"Cristobal-Diaz-228x150.jpg","width":228,"height":150,"mime_type":"image\/jpeg","source_url":"https:\/\/i0.wp.com\/eltrabajo.cl\/portal\/wp-content\/uploads\/2016\/03\/Cristobal-Diaz.jpg?fit=228%2C150&ssl=1"},"single-post-thumbnail":{"file":"Cristobal-Diaz-400x263.jpg","width":400,"height":263,"mime_type":"image\/jpeg","source_url":"https:\/\/eltrabajo.cl\/portal\/wp-content\/uploads\/2016\/03\/Cristobal-Diaz-400x263.jpg"},"wptouch-new-thumbnail":{"file":"Cristobal-Diaz-144x144.jpg","width":144,"height":144,"mime_type":"image\/jpeg","source_url":"https:\/\/eltrabajo.cl\/portal\/wp-content\/uploads\/2016\/03\/Cristobal-Diaz-144x144.jpg"},"full":{"file":"Cristobal-Diaz.jpg?fit=530%2C348&ssl=1","width":530,"height":348,"mime_type":"image\/jpeg","source_url":"https:\/\/i0.wp.com\/eltrabajo.cl\/portal\/wp-content\/uploads\/2016\/03\/Cristobal-Diaz.jpg?fit=530%2C348&ssl=1"}},"image_meta":{"aperture":"0","credit":"","camera":"","caption":"","created_timestamp":"0","copyright":"","focal_length":"0","iso":"0","shutter_speed":"0","title":"","orientation":"0","keywords":[]}},"post":68214,"source_url":"https:\/\/eltrabajo.cl\/portal\/wp-content\/uploads\/2016\/03\/Cristobal-Diaz.jpg","_links":{"self":[{"href":"https:\/\/eltrabajo.cl\/portal\/wp-json\/wp\/v2\/media\/68216","targetHints":{"allow":["GET"]}}],"collection":[{"href":"https:\/\/eltrabajo.cl\/portal\/wp-json\/wp\/v2\/media"}],"about":[{"href":"https:\/\/eltrabajo.cl\/portal\/wp-json\/wp\/v2\/types\/attachment"}],"author":[{"embeddable":true,"href":"https:\/\/eltrabajo.cl\/portal\/wp-json\/wp\/v2\/users\/1"}],"replies":[{"embeddable":true,"href":"https:\/\/eltrabajo.cl\/portal\/wp-json\/wp\/v2\/comments?post=68216"}],"wp:attached-to":[{"embeddable":true,"post_type":"post","id":68214,"href":"https:\/\/eltrabajo.cl\/portal\/wp-json\/wp\/v2\/posts\/68214"}],"curies":[{"name":"wp","href":"https:\/\/api.w.org\/{rel}","templated":true}]}}

Cristóbal Díaz, orgulloso muestra su algodón a Diario El Trabajo.

<p class="attachment"><a href="https://i0.wp.com/eltrabajo.cl/portal/wp-content/uploads/2016/03/Cristobal-Diaz.jpg?ssl=1"><img loading="lazy" decoding="async" width="300" height="197" src="https://i0.wp.com/eltrabajo.cl/portal/wp-content/uploads/2016/03/Cristobal-Diaz.jpg?fit=300%2C197&amp;ssl=1" class="attachment-medium size-medium" alt="Cristóbal Díaz, orgulloso muestra su algodón a Diario El Trabajo." srcset="https://i0.wp.com/eltrabajo.cl/portal/wp-content/uploads/2016/03/Cristobal-Diaz.jpg?w=530&amp;ssl=1 530w, https://i0.wp.com/eltrabajo.cl/portal/wp-content/uploads/2016/03/Cristobal-Diaz.jpg?resize=200%2C131&amp;ssl=1 200w, https://i0.wp.com/eltrabajo.cl/portal/wp-content/uploads/2016/03/Cristobal-Diaz.jpg?resize=300%2C197&amp;ssl=1 300w, https://i0.wp.com/eltrabajo.cl/portal/wp-content/uploads/2016/03/Cristobal-Diaz.jpg?resize=228%2C150&amp;ssl=1 228w, https://i0.wp.com/eltrabajo.cl/portal/wp-content/uploads/2016/03/Cristobal-Diaz.jpg?resize=400%2C263&amp;ssl=1 400w" sizes="auto, (max-width: 300px) 100vw, 300px" /></a></p>
<p>Cristóbal Díaz, orgulloso muestra su algodón a Diario El Trabajo.</p>

<p>Cristóbal Díaz, orgulloso muestra su algodón a Diario El Trabajo.</p>
