{"id":68307,"date":"2016-04-01T07:05:04","date_gmt":"2016-04-01T10:05:04","guid":{"rendered":"http:\/\/www.eltrabajo.cl\/portal\/wp-content\/uploads\/2016\/04\/inauguracion-resaltos.jpg"},"modified":"2016-04-01T07:05:15","modified_gmt":"2016-04-01T10:05:15","slug":"inauguracion-resaltos","status":"inherit","type":"attachment","link":"https:\/\/eltrabajo.cl\/portal\/inauguran-resaltos-reductores-de-velocidad-frente-a-escuela-republica-argentina\/inauguracion-resaltos\/","title":{"rendered":"El alcalde Patricio Freire junto a la comunidad, inaugur\u00f3 los esperados resaltos reductores de velocidad que beneficiar\u00e1n directamente a los alumnos de la escuela Rep\u00fablica Argentina y a la comunidad de El Tambo."},"author":1,"featured_media":0,"comment_status":"open","ping_status":"closed","template":"","meta":{"advanced_seo_description":"","jetpack_seo_html_title":"","jetpack_seo_noindex":false},"class_list":["post-68307","attachment","type-attachment","status-inherit","hentry"],"jetpack_sharing_enabled":true,"jetpack_likes_enabled":true,"description":{"rendered":"<p class=\"attachment\"><a href=\"https:\/\/i0.wp.com\/eltrabajo.cl\/portal\/wp-content\/uploads\/2016\/04\/inauguracion-resaltos.jpg?ssl=1\"><img loading=\"lazy\" decoding=\"async\" width=\"300\" height=\"197\" src=\"https:\/\/i0.wp.com\/eltrabajo.cl\/portal\/wp-content\/uploads\/2016\/04\/inauguracion-resaltos.jpg?fit=300%2C197&amp;ssl=1\" class=\"attachment-medium size-medium\" alt=\"El alcalde Patricio Freire junto a la comunidad, inaugur\u00f3 los esperados resaltos reductores de velocidad que beneficiar\u00e1n directamente a los alumnos de la escuela Rep\u00fablica Argentina y a la comunidad de El Tambo.\" srcset=\"https:\/\/i0.wp.com\/eltrabajo.cl\/portal\/wp-content\/uploads\/2016\/04\/inauguracion-resaltos.jpg?w=530&amp;ssl=1 530w, https:\/\/i0.wp.com\/eltrabajo.cl\/portal\/wp-content\/uploads\/2016\/04\/inauguracion-resaltos.jpg?resize=200%2C131&amp;ssl=1 200w, https:\/\/i0.wp.com\/eltrabajo.cl\/portal\/wp-content\/uploads\/2016\/04\/inauguracion-resaltos.jpg?resize=300%2C197&amp;ssl=1 300w, https:\/\/i0.wp.com\/eltrabajo.cl\/portal\/wp-content\/uploads\/2016\/04\/inauguracion-resaltos.jpg?resize=228%2C150&amp;ssl=1 228w, https:\/\/i0.wp.com\/eltrabajo.cl\/portal\/wp-content\/uploads\/2016\/04\/inauguracion-resaltos.jpg?resize=400%2C263&amp;ssl=1 400w\" sizes=\"auto, (max-width: 300px) 100vw, 300px\" \/><\/a><\/p>\n<p>El alcalde Patricio Freire junto a la comunidad, inaugur\u00f3 los esperados resaltos reductores de velocidad que beneficiar\u00e1n directamente a los alumnos de la escuela Rep\u00fablica Argentina y a la comunidad de El Tambo.<\/p>\n"},"caption":{"rendered":"<p>El alcalde Patricio Freire junto a la comunidad, inaugur\u00f3 los esperados resaltos reductores de velocidad que beneficiar\u00e1n directamente a los alumnos de la escuela Rep\u00fablica Argentina y a la comunidad de El Tambo.<\/p>\n"},"alt_text":"El alcalde Patricio Freire junto a la comunidad, inaugur\u00f3 los esperados resaltos reductores de velocidad que beneficiar\u00e1n directamente a los alumnos de la escuela Rep\u00fablica Argentina y a la comunidad de El Tambo.","media_type":"image","mime_type":"image\/jpeg","media_details":{"width":530,"height":348,"file":"2016\/04\/inauguracion-resaltos.jpg","sizes":{"thumbnail":{"file":"inauguracion-resaltos-200x131.jpg","width":200,"height":131,"mime_type":"image\/jpeg","source_url":"https:\/\/i0.wp.com\/eltrabajo.cl\/portal\/wp-content\/uploads\/2016\/04\/inauguracion-resaltos.jpg?fit=200%2C131&ssl=1"},"medium":{"file":"inauguracion-resaltos-300x197.jpg","width":300,"height":197,"mime_type":"image\/jpeg","source_url":"https:\/\/i0.wp.com\/eltrabajo.cl\/portal\/wp-content\/uploads\/2016\/04\/inauguracion-resaltos.jpg?fit=300%2C197&ssl=1"},"post-thumbnail":{"file":"inauguracion-resaltos-228x150.jpg","width":228,"height":150,"mime_type":"image\/jpeg","source_url":"https:\/\/i0.wp.com\/eltrabajo.cl\/portal\/wp-content\/uploads\/2016\/04\/inauguracion-resaltos.jpg?fit=228%2C150&ssl=1"},"single-post-thumbnail":{"file":"inauguracion-resaltos-400x263.jpg","width":400,"height":263,"mime_type":"image\/jpeg","source_url":"https:\/\/eltrabajo.cl\/portal\/wp-content\/uploads\/2016\/04\/inauguracion-resaltos-400x263.jpg"},"wptouch-new-thumbnail":{"file":"inauguracion-resaltos-144x144.jpg","width":144,"height":144,"mime_type":"image\/jpeg","source_url":"https:\/\/eltrabajo.cl\/portal\/wp-content\/uploads\/2016\/04\/inauguracion-resaltos-144x144.jpg"},"full":{"file":"inauguracion-resaltos.jpg?fit=530%2C348&ssl=1","width":530,"height":348,"mime_type":"image\/jpeg","source_url":"https:\/\/i0.wp.com\/eltrabajo.cl\/portal\/wp-content\/uploads\/2016\/04\/inauguracion-resaltos.jpg?fit=530%2C348&ssl=1"}},"image_meta":{"aperture":"0","credit":"","camera":"","caption":"","created_timestamp":"0","copyright":"","focal_length":"0","iso":"0","shutter_speed":"0","title":"","orientation":"0","keywords":[]}},"post":68306,"source_url":"https:\/\/eltrabajo.cl\/portal\/wp-content\/uploads\/2016\/04\/inauguracion-resaltos.jpg","_links":{"self":[{"href":"https:\/\/eltrabajo.cl\/portal\/wp-json\/wp\/v2\/media\/68307","targetHints":{"allow":["GET"]}}],"collection":[{"href":"https:\/\/eltrabajo.cl\/portal\/wp-json\/wp\/v2\/media"}],"about":[{"href":"https:\/\/eltrabajo.cl\/portal\/wp-json\/wp\/v2\/types\/attachment"}],"author":[{"embeddable":true,"href":"https:\/\/eltrabajo.cl\/portal\/wp-json\/wp\/v2\/users\/1"}],"replies":[{"embeddable":true,"href":"https:\/\/eltrabajo.cl\/portal\/wp-json\/wp\/v2\/comments?post=68307"}],"wp:attached-to":[{"embeddable":true,"post_type":"post","id":68306,"href":"https:\/\/eltrabajo.cl\/portal\/wp-json\/wp\/v2\/posts\/68306"}],"curies":[{"name":"wp","href":"https:\/\/api.w.org\/{rel}","templated":true}]}}

El alcalde Patricio Freire junto a la comunidad, inauguró los esperados resaltos reductores de velocidad que beneficiarán directamente a los alumnos de la escuela República Argentina y a la comunidad de El Tambo.

<p class="attachment"><a href="https://i0.wp.com/eltrabajo.cl/portal/wp-content/uploads/2016/04/inauguracion-resaltos.jpg?ssl=1"><img loading="lazy" decoding="async" width="300" height="197" src="https://i0.wp.com/eltrabajo.cl/portal/wp-content/uploads/2016/04/inauguracion-resaltos.jpg?fit=300%2C197&amp;ssl=1" class="attachment-medium size-medium" alt="El alcalde Patricio Freire junto a la comunidad, inauguró los esperados resaltos reductores de velocidad que beneficiarán directamente a los alumnos de la escuela República Argentina y a la comunidad de El Tambo." srcset="https://i0.wp.com/eltrabajo.cl/portal/wp-content/uploads/2016/04/inauguracion-resaltos.jpg?w=530&amp;ssl=1 530w, https://i0.wp.com/eltrabajo.cl/portal/wp-content/uploads/2016/04/inauguracion-resaltos.jpg?resize=200%2C131&amp;ssl=1 200w, https://i0.wp.com/eltrabajo.cl/portal/wp-content/uploads/2016/04/inauguracion-resaltos.jpg?resize=300%2C197&amp;ssl=1 300w, https://i0.wp.com/eltrabajo.cl/portal/wp-content/uploads/2016/04/inauguracion-resaltos.jpg?resize=228%2C150&amp;ssl=1 228w, https://i0.wp.com/eltrabajo.cl/portal/wp-content/uploads/2016/04/inauguracion-resaltos.jpg?resize=400%2C263&amp;ssl=1 400w" sizes="auto, (max-width: 300px) 100vw, 300px" /></a></p>
<p>El alcalde Patricio Freire junto a la comunidad, inauguró los esperados resaltos reductores de velocidad que beneficiarán directamente a los alumnos de la escuela República Argentina y a la comunidad de El Tambo.</p>

<p>El alcalde Patricio Freire junto a la comunidad, inauguró los esperados resaltos reductores de velocidad que beneficiarán directamente a los alumnos de la escuela República Argentina y a la comunidad de El Tambo.</p>
