{"id":68313,"date":"2016-04-01T07:08:49","date_gmt":"2016-04-01T10:08:49","guid":{"rendered":"http:\/\/www.eltrabajo.cl\/portal\/wp-content\/uploads\/2016\/04\/AdelaJoven1.jpg"},"modified":"2016-04-01T07:10:06","modified_gmt":"2016-04-01T10:10:06","slug":"adelajoven1","status":"inherit","type":"attachment","link":"https:\/\/eltrabajo.cl\/portal\/mientras-me-encanonaban-los-militares-escribian-mi-nombre-en-una-bala\/adelajoven1\/","title":{"rendered":"As\u00ed luc\u00eda Adela en sus a\u00f1os de regidora sanfelipe\u00f1a."},"author":1,"featured_media":0,"comment_status":"open","ping_status":"closed","template":"","meta":{"advanced_seo_description":"","jetpack_seo_html_title":"","jetpack_seo_noindex":false},"class_list":["post-68313","attachment","type-attachment","status-inherit","hentry"],"jetpack_sharing_enabled":true,"jetpack_likes_enabled":true,"description":{"rendered":"<p class=\"attachment\"><a href=\"https:\/\/i0.wp.com\/eltrabajo.cl\/portal\/wp-content\/uploads\/2016\/04\/AdelaJoven1.jpg?ssl=1\"><img loading=\"lazy\" decoding=\"async\" width=\"263\" height=\"300\" src=\"https:\/\/i0.wp.com\/eltrabajo.cl\/portal\/wp-content\/uploads\/2016\/04\/AdelaJoven1.jpg?fit=263%2C300&amp;ssl=1\" class=\"attachment-medium size-medium\" alt=\"As\u00ed luc\u00eda Adela en sus a\u00f1os de regidora sanfelipe\u00f1a.\" srcset=\"https:\/\/i0.wp.com\/eltrabajo.cl\/portal\/wp-content\/uploads\/2016\/04\/AdelaJoven1.jpg?w=529&amp;ssl=1 529w, https:\/\/i0.wp.com\/eltrabajo.cl\/portal\/wp-content\/uploads\/2016\/04\/AdelaJoven1.jpg?resize=132%2C150&amp;ssl=1 132w, https:\/\/i0.wp.com\/eltrabajo.cl\/portal\/wp-content\/uploads\/2016\/04\/AdelaJoven1.jpg?resize=263%2C300&amp;ssl=1 263w, https:\/\/i0.wp.com\/eltrabajo.cl\/portal\/wp-content\/uploads\/2016\/04\/AdelaJoven1.jpg?resize=400%2C456&amp;ssl=1 400w\" sizes=\"auto, (max-width: 263px) 100vw, 263px\" \/><\/a><\/p>\n<p>As\u00ed luc\u00eda Adela en sus a\u00f1os de regidora sanfelipe\u00f1a.<\/p>\n"},"caption":{"rendered":"<p>As\u00ed luc\u00eda Adela en sus a\u00f1os de regidora sanfelipe\u00f1a.<\/p>\n"},"alt_text":"As\u00ed luc\u00eda Adela en sus a\u00f1os de regidora sanfelipe\u00f1a.","media_type":"image","mime_type":"image\/jpeg","media_details":{"width":529,"height":603,"file":"2016\/04\/AdelaJoven1.jpg","sizes":{"thumbnail":{"file":"AdelaJoven1-132x150.jpg","width":132,"height":150,"mime_type":"image\/jpeg","source_url":"https:\/\/i0.wp.com\/eltrabajo.cl\/portal\/wp-content\/uploads\/2016\/04\/AdelaJoven1.jpg?fit=132%2C150&ssl=1"},"medium":{"file":"AdelaJoven1-263x300.jpg","width":263,"height":300,"mime_type":"image\/jpeg","source_url":"https:\/\/i0.wp.com\/eltrabajo.cl\/portal\/wp-content\/uploads\/2016\/04\/AdelaJoven1.jpg?fit=263%2C300&ssl=1"},"post-thumbnail":{"file":"AdelaJoven1-132x150.jpg","width":132,"height":150,"mime_type":"image\/jpeg","source_url":"https:\/\/i0.wp.com\/eltrabajo.cl\/portal\/wp-content\/uploads\/2016\/04\/AdelaJoven1.jpg?fit=132%2C150&ssl=1"},"single-post-thumbnail":{"file":"AdelaJoven1-400x456.jpg","width":400,"height":456,"mime_type":"image\/jpeg","source_url":"https:\/\/eltrabajo.cl\/portal\/wp-content\/uploads\/2016\/04\/AdelaJoven1-400x456.jpg"},"wptouch-new-thumbnail":{"file":"AdelaJoven1-144x144.jpg","width":144,"height":144,"mime_type":"image\/jpeg","source_url":"https:\/\/eltrabajo.cl\/portal\/wp-content\/uploads\/2016\/04\/AdelaJoven1-144x144.jpg"},"full":{"file":"AdelaJoven1.jpg?fit=529%2C603&ssl=1","width":529,"height":603,"mime_type":"image\/jpeg","source_url":"https:\/\/i0.wp.com\/eltrabajo.cl\/portal\/wp-content\/uploads\/2016\/04\/AdelaJoven1.jpg?fit=529%2C603&ssl=1"}},"image_meta":{"aperture":"0","credit":"","camera":"","caption":"","created_timestamp":"0","copyright":"","focal_length":"0","iso":"0","shutter_speed":"0","title":"","orientation":"0","keywords":[]}},"post":68311,"source_url":"https:\/\/eltrabajo.cl\/portal\/wp-content\/uploads\/2016\/04\/AdelaJoven1.jpg","_links":{"self":[{"href":"https:\/\/eltrabajo.cl\/portal\/wp-json\/wp\/v2\/media\/68313","targetHints":{"allow":["GET"]}}],"collection":[{"href":"https:\/\/eltrabajo.cl\/portal\/wp-json\/wp\/v2\/media"}],"about":[{"href":"https:\/\/eltrabajo.cl\/portal\/wp-json\/wp\/v2\/types\/attachment"}],"author":[{"embeddable":true,"href":"https:\/\/eltrabajo.cl\/portal\/wp-json\/wp\/v2\/users\/1"}],"replies":[{"embeddable":true,"href":"https:\/\/eltrabajo.cl\/portal\/wp-json\/wp\/v2\/comments?post=68313"}],"wp:attached-to":[{"embeddable":true,"post_type":"post","id":68311,"href":"https:\/\/eltrabajo.cl\/portal\/wp-json\/wp\/v2\/posts\/68311"}],"curies":[{"name":"wp","href":"https:\/\/api.w.org\/{rel}","templated":true}]}}

Así lucía Adela en sus años de regidora sanfelipeña.

<p class="attachment"><a href="https://i0.wp.com/eltrabajo.cl/portal/wp-content/uploads/2016/04/AdelaJoven1.jpg?ssl=1"><img loading="lazy" decoding="async" width="263" height="300" src="https://i0.wp.com/eltrabajo.cl/portal/wp-content/uploads/2016/04/AdelaJoven1.jpg?fit=263%2C300&amp;ssl=1" class="attachment-medium size-medium" alt="Así lucía Adela en sus años de regidora sanfelipeña." srcset="https://i0.wp.com/eltrabajo.cl/portal/wp-content/uploads/2016/04/AdelaJoven1.jpg?w=529&amp;ssl=1 529w, https://i0.wp.com/eltrabajo.cl/portal/wp-content/uploads/2016/04/AdelaJoven1.jpg?resize=132%2C150&amp;ssl=1 132w, https://i0.wp.com/eltrabajo.cl/portal/wp-content/uploads/2016/04/AdelaJoven1.jpg?resize=263%2C300&amp;ssl=1 263w, https://i0.wp.com/eltrabajo.cl/portal/wp-content/uploads/2016/04/AdelaJoven1.jpg?resize=400%2C456&amp;ssl=1 400w" sizes="auto, (max-width: 263px) 100vw, 263px" /></a></p>
<p>Así lucía Adela en sus años de regidora sanfelipeña.</p>

<p>Así lucía Adela en sus años de regidora sanfelipeña.</p>
