{"id":68348,"date":"2016-04-04T08:48:17","date_gmt":"2016-04-04T11:48:17","guid":{"rendered":"http:\/\/www.eltrabajo.cl\/portal\/wp-content\/uploads\/2016\/04\/HOSPITAL-VAN-BUREN.jpg"},"modified":"2016-04-04T08:49:14","modified_gmt":"2016-04-04T11:49:14","slug":"valparaiso-ministros-nicolas-eyzaguirre-javiera-blanco-y-carmen-castillo-visitan-al-estudiante-rodrigo-aviles-en-el-hospital-carlos-van-buren-de-valparaiso","status":"inherit","type":"attachment","link":"https:\/\/eltrabajo.cl\/portal\/tras-larga-agonia-fallece-lactante-que-sufrio-confusa-caida-de-tercer-piso\/valparaiso-ministros-nicolas-eyzaguirre-javiera-blanco-y-carmen-castillo-visitan-al-estudiante-rodrigo-aviles-en-el-hospital-carlos-van-buren-de-valparaiso\/","title":{"rendered":"El lactante de cuatro meses se encontraba internado en la UCI Pedi\u00e1trica del Hospital Carlos Van B\u00fcren de Valpara\u00edso, falleciendo este viernes. (Archivo)."},"author":1,"featured_media":0,"comment_status":"open","ping_status":"closed","template":"","meta":{"advanced_seo_description":"","jetpack_seo_html_title":"","jetpack_seo_noindex":false},"class_list":["post-68348","attachment","type-attachment","status-inherit","hentry"],"jetpack_sharing_enabled":true,"jetpack_likes_enabled":true,"description":{"rendered":"<p class=\"attachment\"><a href=\"https:\/\/i0.wp.com\/eltrabajo.cl\/portal\/wp-content\/uploads\/2016\/04\/HOSPITAL-VAN-BUREN.jpg?ssl=1\"><img loading=\"lazy\" decoding=\"async\" width=\"300\" height=\"198\" src=\"https:\/\/i0.wp.com\/eltrabajo.cl\/portal\/wp-content\/uploads\/2016\/04\/HOSPITAL-VAN-BUREN.jpg?fit=300%2C198&amp;ssl=1\" class=\"attachment-medium size-medium\" alt=\"El lactante de cuatro meses se encontraba internado en la UCI Pedi\u00e1trica del Hospital Carlos Van B\u00fcren de Valpara\u00edso, falleciendo este viernes. (Archivo).\" srcset=\"https:\/\/i0.wp.com\/eltrabajo.cl\/portal\/wp-content\/uploads\/2016\/04\/HOSPITAL-VAN-BUREN.jpg?w=530&amp;ssl=1 530w, https:\/\/i0.wp.com\/eltrabajo.cl\/portal\/wp-content\/uploads\/2016\/04\/HOSPITAL-VAN-BUREN.jpg?resize=200%2C132&amp;ssl=1 200w, https:\/\/i0.wp.com\/eltrabajo.cl\/portal\/wp-content\/uploads\/2016\/04\/HOSPITAL-VAN-BUREN.jpg?resize=300%2C198&amp;ssl=1 300w, https:\/\/i0.wp.com\/eltrabajo.cl\/portal\/wp-content\/uploads\/2016\/04\/HOSPITAL-VAN-BUREN.jpg?resize=228%2C150&amp;ssl=1 228w, https:\/\/i0.wp.com\/eltrabajo.cl\/portal\/wp-content\/uploads\/2016\/04\/HOSPITAL-VAN-BUREN.jpg?resize=400%2C263&amp;ssl=1 400w\" sizes=\"auto, (max-width: 300px) 100vw, 300px\" \/><\/a><\/p>\n<p>El lactante de cuatro meses se encontraba internado en la UCI Pedi\u00e1trica del Hospital Carlos Van B\u00fcren de Valpara\u00edso, falleciendo este viernes. (Archivo).<\/p>\n"},"caption":{"rendered":"<p>El lactante de cuatro meses se encontraba internado en la UCI Pedi\u00e1trica del Hospital Carlos Van B\u00fcren de Valpara\u00edso, falleciendo este viernes. (Archivo).<\/p>\n"},"alt_text":"El lactante de cuatro meses se encontraba internado en la UCI Pedi\u00e1trica del Hospital Carlos Van B\u00fcren de Valpara\u00edso, falleciendo este viernes. (Archivo).","media_type":"image","mime_type":"image\/jpeg","media_details":{"width":530,"height":349,"file":"2016\/04\/HOSPITAL-VAN-BUREN.jpg","sizes":{"thumbnail":{"file":"HOSPITAL-VAN-BUREN-200x132.jpg","width":200,"height":132,"mime_type":"image\/jpeg","source_url":"https:\/\/i0.wp.com\/eltrabajo.cl\/portal\/wp-content\/uploads\/2016\/04\/HOSPITAL-VAN-BUREN.jpg?fit=200%2C132&ssl=1"},"medium":{"file":"HOSPITAL-VAN-BUREN-300x198.jpg","width":300,"height":198,"mime_type":"image\/jpeg","source_url":"https:\/\/i0.wp.com\/eltrabajo.cl\/portal\/wp-content\/uploads\/2016\/04\/HOSPITAL-VAN-BUREN.jpg?fit=300%2C198&ssl=1"},"post-thumbnail":{"file":"HOSPITAL-VAN-BUREN-228x150.jpg","width":228,"height":150,"mime_type":"image\/jpeg","source_url":"https:\/\/i0.wp.com\/eltrabajo.cl\/portal\/wp-content\/uploads\/2016\/04\/HOSPITAL-VAN-BUREN.jpg?fit=228%2C150&ssl=1"},"single-post-thumbnail":{"file":"HOSPITAL-VAN-BUREN-400x263.jpg","width":400,"height":263,"mime_type":"image\/jpeg","source_url":"https:\/\/eltrabajo.cl\/portal\/wp-content\/uploads\/2016\/04\/HOSPITAL-VAN-BUREN-400x263.jpg"},"wptouch-new-thumbnail":{"file":"HOSPITAL-VAN-BUREN-144x144.jpg","width":144,"height":144,"mime_type":"image\/jpeg","source_url":"https:\/\/eltrabajo.cl\/portal\/wp-content\/uploads\/2016\/04\/HOSPITAL-VAN-BUREN-144x144.jpg"},"full":{"file":"HOSPITAL-VAN-BUREN.jpg?fit=530%2C349&ssl=1","width":530,"height":349,"mime_type":"image\/jpeg","source_url":"https:\/\/i0.wp.com\/eltrabajo.cl\/portal\/wp-content\/uploads\/2016\/04\/HOSPITAL-VAN-BUREN.jpg?fit=530%2C349&ssl=1"}},"image_meta":{"aperture":"0","credit":"Ra\u00fal Zamora Villalobos","camera":"","caption":"23 de Mayo de 2015\/VALPARA\u00cdSO \rFachada del Hospital Carlos Van Buren en Valpara\u00edso, en donde permanece internado en estado de gravedad el estudiante Rodrigo Avil\u00e9s (28) , despues de sufrir una lesi\u00f3n producto de los disturbios durante la marcha del 21 de mayo. \rFOTO:RA\u00daL ZAMORA\/AGENCIAUNO","created_timestamp":"1432407145","copyright":"Ra\u00fal Zamora Villalobos","focal_length":"0","iso":"0","shutter_speed":"0","title":"VALPARA\u00cdSO: Ministros Nicol\u00e1s Eyzaguirre, Javiera Blanco, y Carmen Castillo, visitan al estudiante Rodrigo Avil\u00e9s en el Hospital Carlos Van Buren de Valpara\u00edso","orientation":"0","keywords":[]}},"post":68347,"source_url":"https:\/\/eltrabajo.cl\/portal\/wp-content\/uploads\/2016\/04\/HOSPITAL-VAN-BUREN.jpg","_links":{"self":[{"href":"https:\/\/eltrabajo.cl\/portal\/wp-json\/wp\/v2\/media\/68348","targetHints":{"allow":["GET"]}}],"collection":[{"href":"https:\/\/eltrabajo.cl\/portal\/wp-json\/wp\/v2\/media"}],"about":[{"href":"https:\/\/eltrabajo.cl\/portal\/wp-json\/wp\/v2\/types\/attachment"}],"author":[{"embeddable":true,"href":"https:\/\/eltrabajo.cl\/portal\/wp-json\/wp\/v2\/users\/1"}],"replies":[{"embeddable":true,"href":"https:\/\/eltrabajo.cl\/portal\/wp-json\/wp\/v2\/comments?post=68348"}],"wp:attached-to":[{"embeddable":true,"post_type":"post","id":68347,"href":"https:\/\/eltrabajo.cl\/portal\/wp-json\/wp\/v2\/posts\/68347"}],"curies":[{"name":"wp","href":"https:\/\/api.w.org\/{rel}","templated":true}]}}

El lactante de cuatro meses se encontraba internado en la UCI Pediátrica del Hospital Carlos Van Büren de Valparaíso, falleciendo este viernes. (Archivo).

<p class="attachment"><a href="https://i0.wp.com/eltrabajo.cl/portal/wp-content/uploads/2016/04/HOSPITAL-VAN-BUREN.jpg?ssl=1"><img loading="lazy" decoding="async" width="300" height="198" src="https://i0.wp.com/eltrabajo.cl/portal/wp-content/uploads/2016/04/HOSPITAL-VAN-BUREN.jpg?fit=300%2C198&amp;ssl=1" class="attachment-medium size-medium" alt="El lactante de cuatro meses se encontraba internado en la UCI Pediátrica del Hospital Carlos Van Büren de Valparaíso, falleciendo este viernes. (Archivo)." srcset="https://i0.wp.com/eltrabajo.cl/portal/wp-content/uploads/2016/04/HOSPITAL-VAN-BUREN.jpg?w=530&amp;ssl=1 530w, https://i0.wp.com/eltrabajo.cl/portal/wp-content/uploads/2016/04/HOSPITAL-VAN-BUREN.jpg?resize=200%2C132&amp;ssl=1 200w, https://i0.wp.com/eltrabajo.cl/portal/wp-content/uploads/2016/04/HOSPITAL-VAN-BUREN.jpg?resize=300%2C198&amp;ssl=1 300w, https://i0.wp.com/eltrabajo.cl/portal/wp-content/uploads/2016/04/HOSPITAL-VAN-BUREN.jpg?resize=228%2C150&amp;ssl=1 228w, https://i0.wp.com/eltrabajo.cl/portal/wp-content/uploads/2016/04/HOSPITAL-VAN-BUREN.jpg?resize=400%2C263&amp;ssl=1 400w" sizes="auto, (max-width: 300px) 100vw, 300px" /></a></p>
<p>El lactante de cuatro meses se encontraba internado en la UCI Pediátrica del Hospital Carlos Van Büren de Valparaíso, falleciendo este viernes. (Archivo).</p>

<p>El lactante de cuatro meses se encontraba internado en la UCI Pediátrica del Hospital Carlos Van Büren de Valparaíso, falleciendo este viernes. (Archivo).</p>

Raúl Zamora Villalobos

23 de Mayo de 2015/VALPARAÍSO Fachada del Hospital Carlos Van Buren en Valparaíso, en donde permanece internado en estado de gravedad el estudiante Rodrigo Avilés (28) , despues de sufrir una lesión producto de los disturbios durante la marcha del 21 de mayo. FOTO:RAÚL ZAMORA/AGENCIAUNO

VALPARAÍSO: Ministros Nicolás Eyzaguirre, Javiera Blanco, y Carmen Castillo, visitan al estudiante Rodrigo Avilés en el Hospital Carlos Van Buren de Valparaíso
