{"id":68370,"date":"2016-04-04T09:03:57","date_gmt":"2016-04-04T12:03:57","guid":{"rendered":"http:\/\/www.eltrabajo.cl\/portal\/wp-content\/uploads\/2016\/04\/Cupula33-1.jpg"},"modified":"2016-04-04T09:04:24","modified_gmt":"2016-04-04T12:04:24","slug":"cupula33-2","status":"inherit","type":"attachment","link":"https:\/\/eltrabajo.cl\/portal\/repararan-fachada-exterior-de-parroquia-san-antonio-de-padua\/cupula33-2\/","title":{"rendered":"SER\u00c1 DE COBRE.- Para sustituir la cubierta de la c\u00fapula y cupulilla del campanario, se instalar\u00e1 revestimiento de cobre."},"author":1,"featured_media":0,"comment_status":"open","ping_status":"closed","template":"","meta":{"advanced_seo_description":"","jetpack_seo_html_title":"","jetpack_seo_noindex":false},"class_list":["post-68370","attachment","type-attachment","status-inherit","hentry"],"jetpack_sharing_enabled":true,"jetpack_likes_enabled":true,"description":{"rendered":"<p class=\"attachment\"><a href=\"https:\/\/i0.wp.com\/eltrabajo.cl\/portal\/wp-content\/uploads\/2016\/04\/Cupula33-1.jpg?ssl=1\"><img loading=\"lazy\" decoding=\"async\" width=\"217\" height=\"300\" src=\"https:\/\/i0.wp.com\/eltrabajo.cl\/portal\/wp-content\/uploads\/2016\/04\/Cupula33-1.jpg?fit=217%2C300&amp;ssl=1\" class=\"attachment-medium size-medium\" alt=\"SER\u00c1 DE COBRE.- Para sustituir la cubierta de la c\u00fapula y cupulilla del campanario, se instalar\u00e1 revestimiento de cobre.\" srcset=\"https:\/\/i0.wp.com\/eltrabajo.cl\/portal\/wp-content\/uploads\/2016\/04\/Cupula33-1.jpg?w=529&amp;ssl=1 529w, https:\/\/i0.wp.com\/eltrabajo.cl\/portal\/wp-content\/uploads\/2016\/04\/Cupula33-1.jpg?resize=109%2C150&amp;ssl=1 109w, https:\/\/i0.wp.com\/eltrabajo.cl\/portal\/wp-content\/uploads\/2016\/04\/Cupula33-1.jpg?resize=217%2C300&amp;ssl=1 217w, https:\/\/i0.wp.com\/eltrabajo.cl\/portal\/wp-content\/uploads\/2016\/04\/Cupula33-1.jpg?resize=400%2C553&amp;ssl=1 400w\" sizes=\"auto, (max-width: 217px) 100vw, 217px\" \/><\/a><\/p>\n<p>SER\u00c1 DE COBRE.- Para sustituir la cubierta de la c\u00fapula y cupulilla del campanario, se instalar\u00e1 revestimiento de cobre.<\/p>\n"},"caption":{"rendered":"<p>SER\u00c1 DE COBRE.- Para sustituir la cubierta de la c\u00fapula y cupulilla del campanario, se instalar\u00e1 revestimiento de cobre.<\/p>\n"},"alt_text":"SER\u00c1 DE COBRE.- Para sustituir la cubierta de la c\u00fapula y cupulilla del campanario, se instalar\u00e1 revestimiento de cobre.","media_type":"image","mime_type":"image\/jpeg","media_details":{"width":529,"height":731,"file":"2016\/04\/Cupula33-1.jpg","sizes":{"thumbnail":{"file":"Cupula33-1-109x150.jpg","width":109,"height":150,"mime_type":"image\/jpeg","source_url":"https:\/\/i0.wp.com\/eltrabajo.cl\/portal\/wp-content\/uploads\/2016\/04\/Cupula33-1.jpg?fit=109%2C150&ssl=1"},"medium":{"file":"Cupula33-1-217x300.jpg","width":217,"height":300,"mime_type":"image\/jpeg","source_url":"https:\/\/i0.wp.com\/eltrabajo.cl\/portal\/wp-content\/uploads\/2016\/04\/Cupula33-1.jpg?fit=217%2C300&ssl=1"},"post-thumbnail":{"file":"Cupula33-1-109x150.jpg","width":109,"height":150,"mime_type":"image\/jpeg","source_url":"https:\/\/i0.wp.com\/eltrabajo.cl\/portal\/wp-content\/uploads\/2016\/04\/Cupula33-1.jpg?fit=109%2C150&ssl=1"},"single-post-thumbnail":{"file":"Cupula33-1-400x553.jpg","width":400,"height":553,"mime_type":"image\/jpeg","source_url":"https:\/\/eltrabajo.cl\/portal\/wp-content\/uploads\/2016\/04\/Cupula33-1-400x553.jpg"},"wptouch-new-thumbnail":{"file":"Cupula33-1-144x144.jpg","width":144,"height":144,"mime_type":"image\/jpeg","source_url":"https:\/\/eltrabajo.cl\/portal\/wp-content\/uploads\/2016\/04\/Cupula33-1-144x144.jpg"},"full":{"file":"Cupula33-1.jpg?fit=529%2C731&ssl=1","width":529,"height":731,"mime_type":"image\/jpeg","source_url":"https:\/\/i0.wp.com\/eltrabajo.cl\/portal\/wp-content\/uploads\/2016\/04\/Cupula33-1.jpg?fit=529%2C731&ssl=1"}},"image_meta":{"aperture":"0","credit":"","camera":"","caption":"","created_timestamp":"0","copyright":"","focal_length":"0","iso":"0","shutter_speed":"0","title":"","orientation":"0","keywords":[]}},"post":68364,"source_url":"https:\/\/eltrabajo.cl\/portal\/wp-content\/uploads\/2016\/04\/Cupula33-1.jpg","_links":{"self":[{"href":"https:\/\/eltrabajo.cl\/portal\/wp-json\/wp\/v2\/media\/68370","targetHints":{"allow":["GET"]}}],"collection":[{"href":"https:\/\/eltrabajo.cl\/portal\/wp-json\/wp\/v2\/media"}],"about":[{"href":"https:\/\/eltrabajo.cl\/portal\/wp-json\/wp\/v2\/types\/attachment"}],"author":[{"embeddable":true,"href":"https:\/\/eltrabajo.cl\/portal\/wp-json\/wp\/v2\/users\/1"}],"replies":[{"embeddable":true,"href":"https:\/\/eltrabajo.cl\/portal\/wp-json\/wp\/v2\/comments?post=68370"}],"wp:attached-to":[{"embeddable":true,"post_type":"post","id":68364,"href":"https:\/\/eltrabajo.cl\/portal\/wp-json\/wp\/v2\/posts\/68364"}],"curies":[{"name":"wp","href":"https:\/\/api.w.org\/{rel}","templated":true}]}}

SERÁ DE COBRE.- Para sustituir la cubierta de la cúpula y cupulilla del campanario, se instalará revestimiento de cobre.

<p class="attachment"><a href="https://i0.wp.com/eltrabajo.cl/portal/wp-content/uploads/2016/04/Cupula33-1.jpg?ssl=1"><img loading="lazy" decoding="async" width="217" height="300" src="https://i0.wp.com/eltrabajo.cl/portal/wp-content/uploads/2016/04/Cupula33-1.jpg?fit=217%2C300&amp;ssl=1" class="attachment-medium size-medium" alt="SERÁ DE COBRE.- Para sustituir la cubierta de la cúpula y cupulilla del campanario, se instalará revestimiento de cobre." srcset="https://i0.wp.com/eltrabajo.cl/portal/wp-content/uploads/2016/04/Cupula33-1.jpg?w=529&amp;ssl=1 529w, https://i0.wp.com/eltrabajo.cl/portal/wp-content/uploads/2016/04/Cupula33-1.jpg?resize=109%2C150&amp;ssl=1 109w, https://i0.wp.com/eltrabajo.cl/portal/wp-content/uploads/2016/04/Cupula33-1.jpg?resize=217%2C300&amp;ssl=1 217w, https://i0.wp.com/eltrabajo.cl/portal/wp-content/uploads/2016/04/Cupula33-1.jpg?resize=400%2C553&amp;ssl=1 400w" sizes="auto, (max-width: 217px) 100vw, 217px" /></a></p>
<p>SERÁ DE COBRE.- Para sustituir la cubierta de la cúpula y cupulilla del campanario, se instalará revestimiento de cobre.</p>

<p>SERÁ DE COBRE.- Para sustituir la cubierta de la cúpula y cupulilla del campanario, se instalará revestimiento de cobre.</p>
