{"id":68378,"date":"2016-04-04T09:07:49","date_gmt":"2016-04-04T12:07:49","guid":{"rendered":"http:\/\/www.eltrabajo.cl\/portal\/wp-content\/uploads\/2016\/04\/Accidente-moto-2.jpg"},"modified":"2016-04-04T09:08:17","modified_gmt":"2016-04-04T12:08:17","slug":"accidente-moto-2","status":"inherit","type":"attachment","link":"https:\/\/eltrabajo.cl\/portal\/animita-salvo-vida-a-motociclista-en-nuevo-accidente-en-carretera-e-411\/accidente-moto-2\/","title":{"rendered":"El motorista habr\u00eda perdido el control al enfrentarse repentinamente con la curva del camino, sin embargo, fue una animita la que amortigu\u00f3 su ca\u00edda y salv\u00f3 su vida."},"author":1,"featured_media":0,"comment_status":"open","ping_status":"closed","template":"","meta":{"advanced_seo_description":"","jetpack_seo_html_title":"","jetpack_seo_noindex":false},"class_list":["post-68378","attachment","type-attachment","status-inherit","hentry"],"jetpack_sharing_enabled":true,"jetpack_likes_enabled":true,"description":{"rendered":"<p class=\"attachment\"><a href=\"https:\/\/i0.wp.com\/eltrabajo.cl\/portal\/wp-content\/uploads\/2016\/04\/Accidente-moto-2.jpg?ssl=1\"><img loading=\"lazy\" decoding=\"async\" width=\"300\" height=\"198\" src=\"https:\/\/i0.wp.com\/eltrabajo.cl\/portal\/wp-content\/uploads\/2016\/04\/Accidente-moto-2.jpg?fit=300%2C198&amp;ssl=1\" class=\"attachment-medium size-medium\" alt=\"El motorista habr\u00eda perdido el control al enfrentarse repentinamente con la curva del camino, sin embargo, fue una animita la que amortigu\u00f3 su ca\u00edda y salv\u00f3 su vida.\" srcset=\"https:\/\/i0.wp.com\/eltrabajo.cl\/portal\/wp-content\/uploads\/2016\/04\/Accidente-moto-2.jpg?w=530&amp;ssl=1 530w, https:\/\/i0.wp.com\/eltrabajo.cl\/portal\/wp-content\/uploads\/2016\/04\/Accidente-moto-2.jpg?resize=200%2C132&amp;ssl=1 200w, https:\/\/i0.wp.com\/eltrabajo.cl\/portal\/wp-content\/uploads\/2016\/04\/Accidente-moto-2.jpg?resize=300%2C198&amp;ssl=1 300w, https:\/\/i0.wp.com\/eltrabajo.cl\/portal\/wp-content\/uploads\/2016\/04\/Accidente-moto-2.jpg?resize=227%2C150&amp;ssl=1 227w, https:\/\/i0.wp.com\/eltrabajo.cl\/portal\/wp-content\/uploads\/2016\/04\/Accidente-moto-2.jpg?resize=400%2C264&amp;ssl=1 400w\" sizes=\"auto, (max-width: 300px) 100vw, 300px\" \/><\/a><\/p>\n<p>El motorista habr\u00eda perdido el control al enfrentarse repentinamente con la curva del camino, sin embargo, fue una animita la que amortigu\u00f3 su ca\u00edda y salv\u00f3 su vida.<\/p>\n"},"caption":{"rendered":"<p>El motorista habr\u00eda perdido el control al enfrentarse repentinamente con la curva del camino, sin embargo, fue una animita la que amortigu\u00f3 su ca\u00edda y salv\u00f3 su vida.<\/p>\n"},"alt_text":"El motorista habr\u00eda perdido el control al enfrentarse repentinamente con la curva del camino, sin embargo, fue una animita la que amortigu\u00f3 su ca\u00edda y salv\u00f3 su vida.","media_type":"image","mime_type":"image\/jpeg","media_details":{"width":530,"height":350,"file":"2016\/04\/Accidente-moto-2.jpg","sizes":{"thumbnail":{"file":"Accidente-moto-2-200x132.jpg","width":200,"height":132,"mime_type":"image\/jpeg","source_url":"https:\/\/i0.wp.com\/eltrabajo.cl\/portal\/wp-content\/uploads\/2016\/04\/Accidente-moto-2.jpg?fit=200%2C132&ssl=1"},"medium":{"file":"Accidente-moto-2-300x198.jpg","width":300,"height":198,"mime_type":"image\/jpeg","source_url":"https:\/\/i0.wp.com\/eltrabajo.cl\/portal\/wp-content\/uploads\/2016\/04\/Accidente-moto-2.jpg?fit=300%2C198&ssl=1"},"post-thumbnail":{"file":"Accidente-moto-2-227x150.jpg","width":227,"height":150,"mime_type":"image\/jpeg","source_url":"https:\/\/i0.wp.com\/eltrabajo.cl\/portal\/wp-content\/uploads\/2016\/04\/Accidente-moto-2.jpg?fit=227%2C150&ssl=1"},"single-post-thumbnail":{"file":"Accidente-moto-2-400x264.jpg","width":400,"height":264,"mime_type":"image\/jpeg","source_url":"https:\/\/eltrabajo.cl\/portal\/wp-content\/uploads\/2016\/04\/Accidente-moto-2-400x264.jpg"},"wptouch-new-thumbnail":{"file":"Accidente-moto-2-144x144.jpg","width":144,"height":144,"mime_type":"image\/jpeg","source_url":"https:\/\/eltrabajo.cl\/portal\/wp-content\/uploads\/2016\/04\/Accidente-moto-2-144x144.jpg"},"full":{"file":"Accidente-moto-2.jpg?fit=530%2C350&ssl=1","width":530,"height":350,"mime_type":"image\/jpeg","source_url":"https:\/\/i0.wp.com\/eltrabajo.cl\/portal\/wp-content\/uploads\/2016\/04\/Accidente-moto-2.jpg?fit=530%2C350&ssl=1"}},"image_meta":{"aperture":"0","credit":"","camera":"","caption":"","created_timestamp":"0","copyright":"[wopmind]","focal_length":"0","iso":"0","shutter_speed":"0","title":"","orientation":"0","keywords":[]}},"post":68377,"source_url":"https:\/\/eltrabajo.cl\/portal\/wp-content\/uploads\/2016\/04\/Accidente-moto-2.jpg","_links":{"self":[{"href":"https:\/\/eltrabajo.cl\/portal\/wp-json\/wp\/v2\/media\/68378","targetHints":{"allow":["GET"]}}],"collection":[{"href":"https:\/\/eltrabajo.cl\/portal\/wp-json\/wp\/v2\/media"}],"about":[{"href":"https:\/\/eltrabajo.cl\/portal\/wp-json\/wp\/v2\/types\/attachment"}],"author":[{"embeddable":true,"href":"https:\/\/eltrabajo.cl\/portal\/wp-json\/wp\/v2\/users\/1"}],"replies":[{"embeddable":true,"href":"https:\/\/eltrabajo.cl\/portal\/wp-json\/wp\/v2\/comments?post=68378"}],"wp:attached-to":[{"embeddable":true,"post_type":"post","id":68377,"href":"https:\/\/eltrabajo.cl\/portal\/wp-json\/wp\/v2\/posts\/68377"}],"curies":[{"name":"wp","href":"https:\/\/api.w.org\/{rel}","templated":true}]}}

El motorista habría perdido el control al enfrentarse repentinamente con la curva del camino, sin embargo, fue una animita la que amortiguó su caída y salvó su vida.

<p class="attachment"><a href="https://i0.wp.com/eltrabajo.cl/portal/wp-content/uploads/2016/04/Accidente-moto-2.jpg?ssl=1"><img loading="lazy" decoding="async" width="300" height="198" src="https://i0.wp.com/eltrabajo.cl/portal/wp-content/uploads/2016/04/Accidente-moto-2.jpg?fit=300%2C198&amp;ssl=1" class="attachment-medium size-medium" alt="El motorista habría perdido el control al enfrentarse repentinamente con la curva del camino, sin embargo, fue una animita la que amortiguó su caída y salvó su vida." srcset="https://i0.wp.com/eltrabajo.cl/portal/wp-content/uploads/2016/04/Accidente-moto-2.jpg?w=530&amp;ssl=1 530w, https://i0.wp.com/eltrabajo.cl/portal/wp-content/uploads/2016/04/Accidente-moto-2.jpg?resize=200%2C132&amp;ssl=1 200w, https://i0.wp.com/eltrabajo.cl/portal/wp-content/uploads/2016/04/Accidente-moto-2.jpg?resize=300%2C198&amp;ssl=1 300w, https://i0.wp.com/eltrabajo.cl/portal/wp-content/uploads/2016/04/Accidente-moto-2.jpg?resize=227%2C150&amp;ssl=1 227w, https://i0.wp.com/eltrabajo.cl/portal/wp-content/uploads/2016/04/Accidente-moto-2.jpg?resize=400%2C264&amp;ssl=1 400w" sizes="auto, (max-width: 300px) 100vw, 300px" /></a></p>
<p>El motorista habría perdido el control al enfrentarse repentinamente con la curva del camino, sin embargo, fue una animita la que amortiguó su caída y salvó su vida.</p>

<p>El motorista habría perdido el control al enfrentarse repentinamente con la curva del camino, sin embargo, fue una animita la que amortiguó su caída y salvó su vida.</p>
