{"id":68421,"date":"2016-04-05T09:03:26","date_gmt":"2016-04-05T12:03:26","guid":{"rendered":"http:\/\/www.eltrabajo.cl\/portal\/wp-content\/uploads\/2016\/04\/porta-Grupal2.jpg"},"modified":"2016-04-05T09:03:45","modified_gmt":"2016-04-05T12:03:45","slug":"porta-grupal2","status":"inherit","type":"attachment","link":"https:\/\/eltrabajo.cl\/portal\/escolares-sanfelipenos-visitaron-la-36a-fidae-2016-en-santiago\/porta-grupal2\/","title":{"rendered":"LA PANDILLA SE ESCAP\u00d3.- Aqu\u00ed tenemos a Fabi\u00e1n Garc\u00eda, C\u00e9sar Garc\u00eda, Esteban Santib\u00e1\u00f1ez y Valentina Madrid."},"author":1,"featured_media":0,"comment_status":"open","ping_status":"closed","template":"","meta":{"advanced_seo_description":"","jetpack_seo_html_title":"","jetpack_seo_noindex":false},"class_list":["post-68421","attachment","type-attachment","status-inherit","hentry"],"jetpack_sharing_enabled":true,"jetpack_likes_enabled":true,"description":{"rendered":"<p class=\"attachment\"><a href=\"https:\/\/i0.wp.com\/eltrabajo.cl\/portal\/wp-content\/uploads\/2016\/04\/porta-Grupal2.jpg?ssl=1\"><img loading=\"lazy\" decoding=\"async\" width=\"300\" height=\"198\" src=\"https:\/\/i0.wp.com\/eltrabajo.cl\/portal\/wp-content\/uploads\/2016\/04\/porta-Grupal2.jpg?fit=300%2C198&amp;ssl=1\" class=\"attachment-medium size-medium\" alt=\"LA PANDILLA SE ESCAP\u00d3.- Aqu\u00ed tenemos a Fabi\u00e1n Garc\u00eda, C\u00e9sar Garc\u00eda, Esteban Santib\u00e1\u00f1ez y Valentina Madrid.\" srcset=\"https:\/\/i0.wp.com\/eltrabajo.cl\/portal\/wp-content\/uploads\/2016\/04\/porta-Grupal2.jpg?w=530&amp;ssl=1 530w, https:\/\/i0.wp.com\/eltrabajo.cl\/portal\/wp-content\/uploads\/2016\/04\/porta-Grupal2.jpg?resize=200%2C132&amp;ssl=1 200w, https:\/\/i0.wp.com\/eltrabajo.cl\/portal\/wp-content\/uploads\/2016\/04\/porta-Grupal2.jpg?resize=300%2C198&amp;ssl=1 300w, https:\/\/i0.wp.com\/eltrabajo.cl\/portal\/wp-content\/uploads\/2016\/04\/porta-Grupal2.jpg?resize=227%2C150&amp;ssl=1 227w, https:\/\/i0.wp.com\/eltrabajo.cl\/portal\/wp-content\/uploads\/2016\/04\/porta-Grupal2.jpg?resize=400%2C264&amp;ssl=1 400w\" sizes=\"auto, (max-width: 300px) 100vw, 300px\" \/><\/a><\/p>\n<p>LA PANDILLA SE ESCAP\u00d3.- Aqu\u00ed tenemos a Fabi\u00e1n Garc\u00eda, C\u00e9sar Garc\u00eda, Esteban Santib\u00e1\u00f1ez y Valentina Madrid.<\/p>\n"},"caption":{"rendered":"<p>LA PANDILLA SE ESCAP\u00d3.- Aqu\u00ed tenemos a Fabi\u00e1n Garc\u00eda, C\u00e9sar Garc\u00eda, Esteban Santib\u00e1\u00f1ez y Valentina Madrid.<\/p>\n"},"alt_text":"LA PANDILLA SE ESCAP\u00d3.- Aqu\u00ed tenemos a Fabi\u00e1n Garc\u00eda, C\u00e9sar Garc\u00eda, Esteban Santib\u00e1\u00f1ez y Valentina Madrid.","media_type":"image","mime_type":"image\/jpeg","media_details":{"width":530,"height":350,"file":"2016\/04\/porta-Grupal2.jpg","sizes":{"thumbnail":{"file":"porta-Grupal2-200x132.jpg","width":200,"height":132,"mime_type":"image\/jpeg","source_url":"https:\/\/i0.wp.com\/eltrabajo.cl\/portal\/wp-content\/uploads\/2016\/04\/porta-Grupal2.jpg?fit=200%2C132&ssl=1"},"medium":{"file":"porta-Grupal2-300x198.jpg","width":300,"height":198,"mime_type":"image\/jpeg","source_url":"https:\/\/i0.wp.com\/eltrabajo.cl\/portal\/wp-content\/uploads\/2016\/04\/porta-Grupal2.jpg?fit=300%2C198&ssl=1"},"post-thumbnail":{"file":"porta-Grupal2-227x150.jpg","width":227,"height":150,"mime_type":"image\/jpeg","source_url":"https:\/\/i0.wp.com\/eltrabajo.cl\/portal\/wp-content\/uploads\/2016\/04\/porta-Grupal2.jpg?fit=227%2C150&ssl=1"},"single-post-thumbnail":{"file":"porta-Grupal2-400x264.jpg","width":400,"height":264,"mime_type":"image\/jpeg","source_url":"https:\/\/eltrabajo.cl\/portal\/wp-content\/uploads\/2016\/04\/porta-Grupal2-400x264.jpg"},"wptouch-new-thumbnail":{"file":"porta-Grupal2-144x144.jpg","width":144,"height":144,"mime_type":"image\/jpeg","source_url":"https:\/\/eltrabajo.cl\/portal\/wp-content\/uploads\/2016\/04\/porta-Grupal2-144x144.jpg"},"full":{"file":"porta-Grupal2.jpg?fit=530%2C350&ssl=1","width":530,"height":350,"mime_type":"image\/jpeg","source_url":"https:\/\/i0.wp.com\/eltrabajo.cl\/portal\/wp-content\/uploads\/2016\/04\/porta-Grupal2.jpg?fit=530%2C350&ssl=1"}},"image_meta":{"aperture":"0","credit":"","camera":"","caption":"","created_timestamp":"0","copyright":"","focal_length":"0","iso":"0","shutter_speed":"0","title":"","orientation":"0","keywords":[]}},"post":68418,"source_url":"https:\/\/eltrabajo.cl\/portal\/wp-content\/uploads\/2016\/04\/porta-Grupal2.jpg","_links":{"self":[{"href":"https:\/\/eltrabajo.cl\/portal\/wp-json\/wp\/v2\/media\/68421","targetHints":{"allow":["GET"]}}],"collection":[{"href":"https:\/\/eltrabajo.cl\/portal\/wp-json\/wp\/v2\/media"}],"about":[{"href":"https:\/\/eltrabajo.cl\/portal\/wp-json\/wp\/v2\/types\/attachment"}],"author":[{"embeddable":true,"href":"https:\/\/eltrabajo.cl\/portal\/wp-json\/wp\/v2\/users\/1"}],"replies":[{"embeddable":true,"href":"https:\/\/eltrabajo.cl\/portal\/wp-json\/wp\/v2\/comments?post=68421"}],"wp:attached-to":[{"embeddable":true,"post_type":"post","id":68418,"href":"https:\/\/eltrabajo.cl\/portal\/wp-json\/wp\/v2\/posts\/68418"}],"curies":[{"name":"wp","href":"https:\/\/api.w.org\/{rel}","templated":true}]}}

LA PANDILLA SE ESCAPÓ.- Aquí tenemos a Fabián García, César García, Esteban Santibáñez y Valentina Madrid.

<p class="attachment"><a href="https://i0.wp.com/eltrabajo.cl/portal/wp-content/uploads/2016/04/porta-Grupal2.jpg?ssl=1"><img loading="lazy" decoding="async" width="300" height="198" src="https://i0.wp.com/eltrabajo.cl/portal/wp-content/uploads/2016/04/porta-Grupal2.jpg?fit=300%2C198&amp;ssl=1" class="attachment-medium size-medium" alt="LA PANDILLA SE ESCAPÓ.- Aquí tenemos a Fabián García, César García, Esteban Santibáñez y Valentina Madrid." srcset="https://i0.wp.com/eltrabajo.cl/portal/wp-content/uploads/2016/04/porta-Grupal2.jpg?w=530&amp;ssl=1 530w, https://i0.wp.com/eltrabajo.cl/portal/wp-content/uploads/2016/04/porta-Grupal2.jpg?resize=200%2C132&amp;ssl=1 200w, https://i0.wp.com/eltrabajo.cl/portal/wp-content/uploads/2016/04/porta-Grupal2.jpg?resize=300%2C198&amp;ssl=1 300w, https://i0.wp.com/eltrabajo.cl/portal/wp-content/uploads/2016/04/porta-Grupal2.jpg?resize=227%2C150&amp;ssl=1 227w, https://i0.wp.com/eltrabajo.cl/portal/wp-content/uploads/2016/04/porta-Grupal2.jpg?resize=400%2C264&amp;ssl=1 400w" sizes="auto, (max-width: 300px) 100vw, 300px" /></a></p>
<p>LA PANDILLA SE ESCAPÓ.- Aquí tenemos a Fabián García, César García, Esteban Santibáñez y Valentina Madrid.</p>

<p>LA PANDILLA SE ESCAPÓ.- Aquí tenemos a Fabián García, César García, Esteban Santibáñez y Valentina Madrid.</p>
