{"id":68422,"date":"2016-04-05T09:03:29","date_gmt":"2016-04-05T12:03:29","guid":{"rendered":"http:\/\/www.eltrabajo.cl\/portal\/wp-content\/uploads\/2016\/04\/Trini33.jpg"},"modified":"2016-04-05T09:03:59","modified_gmt":"2016-04-05T12:03:59","slug":"trini33","status":"inherit","type":"attachment","link":"https:\/\/eltrabajo.cl\/portal\/escolares-sanfelipenos-visitaron-la-36a-fidae-2016-en-santiago\/trini33\/","title":{"rendered":"D\u00cdA INOLVIDABLE.- Del Club A\u00e9reo de Santiago, aqu\u00ed tenemos esta peque\u00f1a navecita, posan para Diario El Trabajo la peque\u00f1a Trinidad, Juan Carlos y Javiera Z\u00fa\u00f1iga, y nuestro amiguito Ignacio Acu\u00f1a, todos de la Escuela Jos\u00e9 de San Mart\u00edn."},"author":1,"featured_media":0,"comment_status":"open","ping_status":"closed","template":"","meta":{"advanced_seo_description":"","jetpack_seo_html_title":"","jetpack_seo_noindex":false},"class_list":["post-68422","attachment","type-attachment","status-inherit","hentry"],"jetpack_sharing_enabled":true,"jetpack_likes_enabled":true,"description":{"rendered":"<p class=\"attachment\"><a href=\"https:\/\/i0.wp.com\/eltrabajo.cl\/portal\/wp-content\/uploads\/2016\/04\/Trini33.jpg?ssl=1\"><img loading=\"lazy\" decoding=\"async\" width=\"300\" height=\"197\" src=\"https:\/\/i0.wp.com\/eltrabajo.cl\/portal\/wp-content\/uploads\/2016\/04\/Trini33.jpg?fit=300%2C197&amp;ssl=1\" class=\"attachment-medium size-medium\" alt=\"D\u00cdA INOLVIDABLE.- Del Club A\u00e9reo de Santiago, aqu\u00ed tenemos esta peque\u00f1a navecita, posan para Diario El Trabajo la peque\u00f1a Trinidad, Juan Carlos y Javiera Z\u00fa\u00f1iga, y nuestro amiguito Ignacio Acu\u00f1a, todos de la Escuela Jos\u00e9 de San Mart\u00edn.\" srcset=\"https:\/\/i0.wp.com\/eltrabajo.cl\/portal\/wp-content\/uploads\/2016\/04\/Trini33.jpg?w=530&amp;ssl=1 530w, https:\/\/i0.wp.com\/eltrabajo.cl\/portal\/wp-content\/uploads\/2016\/04\/Trini33.jpg?resize=200%2C131&amp;ssl=1 200w, https:\/\/i0.wp.com\/eltrabajo.cl\/portal\/wp-content\/uploads\/2016\/04\/Trini33.jpg?resize=300%2C197&amp;ssl=1 300w, https:\/\/i0.wp.com\/eltrabajo.cl\/portal\/wp-content\/uploads\/2016\/04\/Trini33.jpg?resize=228%2C150&amp;ssl=1 228w, https:\/\/i0.wp.com\/eltrabajo.cl\/portal\/wp-content\/uploads\/2016\/04\/Trini33.jpg?resize=400%2C263&amp;ssl=1 400w\" sizes=\"auto, (max-width: 300px) 100vw, 300px\" \/><\/a><\/p>\n<p>D\u00cdA INOLVIDABLE.- Del Club A\u00e9reo de Santiago, aqu\u00ed tenemos esta peque\u00f1a navecita, posan para Diario El Trabajo la peque\u00f1a Trinidad, Juan Carlos y Javiera Z\u00fa\u00f1iga, y nuestro amiguito Ignacio Acu\u00f1a, todos de la Escuela Jos\u00e9 de San Mart\u00edn.<\/p>\n"},"caption":{"rendered":"<p>D\u00cdA INOLVIDABLE.- Del Club A\u00e9reo de Santiago, aqu\u00ed tenemos esta peque\u00f1a navecita, posan para Diario El Trabajo la peque\u00f1a Trinidad, Juan Carlos y Javiera Z\u00fa\u00f1iga, y nuestro amiguito Ignacio Acu\u00f1a, todos de la Escuela Jos\u00e9 de San Mart\u00edn.<\/p>\n"},"alt_text":"D\u00cdA INOLVIDABLE.- Del Club A\u00e9reo de Santiago, aqu\u00ed tenemos esta peque\u00f1a navecita, posan para Diario El Trabajo la peque\u00f1a Trinidad, Juan Carlos y Javiera Z\u00fa\u00f1iga, y nuestro amiguito Ignacio Acu\u00f1a, todos de la Escuela Jos\u00e9 de San Mart\u00edn.","media_type":"image","mime_type":"image\/jpeg","media_details":{"width":530,"height":348,"file":"2016\/04\/Trini33.jpg","sizes":{"thumbnail":{"file":"Trini33-200x131.jpg","width":200,"height":131,"mime_type":"image\/jpeg","source_url":"https:\/\/i0.wp.com\/eltrabajo.cl\/portal\/wp-content\/uploads\/2016\/04\/Trini33.jpg?fit=200%2C131&ssl=1"},"medium":{"file":"Trini33-300x197.jpg","width":300,"height":197,"mime_type":"image\/jpeg","source_url":"https:\/\/i0.wp.com\/eltrabajo.cl\/portal\/wp-content\/uploads\/2016\/04\/Trini33.jpg?fit=300%2C197&ssl=1"},"post-thumbnail":{"file":"Trini33-228x150.jpg","width":228,"height":150,"mime_type":"image\/jpeg","source_url":"https:\/\/i0.wp.com\/eltrabajo.cl\/portal\/wp-content\/uploads\/2016\/04\/Trini33.jpg?fit=228%2C150&ssl=1"},"single-post-thumbnail":{"file":"Trini33-400x263.jpg","width":400,"height":263,"mime_type":"image\/jpeg","source_url":"https:\/\/eltrabajo.cl\/portal\/wp-content\/uploads\/2016\/04\/Trini33-400x263.jpg"},"wptouch-new-thumbnail":{"file":"Trini33-144x144.jpg","width":144,"height":144,"mime_type":"image\/jpeg","source_url":"https:\/\/eltrabajo.cl\/portal\/wp-content\/uploads\/2016\/04\/Trini33-144x144.jpg"},"full":{"file":"Trini33.jpg?fit=530%2C348&ssl=1","width":530,"height":348,"mime_type":"image\/jpeg","source_url":"https:\/\/i0.wp.com\/eltrabajo.cl\/portal\/wp-content\/uploads\/2016\/04\/Trini33.jpg?fit=530%2C348&ssl=1"}},"image_meta":{"aperture":"0","credit":"","camera":"","caption":"","created_timestamp":"0","copyright":"","focal_length":"0","iso":"0","shutter_speed":"0","title":"","orientation":"0","keywords":[]}},"post":68418,"source_url":"https:\/\/eltrabajo.cl\/portal\/wp-content\/uploads\/2016\/04\/Trini33.jpg","_links":{"self":[{"href":"https:\/\/eltrabajo.cl\/portal\/wp-json\/wp\/v2\/media\/68422","targetHints":{"allow":["GET"]}}],"collection":[{"href":"https:\/\/eltrabajo.cl\/portal\/wp-json\/wp\/v2\/media"}],"about":[{"href":"https:\/\/eltrabajo.cl\/portal\/wp-json\/wp\/v2\/types\/attachment"}],"author":[{"embeddable":true,"href":"https:\/\/eltrabajo.cl\/portal\/wp-json\/wp\/v2\/users\/1"}],"replies":[{"embeddable":true,"href":"https:\/\/eltrabajo.cl\/portal\/wp-json\/wp\/v2\/comments?post=68422"}],"wp:attached-to":[{"embeddable":true,"post_type":"post","id":68418,"href":"https:\/\/eltrabajo.cl\/portal\/wp-json\/wp\/v2\/posts\/68418"}],"curies":[{"name":"wp","href":"https:\/\/api.w.org\/{rel}","templated":true}]}}

DÍA INOLVIDABLE.- Del Club Aéreo de Santiago, aquí tenemos esta pequeña navecita, posan para Diario El Trabajo la pequeña Trinidad, Juan Carlos y Javiera Zúñiga, y nuestro amiguito Ignacio Acuña, todos de la Escuela José de San Martín.

<p class="attachment"><a href="https://i0.wp.com/eltrabajo.cl/portal/wp-content/uploads/2016/04/Trini33.jpg?ssl=1"><img loading="lazy" decoding="async" width="300" height="197" src="https://i0.wp.com/eltrabajo.cl/portal/wp-content/uploads/2016/04/Trini33.jpg?fit=300%2C197&amp;ssl=1" class="attachment-medium size-medium" alt="DÍA INOLVIDABLE.- Del Club Aéreo de Santiago, aquí tenemos esta pequeña navecita, posan para Diario El Trabajo la pequeña Trinidad, Juan Carlos y Javiera Zúñiga, y nuestro amiguito Ignacio Acuña, todos de la Escuela José de San Martín." srcset="https://i0.wp.com/eltrabajo.cl/portal/wp-content/uploads/2016/04/Trini33.jpg?w=530&amp;ssl=1 530w, https://i0.wp.com/eltrabajo.cl/portal/wp-content/uploads/2016/04/Trini33.jpg?resize=200%2C131&amp;ssl=1 200w, https://i0.wp.com/eltrabajo.cl/portal/wp-content/uploads/2016/04/Trini33.jpg?resize=300%2C197&amp;ssl=1 300w, https://i0.wp.com/eltrabajo.cl/portal/wp-content/uploads/2016/04/Trini33.jpg?resize=228%2C150&amp;ssl=1 228w, https://i0.wp.com/eltrabajo.cl/portal/wp-content/uploads/2016/04/Trini33.jpg?resize=400%2C263&amp;ssl=1 400w" sizes="auto, (max-width: 300px) 100vw, 300px" /></a></p>
<p>DÍA INOLVIDABLE.- Del Club Aéreo de Santiago, aquí tenemos esta pequeña navecita, posan para Diario El Trabajo la pequeña Trinidad, Juan Carlos y Javiera Zúñiga, y nuestro amiguito Ignacio Acuña, todos de la Escuela José de San Martín.</p>

<p>DÍA INOLVIDABLE.- Del Club Aéreo de Santiago, aquí tenemos esta pequeña navecita, posan para Diario El Trabajo la pequeña Trinidad, Juan Carlos y Javiera Zúñiga, y nuestro amiguito Ignacio Acuña, todos de la Escuela José de San Martín.</p>
