{"id":68460,"date":"2016-04-06T09:14:24","date_gmt":"2016-04-06T12:14:24","guid":{"rendered":"http:\/\/www.eltrabajo.cl\/portal\/wp-content\/uploads\/2016\/04\/bejares10.jpg"},"modified":"2016-04-06T09:14:33","modified_gmt":"2016-04-06T12:14:33","slug":"bejares10","status":"inherit","type":"attachment","link":"https:\/\/eltrabajo.cl\/portal\/en-riesgo-vital-se-encuentra-adulto-mayor-tras-incendio-de-su-mediagua\/bejares10\/","title":{"rendered":"El incendio se habr\u00eda producido cuando el due\u00f1o del sitio comenz\u00f3 a quemar basuras y otros desechos que estaban en el lugar utilizando, aparentemente, alg\u00fan tipo de combustible que propag\u00f3 las llamas hasta la mediagua."},"author":1,"featured_media":0,"comment_status":"open","ping_status":"closed","template":"","meta":{"advanced_seo_description":"","jetpack_seo_html_title":"","jetpack_seo_noindex":false},"class_list":["post-68460","attachment","type-attachment","status-inherit","hentry"],"jetpack_sharing_enabled":true,"jetpack_likes_enabled":true,"description":{"rendered":"<p class=\"attachment\"><a href=\"https:\/\/i0.wp.com\/eltrabajo.cl\/portal\/wp-content\/uploads\/2016\/04\/bejares10.jpg?ssl=1\"><img loading=\"lazy\" decoding=\"async\" width=\"300\" height=\"198\" src=\"https:\/\/i0.wp.com\/eltrabajo.cl\/portal\/wp-content\/uploads\/2016\/04\/bejares10.jpg?fit=300%2C198&amp;ssl=1\" class=\"attachment-medium size-medium\" alt=\"El incendio se habr\u00eda producido cuando el due\u00f1o del sitio comenz\u00f3 a quemar basuras y otros desechos que estaban en el lugar utilizando, aparentemente, alg\u00fan tipo de combustible que propag\u00f3 las llamas hasta la mediagua.\" srcset=\"https:\/\/i0.wp.com\/eltrabajo.cl\/portal\/wp-content\/uploads\/2016\/04\/bejares10.jpg?w=530&amp;ssl=1 530w, https:\/\/i0.wp.com\/eltrabajo.cl\/portal\/wp-content\/uploads\/2016\/04\/bejares10.jpg?resize=200%2C132&amp;ssl=1 200w, https:\/\/i0.wp.com\/eltrabajo.cl\/portal\/wp-content\/uploads\/2016\/04\/bejares10.jpg?resize=300%2C198&amp;ssl=1 300w, https:\/\/i0.wp.com\/eltrabajo.cl\/portal\/wp-content\/uploads\/2016\/04\/bejares10.jpg?resize=228%2C150&amp;ssl=1 228w, https:\/\/i0.wp.com\/eltrabajo.cl\/portal\/wp-content\/uploads\/2016\/04\/bejares10.jpg?resize=400%2C263&amp;ssl=1 400w\" sizes=\"auto, (max-width: 300px) 100vw, 300px\" \/><\/a><\/p>\n<p>El incendio se habr\u00eda producido cuando el due\u00f1o del sitio comenz\u00f3 a quemar basuras y otros desechos que estaban en el lugar utilizando, aparentemente, alg\u00fan tipo de combustible que propag\u00f3 las llamas hasta la mediagua.<\/p>\n"},"caption":{"rendered":"<p>El incendio se habr\u00eda producido cuando el due\u00f1o del sitio comenz\u00f3 a quemar basuras y otros desechos que estaban en el lugar utilizando, aparentemente, alg\u00fan tipo de combustible que propag\u00f3 las llamas hasta la mediagua.<\/p>\n"},"alt_text":"El incendio se habr\u00eda producido cuando el due\u00f1o del sitio comenz\u00f3 a quemar basuras y otros desechos que estaban en el lugar utilizando, aparentemente, alg\u00fan tipo de combustible que propag\u00f3 las llamas hasta la mediagua.","media_type":"image","mime_type":"image\/jpeg","media_details":{"width":530,"height":349,"file":"2016\/04\/bejares10.jpg","sizes":{"thumbnail":{"file":"bejares10-200x132.jpg","width":200,"height":132,"mime_type":"image\/jpeg","source_url":"https:\/\/i0.wp.com\/eltrabajo.cl\/portal\/wp-content\/uploads\/2016\/04\/bejares10.jpg?fit=200%2C132&ssl=1"},"medium":{"file":"bejares10-300x198.jpg","width":300,"height":198,"mime_type":"image\/jpeg","source_url":"https:\/\/i0.wp.com\/eltrabajo.cl\/portal\/wp-content\/uploads\/2016\/04\/bejares10.jpg?fit=300%2C198&ssl=1"},"post-thumbnail":{"file":"bejares10-228x150.jpg","width":228,"height":150,"mime_type":"image\/jpeg","source_url":"https:\/\/i0.wp.com\/eltrabajo.cl\/portal\/wp-content\/uploads\/2016\/04\/bejares10.jpg?fit=228%2C150&ssl=1"},"single-post-thumbnail":{"file":"bejares10-400x263.jpg","width":400,"height":263,"mime_type":"image\/jpeg","source_url":"https:\/\/eltrabajo.cl\/portal\/wp-content\/uploads\/2016\/04\/bejares10-400x263.jpg"},"wptouch-new-thumbnail":{"file":"bejares10-144x144.jpg","width":144,"height":144,"mime_type":"image\/jpeg","source_url":"https:\/\/eltrabajo.cl\/portal\/wp-content\/uploads\/2016\/04\/bejares10-144x144.jpg"},"full":{"file":"bejares10.jpg?fit=530%2C349&ssl=1","width":530,"height":349,"mime_type":"image\/jpeg","source_url":"https:\/\/i0.wp.com\/eltrabajo.cl\/portal\/wp-content\/uploads\/2016\/04\/bejares10.jpg?fit=530%2C349&ssl=1"}},"image_meta":{"aperture":"0","credit":"","camera":"","caption":"","created_timestamp":"0","copyright":"","focal_length":"0","iso":"0","shutter_speed":"0","title":"","orientation":"0","keywords":[]}},"post":68459,"source_url":"https:\/\/eltrabajo.cl\/portal\/wp-content\/uploads\/2016\/04\/bejares10.jpg","_links":{"self":[{"href":"https:\/\/eltrabajo.cl\/portal\/wp-json\/wp\/v2\/media\/68460","targetHints":{"allow":["GET"]}}],"collection":[{"href":"https:\/\/eltrabajo.cl\/portal\/wp-json\/wp\/v2\/media"}],"about":[{"href":"https:\/\/eltrabajo.cl\/portal\/wp-json\/wp\/v2\/types\/attachment"}],"author":[{"embeddable":true,"href":"https:\/\/eltrabajo.cl\/portal\/wp-json\/wp\/v2\/users\/1"}],"replies":[{"embeddable":true,"href":"https:\/\/eltrabajo.cl\/portal\/wp-json\/wp\/v2\/comments?post=68460"}],"wp:attached-to":[{"embeddable":true,"post_type":"post","id":68459,"href":"https:\/\/eltrabajo.cl\/portal\/wp-json\/wp\/v2\/posts\/68459"}],"curies":[{"name":"wp","href":"https:\/\/api.w.org\/{rel}","templated":true}]}}

El incendio se habría producido cuando el dueño del sitio comenzó a quemar basuras y otros desechos que estaban en el lugar utilizando, aparentemente, algún tipo de combustible que propagó las llamas hasta la mediagua.

<p class="attachment"><a href="https://i0.wp.com/eltrabajo.cl/portal/wp-content/uploads/2016/04/bejares10.jpg?ssl=1"><img loading="lazy" decoding="async" width="300" height="198" src="https://i0.wp.com/eltrabajo.cl/portal/wp-content/uploads/2016/04/bejares10.jpg?fit=300%2C198&amp;ssl=1" class="attachment-medium size-medium" alt="El incendio se habría producido cuando el dueño del sitio comenzó a quemar basuras y otros desechos que estaban en el lugar utilizando, aparentemente, algún tipo de combustible que propagó las llamas hasta la mediagua." srcset="https://i0.wp.com/eltrabajo.cl/portal/wp-content/uploads/2016/04/bejares10.jpg?w=530&amp;ssl=1 530w, https://i0.wp.com/eltrabajo.cl/portal/wp-content/uploads/2016/04/bejares10.jpg?resize=200%2C132&amp;ssl=1 200w, https://i0.wp.com/eltrabajo.cl/portal/wp-content/uploads/2016/04/bejares10.jpg?resize=300%2C198&amp;ssl=1 300w, https://i0.wp.com/eltrabajo.cl/portal/wp-content/uploads/2016/04/bejares10.jpg?resize=228%2C150&amp;ssl=1 228w, https://i0.wp.com/eltrabajo.cl/portal/wp-content/uploads/2016/04/bejares10.jpg?resize=400%2C263&amp;ssl=1 400w" sizes="auto, (max-width: 300px) 100vw, 300px" /></a></p>
<p>El incendio se habría producido cuando el dueño del sitio comenzó a quemar basuras y otros desechos que estaban en el lugar utilizando, aparentemente, algún tipo de combustible que propagó las llamas hasta la mediagua.</p>

<p>El incendio se habría producido cuando el dueño del sitio comenzó a quemar basuras y otros desechos que estaban en el lugar utilizando, aparentemente, algún tipo de combustible que propagó las llamas hasta la mediagua.</p>
