{"id":68464,"date":"2016-04-06T09:16:20","date_gmt":"2016-04-06T12:16:20","guid":{"rendered":"http:\/\/www.eltrabajo.cl\/portal\/wp-content\/uploads\/2016\/04\/Colleras33.jpg"},"modified":"2016-04-06T09:16:45","modified_gmt":"2016-04-06T12:16:45","slug":"colleras33","status":"inherit","type":"attachment","link":"https:\/\/eltrabajo.cl\/portal\/bailarines-de-pasion-industrialina-viajan-a-duao-a-defender-su-titulo\/colleras33\/","title":{"rendered":"NUESTRAS COLLERAS.- Ellos tambi\u00e9n participar\u00e1n con sus caballos sanfelipe\u00f1os en la parte de rodeo."},"author":1,"featured_media":0,"comment_status":"open","ping_status":"closed","template":"","meta":{"advanced_seo_description":"","jetpack_seo_html_title":"","jetpack_seo_noindex":false},"class_list":["post-68464","attachment","type-attachment","status-inherit","hentry"],"jetpack_sharing_enabled":true,"jetpack_likes_enabled":true,"description":{"rendered":"<p class=\"attachment\"><a href=\"https:\/\/i0.wp.com\/eltrabajo.cl\/portal\/wp-content\/uploads\/2016\/04\/Colleras33.jpg?ssl=1\"><img loading=\"lazy\" decoding=\"async\" width=\"300\" height=\"198\" src=\"https:\/\/i0.wp.com\/eltrabajo.cl\/portal\/wp-content\/uploads\/2016\/04\/Colleras33.jpg?fit=300%2C198&amp;ssl=1\" class=\"attachment-medium size-medium\" alt=\"NUESTRAS COLLERAS.- Ellos tambi\u00e9n participar\u00e1n con sus caballos sanfelipe\u00f1os en la parte de rodeo.\" srcset=\"https:\/\/i0.wp.com\/eltrabajo.cl\/portal\/wp-content\/uploads\/2016\/04\/Colleras33.jpg?w=530&amp;ssl=1 530w, https:\/\/i0.wp.com\/eltrabajo.cl\/portal\/wp-content\/uploads\/2016\/04\/Colleras33.jpg?resize=200%2C132&amp;ssl=1 200w, https:\/\/i0.wp.com\/eltrabajo.cl\/portal\/wp-content\/uploads\/2016\/04\/Colleras33.jpg?resize=300%2C198&amp;ssl=1 300w, https:\/\/i0.wp.com\/eltrabajo.cl\/portal\/wp-content\/uploads\/2016\/04\/Colleras33.jpg?resize=227%2C150&amp;ssl=1 227w, https:\/\/i0.wp.com\/eltrabajo.cl\/portal\/wp-content\/uploads\/2016\/04\/Colleras33.jpg?resize=400%2C264&amp;ssl=1 400w\" sizes=\"auto, (max-width: 300px) 100vw, 300px\" \/><\/a><\/p>\n<p>NUESTRAS COLLERAS.- Ellos tambi\u00e9n participar\u00e1n con sus caballos sanfelipe\u00f1os en la parte de rodeo.<\/p>\n"},"caption":{"rendered":"<p>NUESTRAS COLLERAS.- Ellos tambi\u00e9n participar\u00e1n con sus caballos sanfelipe\u00f1os en la parte de rodeo.<\/p>\n"},"alt_text":"NUESTRAS COLLERAS.- Ellos tambi\u00e9n participar\u00e1n con sus caballos sanfelipe\u00f1os en la parte de rodeo.","media_type":"image","mime_type":"image\/jpeg","media_details":{"width":530,"height":350,"file":"2016\/04\/Colleras33.jpg","sizes":{"thumbnail":{"file":"Colleras33-200x132.jpg","width":200,"height":132,"mime_type":"image\/jpeg","source_url":"https:\/\/i0.wp.com\/eltrabajo.cl\/portal\/wp-content\/uploads\/2016\/04\/Colleras33.jpg?fit=200%2C132&ssl=1"},"medium":{"file":"Colleras33-300x198.jpg","width":300,"height":198,"mime_type":"image\/jpeg","source_url":"https:\/\/i0.wp.com\/eltrabajo.cl\/portal\/wp-content\/uploads\/2016\/04\/Colleras33.jpg?fit=300%2C198&ssl=1"},"post-thumbnail":{"file":"Colleras33-227x150.jpg","width":227,"height":150,"mime_type":"image\/jpeg","source_url":"https:\/\/i0.wp.com\/eltrabajo.cl\/portal\/wp-content\/uploads\/2016\/04\/Colleras33.jpg?fit=227%2C150&ssl=1"},"single-post-thumbnail":{"file":"Colleras33-400x264.jpg","width":400,"height":264,"mime_type":"image\/jpeg","source_url":"https:\/\/eltrabajo.cl\/portal\/wp-content\/uploads\/2016\/04\/Colleras33-400x264.jpg"},"wptouch-new-thumbnail":{"file":"Colleras33-144x144.jpg","width":144,"height":144,"mime_type":"image\/jpeg","source_url":"https:\/\/eltrabajo.cl\/portal\/wp-content\/uploads\/2016\/04\/Colleras33-144x144.jpg"},"full":{"file":"Colleras33.jpg?fit=530%2C350&ssl=1","width":530,"height":350,"mime_type":"image\/jpeg","source_url":"https:\/\/i0.wp.com\/eltrabajo.cl\/portal\/wp-content\/uploads\/2016\/04\/Colleras33.jpg?fit=530%2C350&ssl=1"}},"image_meta":{"aperture":"0","credit":"","camera":"","caption":"","created_timestamp":"0","copyright":"Copyright 2014","focal_length":"0","iso":"0","shutter_speed":"0","title":"","orientation":"0","keywords":[]}},"post":68463,"source_url":"https:\/\/eltrabajo.cl\/portal\/wp-content\/uploads\/2016\/04\/Colleras33.jpg","_links":{"self":[{"href":"https:\/\/eltrabajo.cl\/portal\/wp-json\/wp\/v2\/media\/68464","targetHints":{"allow":["GET"]}}],"collection":[{"href":"https:\/\/eltrabajo.cl\/portal\/wp-json\/wp\/v2\/media"}],"about":[{"href":"https:\/\/eltrabajo.cl\/portal\/wp-json\/wp\/v2\/types\/attachment"}],"author":[{"embeddable":true,"href":"https:\/\/eltrabajo.cl\/portal\/wp-json\/wp\/v2\/users\/1"}],"replies":[{"embeddable":true,"href":"https:\/\/eltrabajo.cl\/portal\/wp-json\/wp\/v2\/comments?post=68464"}],"wp:attached-to":[{"embeddable":true,"post_type":"post","id":68463,"href":"https:\/\/eltrabajo.cl\/portal\/wp-json\/wp\/v2\/posts\/68463"}],"curies":[{"name":"wp","href":"https:\/\/api.w.org\/{rel}","templated":true}]}}

NUESTRAS COLLERAS.- Ellos también participarán con sus caballos sanfelipeños en la parte de rodeo.

<p class="attachment"><a href="https://i0.wp.com/eltrabajo.cl/portal/wp-content/uploads/2016/04/Colleras33.jpg?ssl=1"><img loading="lazy" decoding="async" width="300" height="198" src="https://i0.wp.com/eltrabajo.cl/portal/wp-content/uploads/2016/04/Colleras33.jpg?fit=300%2C198&amp;ssl=1" class="attachment-medium size-medium" alt="NUESTRAS COLLERAS.- Ellos también participarán con sus caballos sanfelipeños en la parte de rodeo." srcset="https://i0.wp.com/eltrabajo.cl/portal/wp-content/uploads/2016/04/Colleras33.jpg?w=530&amp;ssl=1 530w, https://i0.wp.com/eltrabajo.cl/portal/wp-content/uploads/2016/04/Colleras33.jpg?resize=200%2C132&amp;ssl=1 200w, https://i0.wp.com/eltrabajo.cl/portal/wp-content/uploads/2016/04/Colleras33.jpg?resize=300%2C198&amp;ssl=1 300w, https://i0.wp.com/eltrabajo.cl/portal/wp-content/uploads/2016/04/Colleras33.jpg?resize=227%2C150&amp;ssl=1 227w, https://i0.wp.com/eltrabajo.cl/portal/wp-content/uploads/2016/04/Colleras33.jpg?resize=400%2C264&amp;ssl=1 400w" sizes="auto, (max-width: 300px) 100vw, 300px" /></a></p>
<p>NUESTRAS COLLERAS.- Ellos también participarán con sus caballos sanfelipeños en la parte de rodeo.</p>

<p>NUESTRAS COLLERAS.- Ellos también participarán con sus caballos sanfelipeños en la parte de rodeo.</p>
