{"id":68516,"date":"2016-04-07T09:36:44","date_gmt":"2016-04-07T12:36:44","guid":{"rendered":"http:\/\/www.eltrabajo.cl\/portal\/wp-content\/uploads\/2016\/04\/FOTO-1-SUBCOMISARIO-DE-LA-BICRIM-SAN-FELIPE-CARLOS-SANTIB\u00c1\u00d1EZ.jpg"},"modified":"2016-04-07T09:36:54","modified_gmt":"2016-04-07T12:36:54","slug":"foto-1-subcomisario-de-la-bicrim-san-felipe-carlos-santibanez","status":"inherit","type":"attachment","link":"https:\/\/eltrabajo.cl\/portal\/pdi-alerta-banda-criminal-dedicada-a-clonacion-de-tarjetas-bancarias-en-san-felipe\/foto-1-subcomisario-de-la-bicrim-san-felipe-carlos-santibanez\/","title":{"rendered":"Subcomisario de la Brigada de Investigaci\u00f3n Criminal, Bicrim, PDI San Felipe, Carlos Santib\u00e1\u00f1ez (archivo)."},"author":1,"featured_media":0,"comment_status":"open","ping_status":"closed","template":"","meta":{"advanced_seo_description":"","jetpack_seo_html_title":"","jetpack_seo_noindex":false},"class_list":["post-68516","attachment","type-attachment","status-inherit","hentry"],"jetpack_sharing_enabled":true,"jetpack_likes_enabled":true,"description":{"rendered":"<p class=\"attachment\"><a href=\"https:\/\/i0.wp.com\/eltrabajo.cl\/portal\/wp-content\/uploads\/2016\/04\/FOTO-1-SUBCOMISARIO-DE-LA-BICRIM-SAN-FELIPE-CARLOS-SANTIB%C3%81%C3%91EZ.jpg?ssl=1\"><img loading=\"lazy\" decoding=\"async\" width=\"300\" height=\"198\" src=\"https:\/\/i0.wp.com\/eltrabajo.cl\/portal\/wp-content\/uploads\/2016\/04\/FOTO-1-SUBCOMISARIO-DE-LA-BICRIM-SAN-FELIPE-CARLOS-SANTIB%C3%81%C3%91EZ.jpg?fit=300%2C198&amp;ssl=1\" class=\"attachment-medium size-medium\" alt=\"Subcomisario de la Brigada de Investigaci\u00f3n Criminal, Bicrim, PDI San Felipe, Carlos Santib\u00e1\u00f1ez (archivo).\" \/><\/a><\/p>\n<p>Subcomisario de la Brigada de Investigaci\u00f3n Criminal, Bicrim, PDI San Felipe, Carlos Santib\u00e1\u00f1ez (archivo).<\/p>\n"},"caption":{"rendered":"<p>Subcomisario de la Brigada de Investigaci\u00f3n Criminal, Bicrim, PDI San Felipe, Carlos Santib\u00e1\u00f1ez (archivo).<\/p>\n"},"alt_text":"Subcomisario de la Brigada de Investigaci\u00f3n Criminal, Bicrim, PDI San Felipe, Carlos Santib\u00e1\u00f1ez (archivo).","media_type":"image","mime_type":"image\/jpeg","media_details":{"width":530,"height":350,"file":"2016\/04\/FOTO-1-SUBCOMISARIO-DE-LA-BICRIM-SAN-FELIPE-CARLOS-SANTIB\u00c1\u00d1EZ.jpg","sizes":{"thumbnail":{"file":"FOTO-1-SUBCOMISARIO-DE-LA-BICRIM-SAN-FELIPE-CARLOS-SANTIB\u00c1\u00d1EZ-200x132.jpg","width":200,"height":132,"mime_type":"image\/jpeg","source_url":"https:\/\/i0.wp.com\/eltrabajo.cl\/portal\/wp-content\/uploads\/2016\/04\/FOTO-1-SUBCOMISARIO-DE-LA-BICRIM-SAN-FELIPE-CARLOS-SANTIB%C3%81%C3%91EZ.jpg?fit=200%2C132&ssl=1"},"medium":{"file":"FOTO-1-SUBCOMISARIO-DE-LA-BICRIM-SAN-FELIPE-CARLOS-SANTIB\u00c1\u00d1EZ-300x198.jpg","width":300,"height":198,"mime_type":"image\/jpeg","source_url":"https:\/\/i0.wp.com\/eltrabajo.cl\/portal\/wp-content\/uploads\/2016\/04\/FOTO-1-SUBCOMISARIO-DE-LA-BICRIM-SAN-FELIPE-CARLOS-SANTIB%C3%81%C3%91EZ.jpg?fit=300%2C198&ssl=1"},"post-thumbnail":{"file":"FOTO-1-SUBCOMISARIO-DE-LA-BICRIM-SAN-FELIPE-CARLOS-SANTIB\u00c1\u00d1EZ-227x150.jpg","width":227,"height":150,"mime_type":"image\/jpeg","source_url":"https:\/\/i0.wp.com\/eltrabajo.cl\/portal\/wp-content\/uploads\/2016\/04\/FOTO-1-SUBCOMISARIO-DE-LA-BICRIM-SAN-FELIPE-CARLOS-SANTIB%C3%81%C3%91EZ.jpg?fit=227%2C150&ssl=1"},"single-post-thumbnail":{"file":"FOTO-1-SUBCOMISARIO-DE-LA-BICRIM-SAN-FELIPE-CARLOS-SANTIB\u00c1\u00d1EZ-400x264.jpg","width":400,"height":264,"mime_type":"image\/jpeg","source_url":"https:\/\/eltrabajo.cl\/portal\/wp-content\/uploads\/2016\/04\/FOTO-1-SUBCOMISARIO-DE-LA-BICRIM-SAN-FELIPE-CARLOS-SANTIB\u00c1\u00d1EZ-400x264.jpg"},"wptouch-new-thumbnail":{"file":"FOTO-1-SUBCOMISARIO-DE-LA-BICRIM-SAN-FELIPE-CARLOS-SANTIB\u00c1\u00d1EZ-144x144.jpg","width":144,"height":144,"mime_type":"image\/jpeg","source_url":"https:\/\/eltrabajo.cl\/portal\/wp-content\/uploads\/2016\/04\/FOTO-1-SUBCOMISARIO-DE-LA-BICRIM-SAN-FELIPE-CARLOS-SANTIB\u00c1\u00d1EZ-144x144.jpg"},"full":{"file":"FOTO-1-SUBCOMISARIO-DE-LA-BICRIM-SAN-FELIPE-CARLOS-SANTIB%C3%81%C3%91EZ.jpg?fit=530%2C350&ssl=1","width":530,"height":350,"mime_type":"image\/jpeg","source_url":"https:\/\/i0.wp.com\/eltrabajo.cl\/portal\/wp-content\/uploads\/2016\/04\/FOTO-1-SUBCOMISARIO-DE-LA-BICRIM-SAN-FELIPE-CARLOS-SANTIB%C3%81%C3%91EZ.jpg?fit=530%2C350&ssl=1"}},"image_meta":{"aperture":"0","credit":"","camera":"","caption":"","created_timestamp":"0","copyright":"Copyright 2012","focal_length":"0","iso":"0","shutter_speed":"0","title":"","orientation":"0","keywords":[]}},"post":68515,"source_url":"https:\/\/eltrabajo.cl\/portal\/wp-content\/uploads\/2016\/04\/FOTO-1-SUBCOMISARIO-DE-LA-BICRIM-SAN-FELIPE-CARLOS-SANTIB\u00c1\u00d1EZ.jpg","_links":{"self":[{"href":"https:\/\/eltrabajo.cl\/portal\/wp-json\/wp\/v2\/media\/68516","targetHints":{"allow":["GET"]}}],"collection":[{"href":"https:\/\/eltrabajo.cl\/portal\/wp-json\/wp\/v2\/media"}],"about":[{"href":"https:\/\/eltrabajo.cl\/portal\/wp-json\/wp\/v2\/types\/attachment"}],"author":[{"embeddable":true,"href":"https:\/\/eltrabajo.cl\/portal\/wp-json\/wp\/v2\/users\/1"}],"replies":[{"embeddable":true,"href":"https:\/\/eltrabajo.cl\/portal\/wp-json\/wp\/v2\/comments?post=68516"}],"wp:attached-to":[{"embeddable":true,"post_type":"post","id":68515,"href":"https:\/\/eltrabajo.cl\/portal\/wp-json\/wp\/v2\/posts\/68515"}],"curies":[{"name":"wp","href":"https:\/\/api.w.org\/{rel}","templated":true}]}}

http://www.eltrabajo.cl/portal/wp-content/uploads/2016/04/FOTO-1-SUBCOMISARIO-DE-LA-BICRIM-SAN-FELIPE-CARLOS-SANTIBÁÑEZ.jpg

Subcomisario de la Brigada de Investigación Criminal, Bicrim, PDI San Felipe, Carlos Santibáñez (archivo).

<p class="attachment"><a href="https://i0.wp.com/eltrabajo.cl/portal/wp-content/uploads/2016/04/FOTO-1-SUBCOMISARIO-DE-LA-BICRIM-SAN-FELIPE-CARLOS-SANTIB%C3%81%C3%91EZ.jpg?ssl=1"><img loading="lazy" decoding="async" width="300" height="198" src="https://i0.wp.com/eltrabajo.cl/portal/wp-content/uploads/2016/04/FOTO-1-SUBCOMISARIO-DE-LA-BICRIM-SAN-FELIPE-CARLOS-SANTIB%C3%81%C3%91EZ.jpg?fit=300%2C198&amp;ssl=1" class="attachment-medium size-medium" alt="Subcomisario de la Brigada de Investigación Criminal, Bicrim, PDI San Felipe, Carlos Santibáñez (archivo)." /></a></p>
<p>Subcomisario de la Brigada de Investigación Criminal, Bicrim, PDI San Felipe, Carlos Santibáñez (archivo).</p>

<p>Subcomisario de la Brigada de Investigación Criminal, Bicrim, PDI San Felipe, Carlos Santibáñez (archivo).</p>

2016/04/FOTO-1-SUBCOMISARIO-DE-LA-BICRIM-SAN-FELIPE-CARLOS-SANTIBÁÑEZ.jpg

FOTO-1-SUBCOMISARIO-DE-LA-BICRIM-SAN-FELIPE-CARLOS-SANTIBÁÑEZ-200x132.jpg

FOTO-1-SUBCOMISARIO-DE-LA-BICRIM-SAN-FELIPE-CARLOS-SANTIBÁÑEZ-300x198.jpg

FOTO-1-SUBCOMISARIO-DE-LA-BICRIM-SAN-FELIPE-CARLOS-SANTIBÁÑEZ-227x150.jpg

FOTO-1-SUBCOMISARIO-DE-LA-BICRIM-SAN-FELIPE-CARLOS-SANTIBÁÑEZ-400x264.jpg

https://eltrabajo.cl/portal/wp-content/uploads/2016/04/FOTO-1-SUBCOMISARIO-DE-LA-BICRIM-SAN-FELIPE-CARLOS-SANTIBÁÑEZ-400x264.jpg

FOTO-1-SUBCOMISARIO-DE-LA-BICRIM-SAN-FELIPE-CARLOS-SANTIBÁÑEZ-144x144.jpg

https://eltrabajo.cl/portal/wp-content/uploads/2016/04/FOTO-1-SUBCOMISARIO-DE-LA-BICRIM-SAN-FELIPE-CARLOS-SANTIBÁÑEZ-144x144.jpg

https://eltrabajo.cl/portal/wp-content/uploads/2016/04/FOTO-1-SUBCOMISARIO-DE-LA-BICRIM-SAN-FELIPE-CARLOS-SANTIBÁÑEZ.jpg
