{"id":68525,"date":"2016-04-08T08:21:15","date_gmt":"2016-04-08T11:21:15","guid":{"rendered":"http:\/\/www.eltrabajo.cl\/portal\/wp-content\/uploads\/2016\/04\/JAVIER-MU\u00d1OZ-DELGADO.jpg"},"modified":"2016-04-08T08:21:23","modified_gmt":"2016-04-08T11:21:23","slug":"javier-munoz-6","status":"inherit","type":"attachment","link":"https:\/\/eltrabajo.cl\/portal\/el-3-de-junio-se-realizara-juicio-por-muerte-de-relator-javier-munoz\/javier-munoz-6\/","title":{"rendered":"Javier Mu\u00f1oz Delgado, falleci\u00f3 v\u00edctima de un accidente de tr\u00e1nsito en la ruta 60 CH el pasado 29 de agosto del 2015."},"author":1,"featured_media":0,"comment_status":"open","ping_status":"closed","template":"","meta":{"advanced_seo_description":"","jetpack_seo_html_title":"","jetpack_seo_noindex":false},"class_list":["post-68525","attachment","type-attachment","status-inherit","hentry"],"jetpack_sharing_enabled":true,"jetpack_likes_enabled":true,"description":{"rendered":"<p class=\"attachment\"><a href=\"https:\/\/i0.wp.com\/eltrabajo.cl\/portal\/wp-content\/uploads\/2016\/04\/JAVIER-MU%C3%91OZ-DELGADO.jpg?ssl=1\"><img loading=\"lazy\" decoding=\"async\" width=\"300\" height=\"198\" src=\"https:\/\/i0.wp.com\/eltrabajo.cl\/portal\/wp-content\/uploads\/2016\/04\/JAVIER-MU%C3%91OZ-DELGADO.jpg?fit=300%2C198&amp;ssl=1\" class=\"attachment-medium size-medium\" alt=\"Javier Mu\u00f1oz Delgado, falleci\u00f3 v\u00edctima de un accidente de tr\u00e1nsito en la ruta 60 CH el pasado 29 de agosto del 2015.\" \/><\/a><\/p>\n<p>Javier Mu\u00f1oz Delgado, falleci\u00f3 v\u00edctima de un accidente de tr\u00e1nsito en la ruta 60 CH el pasado 29 de agosto del 2015.<\/p>\n"},"caption":{"rendered":"<p>Javier Mu\u00f1oz Delgado, falleci\u00f3 v\u00edctima de un accidente de tr\u00e1nsito en la ruta 60 CH el pasado 29 de agosto del 2015.<\/p>\n"},"alt_text":"Javier Mu\u00f1oz Delgado, falleci\u00f3 v\u00edctima de un accidente de tr\u00e1nsito en la ruta 60 CH el pasado 29 de agosto del 2015.","media_type":"image","mime_type":"image\/jpeg","media_details":{"width":530,"height":349,"file":"2016\/04\/JAVIER-MU\u00d1OZ-DELGADO.jpg","sizes":{"thumbnail":{"file":"JAVIER-MU\u00d1OZ-DELGADO-200x132.jpg","width":200,"height":132,"mime_type":"image\/jpeg","source_url":"https:\/\/i0.wp.com\/eltrabajo.cl\/portal\/wp-content\/uploads\/2016\/04\/JAVIER-MU%C3%91OZ-DELGADO.jpg?fit=200%2C132&ssl=1"},"medium":{"file":"JAVIER-MU\u00d1OZ-DELGADO-300x198.jpg","width":300,"height":198,"mime_type":"image\/jpeg","source_url":"https:\/\/i0.wp.com\/eltrabajo.cl\/portal\/wp-content\/uploads\/2016\/04\/JAVIER-MU%C3%91OZ-DELGADO.jpg?fit=300%2C198&ssl=1"},"post-thumbnail":{"file":"JAVIER-MU\u00d1OZ-DELGADO-228x150.jpg","width":228,"height":150,"mime_type":"image\/jpeg","source_url":"https:\/\/i0.wp.com\/eltrabajo.cl\/portal\/wp-content\/uploads\/2016\/04\/JAVIER-MU%C3%91OZ-DELGADO.jpg?fit=228%2C150&ssl=1"},"single-post-thumbnail":{"file":"JAVIER-MU\u00d1OZ-DELGADO-400x263.jpg","width":400,"height":263,"mime_type":"image\/jpeg","source_url":"https:\/\/eltrabajo.cl\/portal\/wp-content\/uploads\/2016\/04\/JAVIER-MU\u00d1OZ-DELGADO-400x263.jpg"},"wptouch-new-thumbnail":{"file":"JAVIER-MU\u00d1OZ-DELGADO-144x144.jpg","width":144,"height":144,"mime_type":"image\/jpeg","source_url":"https:\/\/eltrabajo.cl\/portal\/wp-content\/uploads\/2016\/04\/JAVIER-MU\u00d1OZ-DELGADO-144x144.jpg"},"full":{"file":"JAVIER-MU%C3%91OZ-DELGADO.jpg?fit=530%2C349&ssl=1","width":530,"height":349,"mime_type":"image\/jpeg","source_url":"https:\/\/i0.wp.com\/eltrabajo.cl\/portal\/wp-content\/uploads\/2016\/04\/JAVIER-MU%C3%91OZ-DELGADO.jpg?fit=530%2C349&ssl=1"}},"image_meta":{"aperture":"0","credit":"PATRICIO LEPIN O.","camera":"","caption":"","created_timestamp":"0","copyright":"PATRICIO LEPIN OSSES","focal_length":"0","iso":"0","shutter_speed":"0","title":"JAVIER MU\u00d1OZ","orientation":"0","keywords":[]}},"post":68524,"source_url":"https:\/\/eltrabajo.cl\/portal\/wp-content\/uploads\/2016\/04\/JAVIER-MU\u00d1OZ-DELGADO.jpg","_links":{"self":[{"href":"https:\/\/eltrabajo.cl\/portal\/wp-json\/wp\/v2\/media\/68525","targetHints":{"allow":["GET"]}}],"collection":[{"href":"https:\/\/eltrabajo.cl\/portal\/wp-json\/wp\/v2\/media"}],"about":[{"href":"https:\/\/eltrabajo.cl\/portal\/wp-json\/wp\/v2\/types\/attachment"}],"author":[{"embeddable":true,"href":"https:\/\/eltrabajo.cl\/portal\/wp-json\/wp\/v2\/users\/1"}],"replies":[{"embeddable":true,"href":"https:\/\/eltrabajo.cl\/portal\/wp-json\/wp\/v2\/comments?post=68525"}],"wp:attached-to":[{"embeddable":true,"post_type":"post","id":68524,"href":"https:\/\/eltrabajo.cl\/portal\/wp-json\/wp\/v2\/posts\/68524"}],"curies":[{"name":"wp","href":"https:\/\/api.w.org\/{rel}","templated":true}]}}

http://www.eltrabajo.cl/portal/wp-content/uploads/2016/04/JAVIER-MUÑOZ-DELGADO.jpg

Javier Muñoz Delgado, falleció víctima de un accidente de tránsito en la ruta 60 CH el pasado 29 de agosto del 2015.

<p class="attachment"><a href="https://i0.wp.com/eltrabajo.cl/portal/wp-content/uploads/2016/04/JAVIER-MU%C3%91OZ-DELGADO.jpg?ssl=1"><img loading="lazy" decoding="async" width="300" height="198" src="https://i0.wp.com/eltrabajo.cl/portal/wp-content/uploads/2016/04/JAVIER-MU%C3%91OZ-DELGADO.jpg?fit=300%2C198&amp;ssl=1" class="attachment-medium size-medium" alt="Javier Muñoz Delgado, falleció víctima de un accidente de tránsito en la ruta 60 CH el pasado 29 de agosto del 2015." /></a></p>
<p>Javier Muñoz Delgado, falleció víctima de un accidente de tránsito en la ruta 60 CH el pasado 29 de agosto del 2015.</p>

<p>Javier Muñoz Delgado, falleció víctima de un accidente de tránsito en la ruta 60 CH el pasado 29 de agosto del 2015.</p>

2016/04/JAVIER-MUÑOZ-DELGADO.jpg

JAVIER-MUÑOZ-DELGADO-200x132.jpg

JAVIER-MUÑOZ-DELGADO-300x198.jpg

JAVIER-MUÑOZ-DELGADO-228x150.jpg

JAVIER-MUÑOZ-DELGADO-400x263.jpg

https://eltrabajo.cl/portal/wp-content/uploads/2016/04/JAVIER-MUÑOZ-DELGADO-400x263.jpg

JAVIER-MUÑOZ-DELGADO-144x144.jpg

https://eltrabajo.cl/portal/wp-content/uploads/2016/04/JAVIER-MUÑOZ-DELGADO-144x144.jpg

JAVIER MUÑOZ

https://eltrabajo.cl/portal/wp-content/uploads/2016/04/JAVIER-MUÑOZ-DELGADO.jpg
