{"id":68537,"date":"2016-04-08T09:08:51","date_gmt":"2016-04-08T12:08:51","guid":{"rendered":"http:\/\/www.eltrabajo.cl\/portal\/wp-content\/uploads\/2016\/04\/Inauguraci\u00f3n-Nva-Chacabuco-2.jpg"},"modified":"2016-04-08T09:09:04","modified_gmt":"2016-04-08T12:09:04","slug":"inauguracion-nva-chacabuco-2","status":"inherit","type":"attachment","link":"https:\/\/eltrabajo.cl\/portal\/nueva-chacabuco-se-transformo-en-la-nueva-postal-del-centro-putaendino\/inauguracion-nva-chacabuco-2\/","title":{"rendered":"El alcalde Guillermo Reyes junto a la comunidad inaugur\u00f3 el espacio ubicado en la intersecci\u00f3n de las calles Bulnes y Chacabuco, que antes sol\u00eda ser un sitio eriazo abandonado."},"author":1,"featured_media":0,"comment_status":"open","ping_status":"closed","template":"","meta":{"advanced_seo_description":"","jetpack_seo_html_title":"","jetpack_seo_noindex":false},"class_list":["post-68537","attachment","type-attachment","status-inherit","hentry"],"jetpack_sharing_enabled":true,"jetpack_likes_enabled":true,"description":{"rendered":"<p class=\"attachment\"><a href=\"https:\/\/i0.wp.com\/eltrabajo.cl\/portal\/wp-content\/uploads\/2016\/04\/Inauguraci%C3%B3n-Nva-Chacabuco-2.jpg?ssl=1\"><img loading=\"lazy\" decoding=\"async\" width=\"300\" height=\"198\" src=\"https:\/\/i0.wp.com\/eltrabajo.cl\/portal\/wp-content\/uploads\/2016\/04\/Inauguraci%C3%B3n-Nva-Chacabuco-2.jpg?fit=300%2C198&amp;ssl=1\" class=\"attachment-medium size-medium\" alt=\"\" \/><\/a><\/p>\n"},"caption":{"rendered":"<p>El alcalde Guillermo Reyes junto a la comunidad inaugur\u00f3 el espacio ubicado en la intersecci\u00f3n de las calles Bulnes y Chacabuco, que antes sol\u00eda ser un sitio eriazo abandonado.<\/p>\n"},"alt_text":"","media_type":"image","mime_type":"image\/jpeg","media_details":{"width":530,"height":350,"file":"2016\/04\/Inauguraci\u00f3n-Nva-Chacabuco-2.jpg","sizes":{"thumbnail":{"file":"Inauguraci\u00f3n-Nva-Chacabuco-2-200x132.jpg","width":200,"height":132,"mime_type":"image\/jpeg","source_url":"https:\/\/i0.wp.com\/eltrabajo.cl\/portal\/wp-content\/uploads\/2016\/04\/Inauguraci%C3%B3n-Nva-Chacabuco-2.jpg?fit=200%2C132&ssl=1"},"medium":{"file":"Inauguraci\u00f3n-Nva-Chacabuco-2-300x198.jpg","width":300,"height":198,"mime_type":"image\/jpeg","source_url":"https:\/\/i0.wp.com\/eltrabajo.cl\/portal\/wp-content\/uploads\/2016\/04\/Inauguraci%C3%B3n-Nva-Chacabuco-2.jpg?fit=300%2C198&ssl=1"},"post-thumbnail":{"file":"Inauguraci\u00f3n-Nva-Chacabuco-2-227x150.jpg","width":227,"height":150,"mime_type":"image\/jpeg","source_url":"https:\/\/i0.wp.com\/eltrabajo.cl\/portal\/wp-content\/uploads\/2016\/04\/Inauguraci%C3%B3n-Nva-Chacabuco-2.jpg?fit=227%2C150&ssl=1"},"single-post-thumbnail":{"file":"Inauguraci\u00f3n-Nva-Chacabuco-2-400x264.jpg","width":400,"height":264,"mime_type":"image\/jpeg","source_url":"https:\/\/eltrabajo.cl\/portal\/wp-content\/uploads\/2016\/04\/Inauguraci\u00f3n-Nva-Chacabuco-2-400x264.jpg"},"wptouch-new-thumbnail":{"file":"Inauguraci\u00f3n-Nva-Chacabuco-2-144x144.jpg","width":144,"height":144,"mime_type":"image\/jpeg","source_url":"https:\/\/eltrabajo.cl\/portal\/wp-content\/uploads\/2016\/04\/Inauguraci\u00f3n-Nva-Chacabuco-2-144x144.jpg"},"full":{"file":"Inauguraci%C3%B3n-Nva-Chacabuco-2.jpg?fit=530%2C350&ssl=1","width":530,"height":350,"mime_type":"image\/jpeg","source_url":"https:\/\/i0.wp.com\/eltrabajo.cl\/portal\/wp-content\/uploads\/2016\/04\/Inauguraci%C3%B3n-Nva-Chacabuco-2.jpg?fit=530%2C350&ssl=1"}},"image_meta":{"aperture":"0","credit":"","camera":"","caption":"","created_timestamp":"0","copyright":"","focal_length":"0","iso":"0","shutter_speed":"0","title":"","orientation":"0","keywords":[]}},"post":68536,"source_url":"https:\/\/eltrabajo.cl\/portal\/wp-content\/uploads\/2016\/04\/Inauguraci\u00f3n-Nva-Chacabuco-2.jpg","_links":{"self":[{"href":"https:\/\/eltrabajo.cl\/portal\/wp-json\/wp\/v2\/media\/68537","targetHints":{"allow":["GET"]}}],"collection":[{"href":"https:\/\/eltrabajo.cl\/portal\/wp-json\/wp\/v2\/media"}],"about":[{"href":"https:\/\/eltrabajo.cl\/portal\/wp-json\/wp\/v2\/types\/attachment"}],"author":[{"embeddable":true,"href":"https:\/\/eltrabajo.cl\/portal\/wp-json\/wp\/v2\/users\/1"}],"replies":[{"embeddable":true,"href":"https:\/\/eltrabajo.cl\/portal\/wp-json\/wp\/v2\/comments?post=68537"}],"wp:attached-to":[{"embeddable":true,"post_type":"post","id":68536,"href":"https:\/\/eltrabajo.cl\/portal\/wp-json\/wp\/v2\/posts\/68536"}],"curies":[{"name":"wp","href":"https:\/\/api.w.org\/{rel}","templated":true}]}}

http://www.eltrabajo.cl/portal/wp-content/uploads/2016/04/Inauguración-Nva-Chacabuco-2.jpg

El alcalde Guillermo Reyes junto a la comunidad inauguró el espacio ubicado en la intersección de las calles Bulnes y Chacabuco, que antes solía ser un sitio eriazo abandonado.

<p>El alcalde Guillermo Reyes junto a la comunidad inauguró el espacio ubicado en la intersección de las calles Bulnes y Chacabuco, que antes solía ser un sitio eriazo abandonado.</p>

2016/04/Inauguración-Nva-Chacabuco-2.jpg

Inauguración-Nva-Chacabuco-2-200x132.jpg

Inauguración-Nva-Chacabuco-2-300x198.jpg

Inauguración-Nva-Chacabuco-2-227x150.jpg

Inauguración-Nva-Chacabuco-2-400x264.jpg

https://eltrabajo.cl/portal/wp-content/uploads/2016/04/Inauguración-Nva-Chacabuco-2-400x264.jpg

Inauguración-Nva-Chacabuco-2-144x144.jpg

https://eltrabajo.cl/portal/wp-content/uploads/2016/04/Inauguración-Nva-Chacabuco-2-144x144.jpg

https://eltrabajo.cl/portal/wp-content/uploads/2016/04/Inauguración-Nva-Chacabuco-2.jpg
