{"id":68554,"date":"2016-04-08T09:17:57","date_gmt":"2016-04-08T12:17:57","guid":{"rendered":"http:\/\/www.eltrabajo.cl\/portal\/wp-content\/uploads\/2016\/04\/Aniversario-natalicio-de-Gabriela-Mistral.jpg"},"modified":"2016-04-08T09:18:06","modified_gmt":"2016-04-08T12:18:06","slug":"aniversario-natalicio-de-gabriela-mistral","status":"inherit","type":"attachment","link":"https:\/\/eltrabajo.cl\/portal\/estudiantes-andinos-conmemoran-el-natalicio-de-gabriela-mistral\/aniversario-natalicio-de-gabriela-mistral\/","title":{"rendered":"El alcalde Mauricio Navarro, la gobernadora Mar\u00eda Victoria Rodr\u00edguez junto a estudiantes de la comuna, participaron de la conmemoraci\u00f3n del natalicio de Gabriela Mistral."},"author":1,"featured_media":0,"comment_status":"open","ping_status":"closed","template":"","meta":{"advanced_seo_description":"","jetpack_seo_html_title":"","jetpack_seo_noindex":false},"class_list":["post-68554","attachment","type-attachment","status-inherit","hentry"],"jetpack_sharing_enabled":true,"jetpack_likes_enabled":true,"description":{"rendered":"<p class=\"attachment\"><a href=\"https:\/\/i0.wp.com\/eltrabajo.cl\/portal\/wp-content\/uploads\/2016\/04\/Aniversario-natalicio-de-Gabriela-Mistral.jpg?ssl=1\"><img loading=\"lazy\" decoding=\"async\" width=\"300\" height=\"198\" src=\"https:\/\/i0.wp.com\/eltrabajo.cl\/portal\/wp-content\/uploads\/2016\/04\/Aniversario-natalicio-de-Gabriela-Mistral.jpg?fit=300%2C198&amp;ssl=1\" class=\"attachment-medium size-medium\" alt=\"El alcalde Mauricio Navarro, la gobernadora Mar\u00eda Victoria Rodr\u00edguez junto a estudiantes de la comuna, participaron de la conmemoraci\u00f3n del natalicio de Gabriela Mistral.\" srcset=\"https:\/\/i0.wp.com\/eltrabajo.cl\/portal\/wp-content\/uploads\/2016\/04\/Aniversario-natalicio-de-Gabriela-Mistral.jpg?w=530&amp;ssl=1 530w, https:\/\/i0.wp.com\/eltrabajo.cl\/portal\/wp-content\/uploads\/2016\/04\/Aniversario-natalicio-de-Gabriela-Mistral.jpg?resize=200%2C132&amp;ssl=1 200w, https:\/\/i0.wp.com\/eltrabajo.cl\/portal\/wp-content\/uploads\/2016\/04\/Aniversario-natalicio-de-Gabriela-Mistral.jpg?resize=300%2C198&amp;ssl=1 300w, https:\/\/i0.wp.com\/eltrabajo.cl\/portal\/wp-content\/uploads\/2016\/04\/Aniversario-natalicio-de-Gabriela-Mistral.jpg?resize=227%2C150&amp;ssl=1 227w, https:\/\/i0.wp.com\/eltrabajo.cl\/portal\/wp-content\/uploads\/2016\/04\/Aniversario-natalicio-de-Gabriela-Mistral.jpg?resize=400%2C264&amp;ssl=1 400w\" sizes=\"auto, (max-width: 300px) 100vw, 300px\" \/><\/a><\/p>\n<p>El alcalde Mauricio Navarro, la gobernadora Mar\u00eda Victoria Rodr\u00edguez junto a estudiantes de la comuna, participaron de la conmemoraci\u00f3n del natalicio de Gabriela Mistral.<\/p>\n"},"caption":{"rendered":"<p>El alcalde Mauricio Navarro, la gobernadora Mar\u00eda Victoria Rodr\u00edguez junto a estudiantes de la comuna, participaron de la conmemoraci\u00f3n del natalicio de Gabriela Mistral.<\/p>\n"},"alt_text":"El alcalde Mauricio Navarro, la gobernadora Mar\u00eda Victoria Rodr\u00edguez junto a estudiantes de la comuna, participaron de la conmemoraci\u00f3n del natalicio de Gabriela Mistral.","media_type":"image","mime_type":"image\/jpeg","media_details":{"width":530,"height":350,"file":"2016\/04\/Aniversario-natalicio-de-Gabriela-Mistral.jpg","sizes":{"thumbnail":{"file":"Aniversario-natalicio-de-Gabriela-Mistral-200x132.jpg","width":200,"height":132,"mime_type":"image\/jpeg","source_url":"https:\/\/i0.wp.com\/eltrabajo.cl\/portal\/wp-content\/uploads\/2016\/04\/Aniversario-natalicio-de-Gabriela-Mistral.jpg?fit=200%2C132&ssl=1"},"medium":{"file":"Aniversario-natalicio-de-Gabriela-Mistral-300x198.jpg","width":300,"height":198,"mime_type":"image\/jpeg","source_url":"https:\/\/i0.wp.com\/eltrabajo.cl\/portal\/wp-content\/uploads\/2016\/04\/Aniversario-natalicio-de-Gabriela-Mistral.jpg?fit=300%2C198&ssl=1"},"post-thumbnail":{"file":"Aniversario-natalicio-de-Gabriela-Mistral-227x150.jpg","width":227,"height":150,"mime_type":"image\/jpeg","source_url":"https:\/\/i0.wp.com\/eltrabajo.cl\/portal\/wp-content\/uploads\/2016\/04\/Aniversario-natalicio-de-Gabriela-Mistral.jpg?fit=227%2C150&ssl=1"},"single-post-thumbnail":{"file":"Aniversario-natalicio-de-Gabriela-Mistral-400x264.jpg","width":400,"height":264,"mime_type":"image\/jpeg","source_url":"https:\/\/eltrabajo.cl\/portal\/wp-content\/uploads\/2016\/04\/Aniversario-natalicio-de-Gabriela-Mistral-400x264.jpg"},"wptouch-new-thumbnail":{"file":"Aniversario-natalicio-de-Gabriela-Mistral-144x144.jpg","width":144,"height":144,"mime_type":"image\/jpeg","source_url":"https:\/\/eltrabajo.cl\/portal\/wp-content\/uploads\/2016\/04\/Aniversario-natalicio-de-Gabriela-Mistral-144x144.jpg"},"full":{"file":"Aniversario-natalicio-de-Gabriela-Mistral.jpg?fit=530%2C350&ssl=1","width":530,"height":350,"mime_type":"image\/jpeg","source_url":"https:\/\/i0.wp.com\/eltrabajo.cl\/portal\/wp-content\/uploads\/2016\/04\/Aniversario-natalicio-de-Gabriela-Mistral.jpg?fit=530%2C350&ssl=1"}},"image_meta":{"aperture":"0","credit":"","camera":"","caption":"","created_timestamp":"0","copyright":"","focal_length":"0","iso":"0","shutter_speed":"0","title":"","orientation":"0","keywords":[]}},"post":68553,"source_url":"https:\/\/eltrabajo.cl\/portal\/wp-content\/uploads\/2016\/04\/Aniversario-natalicio-de-Gabriela-Mistral.jpg","_links":{"self":[{"href":"https:\/\/eltrabajo.cl\/portal\/wp-json\/wp\/v2\/media\/68554","targetHints":{"allow":["GET"]}}],"collection":[{"href":"https:\/\/eltrabajo.cl\/portal\/wp-json\/wp\/v2\/media"}],"about":[{"href":"https:\/\/eltrabajo.cl\/portal\/wp-json\/wp\/v2\/types\/attachment"}],"author":[{"embeddable":true,"href":"https:\/\/eltrabajo.cl\/portal\/wp-json\/wp\/v2\/users\/1"}],"replies":[{"embeddable":true,"href":"https:\/\/eltrabajo.cl\/portal\/wp-json\/wp\/v2\/comments?post=68554"}],"wp:attached-to":[{"embeddable":true,"post_type":"post","id":68553,"href":"https:\/\/eltrabajo.cl\/portal\/wp-json\/wp\/v2\/posts\/68553"}],"curies":[{"name":"wp","href":"https:\/\/api.w.org\/{rel}","templated":true}]}}

El alcalde Mauricio Navarro, la gobernadora María Victoria Rodríguez junto a estudiantes de la comuna, participaron de la conmemoración del natalicio de Gabriela Mistral.

<p class="attachment"><a href="https://i0.wp.com/eltrabajo.cl/portal/wp-content/uploads/2016/04/Aniversario-natalicio-de-Gabriela-Mistral.jpg?ssl=1"><img loading="lazy" decoding="async" width="300" height="198" src="https://i0.wp.com/eltrabajo.cl/portal/wp-content/uploads/2016/04/Aniversario-natalicio-de-Gabriela-Mistral.jpg?fit=300%2C198&amp;ssl=1" class="attachment-medium size-medium" alt="El alcalde Mauricio Navarro, la gobernadora María Victoria Rodríguez junto a estudiantes de la comuna, participaron de la conmemoración del natalicio de Gabriela Mistral." srcset="https://i0.wp.com/eltrabajo.cl/portal/wp-content/uploads/2016/04/Aniversario-natalicio-de-Gabriela-Mistral.jpg?w=530&amp;ssl=1 530w, https://i0.wp.com/eltrabajo.cl/portal/wp-content/uploads/2016/04/Aniversario-natalicio-de-Gabriela-Mistral.jpg?resize=200%2C132&amp;ssl=1 200w, https://i0.wp.com/eltrabajo.cl/portal/wp-content/uploads/2016/04/Aniversario-natalicio-de-Gabriela-Mistral.jpg?resize=300%2C198&amp;ssl=1 300w, https://i0.wp.com/eltrabajo.cl/portal/wp-content/uploads/2016/04/Aniversario-natalicio-de-Gabriela-Mistral.jpg?resize=227%2C150&amp;ssl=1 227w, https://i0.wp.com/eltrabajo.cl/portal/wp-content/uploads/2016/04/Aniversario-natalicio-de-Gabriela-Mistral.jpg?resize=400%2C264&amp;ssl=1 400w" sizes="auto, (max-width: 300px) 100vw, 300px" /></a></p>
<p>El alcalde Mauricio Navarro, la gobernadora María Victoria Rodríguez junto a estudiantes de la comuna, participaron de la conmemoración del natalicio de Gabriela Mistral.</p>

<p>El alcalde Mauricio Navarro, la gobernadora María Victoria Rodríguez junto a estudiantes de la comuna, participaron de la conmemoración del natalicio de Gabriela Mistral.</p>
