{"id":68601,"date":"2016-04-11T09:41:11","date_gmt":"2016-04-11T12:41:11","guid":{"rendered":"http:\/\/www.eltrabajo.cl\/portal\/wp-content\/uploads\/2016\/04\/Telar1.jpg"},"modified":"2016-04-11T09:41:25","modified_gmt":"2016-04-11T12:41:25","slug":"telar1","status":"inherit","type":"attachment","link":"https:\/\/eltrabajo.cl\/portal\/impartiran-el-primer-taller-de-telar-para-ciegos-en-el-colegio-de-profesores\/telar1\/","title":{"rendered":"EN ESCUELAS.- Estas vecinas en 2015 realizaron un taller con do\u00f1a A\u00edda el a\u00f1o pasado en la Escuela Carolina Ocampo, de Bellavista."},"author":1,"featured_media":0,"comment_status":"open","ping_status":"closed","template":"","meta":{"advanced_seo_description":"","jetpack_seo_html_title":"","jetpack_seo_noindex":false},"class_list":["post-68601","attachment","type-attachment","status-inherit","hentry"],"jetpack_sharing_enabled":true,"jetpack_likes_enabled":true,"description":{"rendered":"<p class=\"attachment\"><a href=\"https:\/\/i0.wp.com\/eltrabajo.cl\/portal\/wp-content\/uploads\/2016\/04\/Telar1.jpg?ssl=1\"><img loading=\"lazy\" decoding=\"async\" width=\"300\" height=\"199\" src=\"https:\/\/i0.wp.com\/eltrabajo.cl\/portal\/wp-content\/uploads\/2016\/04\/Telar1.jpg?fit=300%2C199&amp;ssl=1\" class=\"attachment-medium size-medium\" alt=\"EN ESCUELAS.- Estas vecinas en 2015 realizaron un taller con do\u00f1a A\u00edda el a\u00f1o pasado en la Escuela Carolina Ocampo, de Bellavista.\" srcset=\"https:\/\/i0.wp.com\/eltrabajo.cl\/portal\/wp-content\/uploads\/2016\/04\/Telar1.jpg?w=528&amp;ssl=1 528w, https:\/\/i0.wp.com\/eltrabajo.cl\/portal\/wp-content\/uploads\/2016\/04\/Telar1.jpg?resize=200%2C133&amp;ssl=1 200w, https:\/\/i0.wp.com\/eltrabajo.cl\/portal\/wp-content\/uploads\/2016\/04\/Telar1.jpg?resize=300%2C199&amp;ssl=1 300w, https:\/\/i0.wp.com\/eltrabajo.cl\/portal\/wp-content\/uploads\/2016\/04\/Telar1.jpg?resize=226%2C150&amp;ssl=1 226w, https:\/\/i0.wp.com\/eltrabajo.cl\/portal\/wp-content\/uploads\/2016\/04\/Telar1.jpg?resize=400%2C265&amp;ssl=1 400w\" sizes=\"auto, (max-width: 300px) 100vw, 300px\" \/><\/a><\/p>\n<p>EN ESCUELAS.- Estas vecinas en 2015 realizaron un taller con do\u00f1a A\u00edda el a\u00f1o pasado en la Escuela Carolina Ocampo, de Bellavista.<\/p>\n"},"caption":{"rendered":"<p>EN ESCUELAS.- Estas vecinas en 2015 realizaron un taller con do\u00f1a A\u00edda el a\u00f1o pasado en la Escuela Carolina Ocampo, de Bellavista.<\/p>\n"},"alt_text":"EN ESCUELAS.- Estas vecinas en 2015 realizaron un taller con do\u00f1a A\u00edda el a\u00f1o pasado en la Escuela Carolina Ocampo, de Bellavista.","media_type":"image","mime_type":"image\/jpeg","media_details":{"width":528,"height":350,"file":"2016\/04\/Telar1.jpg","sizes":{"thumbnail":{"file":"Telar1-200x133.jpg","width":200,"height":133,"mime_type":"image\/jpeg","source_url":"https:\/\/i0.wp.com\/eltrabajo.cl\/portal\/wp-content\/uploads\/2016\/04\/Telar1.jpg?fit=200%2C133&ssl=1"},"medium":{"file":"Telar1-300x199.jpg","width":300,"height":199,"mime_type":"image\/jpeg","source_url":"https:\/\/i0.wp.com\/eltrabajo.cl\/portal\/wp-content\/uploads\/2016\/04\/Telar1.jpg?fit=300%2C199&ssl=1"},"post-thumbnail":{"file":"Telar1-226x150.jpg","width":226,"height":150,"mime_type":"image\/jpeg","source_url":"https:\/\/i0.wp.com\/eltrabajo.cl\/portal\/wp-content\/uploads\/2016\/04\/Telar1.jpg?fit=226%2C150&ssl=1"},"single-post-thumbnail":{"file":"Telar1-400x265.jpg","width":400,"height":265,"mime_type":"image\/jpeg","source_url":"https:\/\/eltrabajo.cl\/portal\/wp-content\/uploads\/2016\/04\/Telar1-400x265.jpg"},"wptouch-new-thumbnail":{"file":"Telar1-144x144.jpg","width":144,"height":144,"mime_type":"image\/jpeg","source_url":"https:\/\/eltrabajo.cl\/portal\/wp-content\/uploads\/2016\/04\/Telar1-144x144.jpg"},"full":{"file":"Telar1.jpg?fit=528%2C350&ssl=1","width":528,"height":350,"mime_type":"image\/jpeg","source_url":"https:\/\/i0.wp.com\/eltrabajo.cl\/portal\/wp-content\/uploads\/2016\/04\/Telar1.jpg?fit=528%2C350&ssl=1"}},"image_meta":{"aperture":"0","credit":"","camera":"","caption":"","created_timestamp":"0","copyright":"","focal_length":"0","iso":"0","shutter_speed":"0","title":"","orientation":"0","keywords":[]}},"post":68600,"source_url":"https:\/\/eltrabajo.cl\/portal\/wp-content\/uploads\/2016\/04\/Telar1.jpg","_links":{"self":[{"href":"https:\/\/eltrabajo.cl\/portal\/wp-json\/wp\/v2\/media\/68601","targetHints":{"allow":["GET"]}}],"collection":[{"href":"https:\/\/eltrabajo.cl\/portal\/wp-json\/wp\/v2\/media"}],"about":[{"href":"https:\/\/eltrabajo.cl\/portal\/wp-json\/wp\/v2\/types\/attachment"}],"author":[{"embeddable":true,"href":"https:\/\/eltrabajo.cl\/portal\/wp-json\/wp\/v2\/users\/1"}],"replies":[{"embeddable":true,"href":"https:\/\/eltrabajo.cl\/portal\/wp-json\/wp\/v2\/comments?post=68601"}],"wp:attached-to":[{"embeddable":true,"post_type":"post","id":68600,"href":"https:\/\/eltrabajo.cl\/portal\/wp-json\/wp\/v2\/posts\/68600"}],"curies":[{"name":"wp","href":"https:\/\/api.w.org\/{rel}","templated":true}]}}

EN ESCUELAS.- Estas vecinas en 2015 realizaron un taller con doña Aída el año pasado en la Escuela Carolina Ocampo, de Bellavista.

<p class="attachment"><a href="https://i0.wp.com/eltrabajo.cl/portal/wp-content/uploads/2016/04/Telar1.jpg?ssl=1"><img loading="lazy" decoding="async" width="300" height="199" src="https://i0.wp.com/eltrabajo.cl/portal/wp-content/uploads/2016/04/Telar1.jpg?fit=300%2C199&amp;ssl=1" class="attachment-medium size-medium" alt="EN ESCUELAS.- Estas vecinas en 2015 realizaron un taller con doña Aída el año pasado en la Escuela Carolina Ocampo, de Bellavista." srcset="https://i0.wp.com/eltrabajo.cl/portal/wp-content/uploads/2016/04/Telar1.jpg?w=528&amp;ssl=1 528w, https://i0.wp.com/eltrabajo.cl/portal/wp-content/uploads/2016/04/Telar1.jpg?resize=200%2C133&amp;ssl=1 200w, https://i0.wp.com/eltrabajo.cl/portal/wp-content/uploads/2016/04/Telar1.jpg?resize=300%2C199&amp;ssl=1 300w, https://i0.wp.com/eltrabajo.cl/portal/wp-content/uploads/2016/04/Telar1.jpg?resize=226%2C150&amp;ssl=1 226w, https://i0.wp.com/eltrabajo.cl/portal/wp-content/uploads/2016/04/Telar1.jpg?resize=400%2C265&amp;ssl=1 400w" sizes="auto, (max-width: 300px) 100vw, 300px" /></a></p>
<p>EN ESCUELAS.- Estas vecinas en 2015 realizaron un taller con doña Aída el año pasado en la Escuela Carolina Ocampo, de Bellavista.</p>

<p>EN ESCUELAS.- Estas vecinas en 2015 realizaron un taller con doña Aída el año pasado en la Escuela Carolina Ocampo, de Bellavista.</p>
