{"id":68703,"date":"2016-04-13T09:15:14","date_gmt":"2016-04-13T12:15:14","guid":{"rendered":"http:\/\/www.eltrabajo.cl\/portal\/wp-content\/uploads\/2016\/04\/Foto-2-La-sanfelipe\u00f1a-Francisca-Zuniga-de-11-a\u00f1os.jpg"},"modified":"2016-04-13T09:15:35","modified_gmt":"2016-04-13T12:15:35","slug":"foto-2-la-sanfelipena-francisca-zuniga-de-11-anos","status":"inherit","type":"attachment","link":"https:\/\/eltrabajo.cl\/portal\/deportista-sanfelipena-de-11-anos-es-convocada-a-la-seleccion-nacional-infantil-de-atletismo\/foto-2-la-sanfelipena-francisca-zuniga-de-11-anos\/","title":{"rendered":"La sanfelipe\u00f1a Francisca Z\u00fa\u00f1iga de 11 a\u00f1os, ha sido convocada a la selecci\u00f3n infantil de atletismo gracias al excelente desempe\u00f1o en distintas competencias atl\u00e9ticas de largo aliento en las que se ha destaca."},"author":1,"featured_media":0,"comment_status":"open","ping_status":"closed","template":"","meta":{"advanced_seo_description":"","jetpack_seo_html_title":"","jetpack_seo_noindex":false},"class_list":["post-68703","attachment","type-attachment","status-inherit","hentry"],"jetpack_sharing_enabled":true,"jetpack_likes_enabled":true,"description":{"rendered":"<p class=\"attachment\"><a href=\"https:\/\/i0.wp.com\/eltrabajo.cl\/portal\/wp-content\/uploads\/2016\/04\/Foto-2-La-sanfelipe%C3%B1a-Francisca-Zuniga-de-11-a%C3%B1os.jpg?ssl=1\"><img loading=\"lazy\" decoding=\"async\" width=\"300\" height=\"197\" src=\"https:\/\/i0.wp.com\/eltrabajo.cl\/portal\/wp-content\/uploads\/2016\/04\/Foto-2-La-sanfelipe%C3%B1a-Francisca-Zuniga-de-11-a%C3%B1os.jpg?fit=300%2C197&amp;ssl=1\" class=\"attachment-medium size-medium\" alt=\"La sanfelipe\u00f1a Francisca Z\u00fa\u00f1iga de 11 a\u00f1os, ha sido convocada a la selecci\u00f3n infantil de atletismo gracias al excelente desempe\u00f1o en distintas competencias atl\u00e9ticas de largo aliento en las que se ha destaca.\" \/><\/a><\/p>\n<p>La sanfelipe\u00f1a Francisca Z\u00fa\u00f1iga de 11 a\u00f1os, ha sido convocada a la selecci\u00f3n infantil de atletismo gracias al excelente desempe\u00f1o en distintas competencias atl\u00e9ticas de largo aliento en las que se ha destaca.<\/p>\n"},"caption":{"rendered":"<p>La sanfelipe\u00f1a Francisca Z\u00fa\u00f1iga de 11 a\u00f1os, ha sido convocada a la selecci\u00f3n infantil de atletismo gracias al excelente desempe\u00f1o en distintas competencias atl\u00e9ticas de largo aliento en las que se ha destaca.<\/p>\n"},"alt_text":"La sanfelipe\u00f1a Francisca Z\u00fa\u00f1iga de 11 a\u00f1os, ha sido convocada a la selecci\u00f3n infantil de atletismo gracias al excelente desempe\u00f1o en distintas competencias atl\u00e9ticas de largo aliento en las que se ha destaca.","media_type":"image","mime_type":"image\/jpeg","media_details":{"width":530,"height":348,"file":"2016\/04\/Foto-2-La-sanfelipe\u00f1a-Francisca-Zuniga-de-11-a\u00f1os.jpg","sizes":{"thumbnail":{"file":"Foto-2-La-sanfelipe\u00f1a-Francisca-Zuniga-de-11-a\u00f1os-200x131.jpg","width":200,"height":131,"mime_type":"image\/jpeg","source_url":"https:\/\/i0.wp.com\/eltrabajo.cl\/portal\/wp-content\/uploads\/2016\/04\/Foto-2-La-sanfelipe%C3%B1a-Francisca-Zuniga-de-11-a%C3%B1os.jpg?fit=200%2C131&ssl=1"},"medium":{"file":"Foto-2-La-sanfelipe\u00f1a-Francisca-Zuniga-de-11-a\u00f1os-300x197.jpg","width":300,"height":197,"mime_type":"image\/jpeg","source_url":"https:\/\/i0.wp.com\/eltrabajo.cl\/portal\/wp-content\/uploads\/2016\/04\/Foto-2-La-sanfelipe%C3%B1a-Francisca-Zuniga-de-11-a%C3%B1os.jpg?fit=300%2C197&ssl=1"},"post-thumbnail":{"file":"Foto-2-La-sanfelipe\u00f1a-Francisca-Zuniga-de-11-a\u00f1os-228x150.jpg","width":228,"height":150,"mime_type":"image\/jpeg","source_url":"https:\/\/i0.wp.com\/eltrabajo.cl\/portal\/wp-content\/uploads\/2016\/04\/Foto-2-La-sanfelipe%C3%B1a-Francisca-Zuniga-de-11-a%C3%B1os.jpg?fit=228%2C150&ssl=1"},"single-post-thumbnail":{"file":"Foto-2-La-sanfelipe\u00f1a-Francisca-Zuniga-de-11-a\u00f1os-400x263.jpg","width":400,"height":263,"mime_type":"image\/jpeg","source_url":"https:\/\/eltrabajo.cl\/portal\/wp-content\/uploads\/2016\/04\/Foto-2-La-sanfelipe\u00f1a-Francisca-Zuniga-de-11-a\u00f1os-400x263.jpg"},"wptouch-new-thumbnail":{"file":"Foto-2-La-sanfelipe\u00f1a-Francisca-Zuniga-de-11-a\u00f1os-144x144.jpg","width":144,"height":144,"mime_type":"image\/jpeg","source_url":"https:\/\/eltrabajo.cl\/portal\/wp-content\/uploads\/2016\/04\/Foto-2-La-sanfelipe\u00f1a-Francisca-Zuniga-de-11-a\u00f1os-144x144.jpg"},"full":{"file":"Foto-2-La-sanfelipe%C3%B1a-Francisca-Zuniga-de-11-a%C3%B1os.jpg?fit=530%2C348&ssl=1","width":530,"height":348,"mime_type":"image\/jpeg","source_url":"https:\/\/i0.wp.com\/eltrabajo.cl\/portal\/wp-content\/uploads\/2016\/04\/Foto-2-La-sanfelipe%C3%B1a-Francisca-Zuniga-de-11-a%C3%B1os.jpg?fit=530%2C348&ssl=1"}},"image_meta":{"aperture":"0","credit":"","camera":"","caption":"","created_timestamp":"0","copyright":"","focal_length":"0","iso":"0","shutter_speed":"0","title":"","orientation":"0","keywords":[]}},"post":68701,"source_url":"https:\/\/eltrabajo.cl\/portal\/wp-content\/uploads\/2016\/04\/Foto-2-La-sanfelipe\u00f1a-Francisca-Zuniga-de-11-a\u00f1os.jpg","_links":{"self":[{"href":"https:\/\/eltrabajo.cl\/portal\/wp-json\/wp\/v2\/media\/68703","targetHints":{"allow":["GET"]}}],"collection":[{"href":"https:\/\/eltrabajo.cl\/portal\/wp-json\/wp\/v2\/media"}],"about":[{"href":"https:\/\/eltrabajo.cl\/portal\/wp-json\/wp\/v2\/types\/attachment"}],"author":[{"embeddable":true,"href":"https:\/\/eltrabajo.cl\/portal\/wp-json\/wp\/v2\/users\/1"}],"replies":[{"embeddable":true,"href":"https:\/\/eltrabajo.cl\/portal\/wp-json\/wp\/v2\/comments?post=68703"}],"wp:attached-to":[{"embeddable":true,"post_type":"post","id":68701,"href":"https:\/\/eltrabajo.cl\/portal\/wp-json\/wp\/v2\/posts\/68701"}],"curies":[{"name":"wp","href":"https:\/\/api.w.org\/{rel}","templated":true}]}}

http://www.eltrabajo.cl/portal/wp-content/uploads/2016/04/Foto-2-La-sanfelipeña-Francisca-Zuniga-de-11-años.jpg

La sanfelipeña Francisca Zúñiga de 11 años, ha sido convocada a la selección infantil de atletismo gracias al excelente desempeño en distintas competencias atléticas de largo aliento en las que se ha destaca.

<p class="attachment"><a href="https://i0.wp.com/eltrabajo.cl/portal/wp-content/uploads/2016/04/Foto-2-La-sanfelipe%C3%B1a-Francisca-Zuniga-de-11-a%C3%B1os.jpg?ssl=1"><img loading="lazy" decoding="async" width="300" height="197" src="https://i0.wp.com/eltrabajo.cl/portal/wp-content/uploads/2016/04/Foto-2-La-sanfelipe%C3%B1a-Francisca-Zuniga-de-11-a%C3%B1os.jpg?fit=300%2C197&amp;ssl=1" class="attachment-medium size-medium" alt="La sanfelipeña Francisca Zúñiga de 11 años, ha sido convocada a la selección infantil de atletismo gracias al excelente desempeño en distintas competencias atléticas de largo aliento en las que se ha destaca." /></a></p>
<p>La sanfelipeña Francisca Zúñiga de 11 años, ha sido convocada a la selección infantil de atletismo gracias al excelente desempeño en distintas competencias atléticas de largo aliento en las que se ha destaca.</p>

<p>La sanfelipeña Francisca Zúñiga de 11 años, ha sido convocada a la selección infantil de atletismo gracias al excelente desempeño en distintas competencias atléticas de largo aliento en las que se ha destaca.</p>

2016/04/Foto-2-La-sanfelipeña-Francisca-Zuniga-de-11-años.jpg

Foto-2-La-sanfelipeña-Francisca-Zuniga-de-11-años-200x131.jpg

Foto-2-La-sanfelipeña-Francisca-Zuniga-de-11-años-300x197.jpg

Foto-2-La-sanfelipeña-Francisca-Zuniga-de-11-años-228x150.jpg

Foto-2-La-sanfelipeña-Francisca-Zuniga-de-11-años-400x263.jpg

https://eltrabajo.cl/portal/wp-content/uploads/2016/04/Foto-2-La-sanfelipeña-Francisca-Zuniga-de-11-años-400x263.jpg

Foto-2-La-sanfelipeña-Francisca-Zuniga-de-11-años-144x144.jpg

https://eltrabajo.cl/portal/wp-content/uploads/2016/04/Foto-2-La-sanfelipeña-Francisca-Zuniga-de-11-años-144x144.jpg

https://eltrabajo.cl/portal/wp-content/uploads/2016/04/Foto-2-La-sanfelipeña-Francisca-Zuniga-de-11-años.jpg
