{"id":68721,"date":"2016-04-14T08:37:13","date_gmt":"2016-04-14T11:37:13","guid":{"rendered":"http:\/\/www.eltrabajo.cl\/portal\/wp-content\/uploads\/2016\/04\/Reunion33.jpg"},"modified":"2016-04-14T08:37:22","modified_gmt":"2016-04-14T11:37:22","slug":"reunion33","status":"inherit","type":"attachment","link":"https:\/\/eltrabajo.cl\/portal\/vecinos-de-el-asiento-se-preparan-para-la-fiesta-de-san-isidro-labrador\/reunion33\/","title":{"rendered":"EL DIRECTORIO.- En la foto que acompa\u00f1a est\u00e1n en la primera reuni\u00f3n del Comit\u00e9 Ampliado 2016: Sandra Lucero, directora escuela de El Asiento; Luis Ortiz, presidente de la junta de vecinos; Ingrid G\u00e1rate, presidente del Centro de Padres; Oscar Torres, del Centro de Padres y la profesora Lorena V\u00e9liz, encargada Arte y Patrimonio, entre otros."},"author":1,"featured_media":0,"comment_status":"open","ping_status":"closed","template":"","meta":{"advanced_seo_description":"","jetpack_seo_html_title":"","jetpack_seo_noindex":false},"class_list":["post-68721","attachment","type-attachment","status-inherit","hentry"],"jetpack_sharing_enabled":true,"jetpack_likes_enabled":true,"description":{"rendered":"<p class=\"attachment\"><a href=\"https:\/\/i0.wp.com\/eltrabajo.cl\/portal\/wp-content\/uploads\/2016\/04\/Reunion33.jpg?ssl=1\"><img loading=\"lazy\" decoding=\"async\" width=\"300\" height=\"198\" src=\"https:\/\/i0.wp.com\/eltrabajo.cl\/portal\/wp-content\/uploads\/2016\/04\/Reunion33.jpg?fit=300%2C198&amp;ssl=1\" class=\"attachment-medium size-medium\" alt=\"EL DIRECTORIO.- En la foto que acompa\u00f1a est\u00e1n en la primera reuni\u00f3n del Comit\u00e9 Ampliado 2016: Sandra Lucero, directora escuela de El Asiento; Luis Ortiz, presidente de la junta de vecinos; Ingrid G\u00e1rate, presidente del Centro de Padres; Oscar Torres, del Centro de Padres y la profesora Lorena V\u00e9liz, encargada Arte y Patrimonio, entre otros.\" srcset=\"https:\/\/i0.wp.com\/eltrabajo.cl\/portal\/wp-content\/uploads\/2016\/04\/Reunion33.jpg?w=530&amp;ssl=1 530w, https:\/\/i0.wp.com\/eltrabajo.cl\/portal\/wp-content\/uploads\/2016\/04\/Reunion33.jpg?resize=200%2C132&amp;ssl=1 200w, https:\/\/i0.wp.com\/eltrabajo.cl\/portal\/wp-content\/uploads\/2016\/04\/Reunion33.jpg?resize=300%2C198&amp;ssl=1 300w, https:\/\/i0.wp.com\/eltrabajo.cl\/portal\/wp-content\/uploads\/2016\/04\/Reunion33.jpg?resize=227%2C150&amp;ssl=1 227w, https:\/\/i0.wp.com\/eltrabajo.cl\/portal\/wp-content\/uploads\/2016\/04\/Reunion33.jpg?resize=400%2C264&amp;ssl=1 400w\" sizes=\"auto, (max-width: 300px) 100vw, 300px\" \/><\/a><\/p>\n<p>EL DIRECTORIO.- En la foto que acompa\u00f1a est\u00e1n en la primera reuni\u00f3n del Comit\u00e9 Ampliado 2016: Sandra Lucero, directora escuela de El Asiento; Luis Ortiz, presidente de la junta de vecinos; Ingrid G\u00e1rate, presidente del Centro de Padres; Oscar Torres, del Centro de Padres y la profesora Lorena V\u00e9liz, encargada Arte y Patrimonio, entre otros.<\/p>\n"},"caption":{"rendered":"<p>EL DIRECTORIO.- En la foto que acompa\u00f1a est\u00e1n en la primera reuni\u00f3n del Comit\u00e9 Ampliado 2016: Sandra Lucero, directora escuela de El Asiento; Luis Ortiz, presidente de la junta de vecinos; Ingrid G\u00e1rate, presidente del Centro de Padres; Oscar Torres, del Centro de Padres y la profesora Lorena V\u00e9liz, encargada Arte y Patrimonio, entre otros.<\/p>\n"},"alt_text":"EL DIRECTORIO.- En la foto que acompa\u00f1a est\u00e1n en la primera reuni\u00f3n del Comit\u00e9 Ampliado 2016: Sandra Lucero, directora escuela de El Asiento; Luis Ortiz, presidente de la junta de vecinos; Ingrid G\u00e1rate, presidente del Centro de Padres; Oscar Torres, del Centro de Padres y la profesora Lorena V\u00e9liz, encargada Arte y Patrimonio, entre otros.","media_type":"image","mime_type":"image\/jpeg","media_details":{"width":530,"height":350,"file":"2016\/04\/Reunion33.jpg","sizes":{"thumbnail":{"file":"Reunion33-200x132.jpg","width":200,"height":132,"mime_type":"image\/jpeg","source_url":"https:\/\/i0.wp.com\/eltrabajo.cl\/portal\/wp-content\/uploads\/2016\/04\/Reunion33.jpg?fit=200%2C132&ssl=1"},"medium":{"file":"Reunion33-300x198.jpg","width":300,"height":198,"mime_type":"image\/jpeg","source_url":"https:\/\/i0.wp.com\/eltrabajo.cl\/portal\/wp-content\/uploads\/2016\/04\/Reunion33.jpg?fit=300%2C198&ssl=1"},"post-thumbnail":{"file":"Reunion33-227x150.jpg","width":227,"height":150,"mime_type":"image\/jpeg","source_url":"https:\/\/i0.wp.com\/eltrabajo.cl\/portal\/wp-content\/uploads\/2016\/04\/Reunion33.jpg?fit=227%2C150&ssl=1"},"single-post-thumbnail":{"file":"Reunion33-400x264.jpg","width":400,"height":264,"mime_type":"image\/jpeg","source_url":"https:\/\/eltrabajo.cl\/portal\/wp-content\/uploads\/2016\/04\/Reunion33-400x264.jpg"},"wptouch-new-thumbnail":{"file":"Reunion33-144x144.jpg","width":144,"height":144,"mime_type":"image\/jpeg","source_url":"https:\/\/eltrabajo.cl\/portal\/wp-content\/uploads\/2016\/04\/Reunion33-144x144.jpg"},"full":{"file":"Reunion33.jpg?fit=530%2C350&ssl=1","width":530,"height":350,"mime_type":"image\/jpeg","source_url":"https:\/\/i0.wp.com\/eltrabajo.cl\/portal\/wp-content\/uploads\/2016\/04\/Reunion33.jpg?fit=530%2C350&ssl=1"}},"image_meta":{"aperture":"0","credit":"","camera":"","caption":"","created_timestamp":"0","copyright":"","focal_length":"0","iso":"0","shutter_speed":"0","title":"","orientation":"0","keywords":[]}},"post":68718,"source_url":"https:\/\/eltrabajo.cl\/portal\/wp-content\/uploads\/2016\/04\/Reunion33.jpg","_links":{"self":[{"href":"https:\/\/eltrabajo.cl\/portal\/wp-json\/wp\/v2\/media\/68721","targetHints":{"allow":["GET"]}}],"collection":[{"href":"https:\/\/eltrabajo.cl\/portal\/wp-json\/wp\/v2\/media"}],"about":[{"href":"https:\/\/eltrabajo.cl\/portal\/wp-json\/wp\/v2\/types\/attachment"}],"author":[{"embeddable":true,"href":"https:\/\/eltrabajo.cl\/portal\/wp-json\/wp\/v2\/users\/1"}],"replies":[{"embeddable":true,"href":"https:\/\/eltrabajo.cl\/portal\/wp-json\/wp\/v2\/comments?post=68721"}],"wp:attached-to":[{"embeddable":true,"post_type":"post","id":68718,"href":"https:\/\/eltrabajo.cl\/portal\/wp-json\/wp\/v2\/posts\/68718"}],"curies":[{"name":"wp","href":"https:\/\/api.w.org\/{rel}","templated":true}]}}

EL DIRECTORIO.- En la foto que acompaña están en la primera reunión del Comité Ampliado 2016: Sandra Lucero, directora escuela de El Asiento; Luis Ortiz, presidente de la junta de vecinos; Ingrid Gárate, presidente del Centro de Padres; Oscar Torres, del Centro de Padres y la profesora Lorena Véliz, encargada Arte y Patrimonio, entre otros.

<p class="attachment"><a href="https://i0.wp.com/eltrabajo.cl/portal/wp-content/uploads/2016/04/Reunion33.jpg?ssl=1"><img loading="lazy" decoding="async" width="300" height="198" src="https://i0.wp.com/eltrabajo.cl/portal/wp-content/uploads/2016/04/Reunion33.jpg?fit=300%2C198&amp;ssl=1" class="attachment-medium size-medium" alt="EL DIRECTORIO.- En la foto que acompaña están en la primera reunión del Comité Ampliado 2016: Sandra Lucero, directora escuela de El Asiento; Luis Ortiz, presidente de la junta de vecinos; Ingrid Gárate, presidente del Centro de Padres; Oscar Torres, del Centro de Padres y la profesora Lorena Véliz, encargada Arte y Patrimonio, entre otros." srcset="https://i0.wp.com/eltrabajo.cl/portal/wp-content/uploads/2016/04/Reunion33.jpg?w=530&amp;ssl=1 530w, https://i0.wp.com/eltrabajo.cl/portal/wp-content/uploads/2016/04/Reunion33.jpg?resize=200%2C132&amp;ssl=1 200w, https://i0.wp.com/eltrabajo.cl/portal/wp-content/uploads/2016/04/Reunion33.jpg?resize=300%2C198&amp;ssl=1 300w, https://i0.wp.com/eltrabajo.cl/portal/wp-content/uploads/2016/04/Reunion33.jpg?resize=227%2C150&amp;ssl=1 227w, https://i0.wp.com/eltrabajo.cl/portal/wp-content/uploads/2016/04/Reunion33.jpg?resize=400%2C264&amp;ssl=1 400w" sizes="auto, (max-width: 300px) 100vw, 300px" /></a></p>
<p>EL DIRECTORIO.- En la foto que acompaña están en la primera reunión del Comité Ampliado 2016: Sandra Lucero, directora escuela de El Asiento; Luis Ortiz, presidente de la junta de vecinos; Ingrid Gárate, presidente del Centro de Padres; Oscar Torres, del Centro de Padres y la profesora Lorena Véliz, encargada Arte y Patrimonio, entre otros.</p>

<p>EL DIRECTORIO.- En la foto que acompaña están en la primera reunión del Comité Ampliado 2016: Sandra Lucero, directora escuela de El Asiento; Luis Ortiz, presidente de la junta de vecinos; Ingrid Gárate, presidente del Centro de Padres; Oscar Torres, del Centro de Padres y la profesora Lorena Véliz, encargada Arte y Patrimonio, entre otros.</p>
