{"id":68760,"date":"2016-04-15T08:48:10","date_gmt":"2016-04-15T11:48:10","guid":{"rendered":"http:\/\/www.eltrabajo.cl\/portal\/wp-content\/uploads\/2016\/04\/Lanzamiento-programa-PACE.jpg"},"modified":"2016-04-15T08:48:19","modified_gmt":"2016-04-15T11:48:19","slug":"lanzamiento-programa-pace","status":"inherit","type":"attachment","link":"https:\/\/eltrabajo.cl\/portal\/autoridades-lanzan-programa-pace-que-se-desarrollara-en-las-10-comunas-de-aconcagua\/lanzamiento-programa-pace\/","title":{"rendered":"En dependencias del Liceo Dar\u00edo Salas, el gobernador Eduardo Le\u00f3n junto a alcalde Claudio Zurita, inaugur\u00f3 de manera biprovincial del Programa PACE."},"author":1,"featured_media":0,"comment_status":"open","ping_status":"closed","template":"","meta":{"advanced_seo_description":"","jetpack_seo_html_title":"","jetpack_seo_noindex":false},"class_list":["post-68760","attachment","type-attachment","status-inherit","hentry"],"jetpack_sharing_enabled":true,"jetpack_likes_enabled":true,"description":{"rendered":"<p class=\"attachment\"><a href=\"https:\/\/i0.wp.com\/eltrabajo.cl\/portal\/wp-content\/uploads\/2016\/04\/Lanzamiento-programa-PACE.jpg?ssl=1\"><img loading=\"lazy\" decoding=\"async\" width=\"300\" height=\"198\" src=\"https:\/\/i0.wp.com\/eltrabajo.cl\/portal\/wp-content\/uploads\/2016\/04\/Lanzamiento-programa-PACE.jpg?fit=300%2C198&amp;ssl=1\" class=\"attachment-medium size-medium\" alt=\"En dependencias del Liceo Dar\u00edo Salas, el gobernador Eduardo Le\u00f3n junto a alcalde Claudio Zurita, inaugur\u00f3 de manera biprovincial del Programa PACE.\" srcset=\"https:\/\/i0.wp.com\/eltrabajo.cl\/portal\/wp-content\/uploads\/2016\/04\/Lanzamiento-programa-PACE.jpg?w=530&amp;ssl=1 530w, https:\/\/i0.wp.com\/eltrabajo.cl\/portal\/wp-content\/uploads\/2016\/04\/Lanzamiento-programa-PACE.jpg?resize=200%2C132&amp;ssl=1 200w, https:\/\/i0.wp.com\/eltrabajo.cl\/portal\/wp-content\/uploads\/2016\/04\/Lanzamiento-programa-PACE.jpg?resize=300%2C198&amp;ssl=1 300w, https:\/\/i0.wp.com\/eltrabajo.cl\/portal\/wp-content\/uploads\/2016\/04\/Lanzamiento-programa-PACE.jpg?resize=228%2C150&amp;ssl=1 228w, https:\/\/i0.wp.com\/eltrabajo.cl\/portal\/wp-content\/uploads\/2016\/04\/Lanzamiento-programa-PACE.jpg?resize=400%2C263&amp;ssl=1 400w\" sizes=\"auto, (max-width: 300px) 100vw, 300px\" \/><\/a><\/p>\n<p>En dependencias del Liceo Dar\u00edo Salas, el gobernador Eduardo Le\u00f3n junto a alcalde Claudio Zurita, inaugur\u00f3 de manera biprovincial del Programa PACE.<\/p>\n"},"caption":{"rendered":"<p>En dependencias del Liceo Dar\u00edo Salas, el gobernador Eduardo Le\u00f3n junto a alcalde Claudio Zurita, inaugur\u00f3 de manera biprovincial del Programa PACE.<\/p>\n"},"alt_text":"En dependencias del Liceo Dar\u00edo Salas, el gobernador Eduardo Le\u00f3n junto a alcalde Claudio Zurita, inaugur\u00f3 de manera biprovincial del Programa PACE.","media_type":"image","mime_type":"image\/jpeg","media_details":{"width":530,"height":349,"file":"2016\/04\/Lanzamiento-programa-PACE.jpg","sizes":{"thumbnail":{"file":"Lanzamiento-programa-PACE-200x132.jpg","width":200,"height":132,"mime_type":"image\/jpeg","source_url":"https:\/\/i0.wp.com\/eltrabajo.cl\/portal\/wp-content\/uploads\/2016\/04\/Lanzamiento-programa-PACE.jpg?fit=200%2C132&ssl=1"},"medium":{"file":"Lanzamiento-programa-PACE-300x198.jpg","width":300,"height":198,"mime_type":"image\/jpeg","source_url":"https:\/\/i0.wp.com\/eltrabajo.cl\/portal\/wp-content\/uploads\/2016\/04\/Lanzamiento-programa-PACE.jpg?fit=300%2C198&ssl=1"},"post-thumbnail":{"file":"Lanzamiento-programa-PACE-228x150.jpg","width":228,"height":150,"mime_type":"image\/jpeg","source_url":"https:\/\/i0.wp.com\/eltrabajo.cl\/portal\/wp-content\/uploads\/2016\/04\/Lanzamiento-programa-PACE.jpg?fit=228%2C150&ssl=1"},"single-post-thumbnail":{"file":"Lanzamiento-programa-PACE-400x263.jpg","width":400,"height":263,"mime_type":"image\/jpeg","source_url":"https:\/\/eltrabajo.cl\/portal\/wp-content\/uploads\/2016\/04\/Lanzamiento-programa-PACE-400x263.jpg"},"wptouch-new-thumbnail":{"file":"Lanzamiento-programa-PACE-144x144.jpg","width":144,"height":144,"mime_type":"image\/jpeg","source_url":"https:\/\/eltrabajo.cl\/portal\/wp-content\/uploads\/2016\/04\/Lanzamiento-programa-PACE-144x144.jpg"},"full":{"file":"Lanzamiento-programa-PACE.jpg?fit=530%2C349&ssl=1","width":530,"height":349,"mime_type":"image\/jpeg","source_url":"https:\/\/i0.wp.com\/eltrabajo.cl\/portal\/wp-content\/uploads\/2016\/04\/Lanzamiento-programa-PACE.jpg?fit=530%2C349&ssl=1"}},"image_meta":{"aperture":"0","credit":"Gobernacion San Felipe","camera":"","caption":"","created_timestamp":"0","copyright":"","focal_length":"0","iso":"0","shutter_speed":"0","title":"","orientation":"0","keywords":[]}},"post":68759,"source_url":"https:\/\/eltrabajo.cl\/portal\/wp-content\/uploads\/2016\/04\/Lanzamiento-programa-PACE.jpg","_links":{"self":[{"href":"https:\/\/eltrabajo.cl\/portal\/wp-json\/wp\/v2\/media\/68760","targetHints":{"allow":["GET"]}}],"collection":[{"href":"https:\/\/eltrabajo.cl\/portal\/wp-json\/wp\/v2\/media"}],"about":[{"href":"https:\/\/eltrabajo.cl\/portal\/wp-json\/wp\/v2\/types\/attachment"}],"author":[{"embeddable":true,"href":"https:\/\/eltrabajo.cl\/portal\/wp-json\/wp\/v2\/users\/1"}],"replies":[{"embeddable":true,"href":"https:\/\/eltrabajo.cl\/portal\/wp-json\/wp\/v2\/comments?post=68760"}],"wp:attached-to":[{"embeddable":true,"post_type":"post","id":68759,"href":"https:\/\/eltrabajo.cl\/portal\/wp-json\/wp\/v2\/posts\/68759"}],"curies":[{"name":"wp","href":"https:\/\/api.w.org\/{rel}","templated":true}]}}

En dependencias del Liceo Darío Salas, el gobernador Eduardo León junto a alcalde Claudio Zurita, inauguró de manera biprovincial del Programa PACE.

<p class="attachment"><a href="https://i0.wp.com/eltrabajo.cl/portal/wp-content/uploads/2016/04/Lanzamiento-programa-PACE.jpg?ssl=1"><img loading="lazy" decoding="async" width="300" height="198" src="https://i0.wp.com/eltrabajo.cl/portal/wp-content/uploads/2016/04/Lanzamiento-programa-PACE.jpg?fit=300%2C198&amp;ssl=1" class="attachment-medium size-medium" alt="En dependencias del Liceo Darío Salas, el gobernador Eduardo León junto a alcalde Claudio Zurita, inauguró de manera biprovincial del Programa PACE." srcset="https://i0.wp.com/eltrabajo.cl/portal/wp-content/uploads/2016/04/Lanzamiento-programa-PACE.jpg?w=530&amp;ssl=1 530w, https://i0.wp.com/eltrabajo.cl/portal/wp-content/uploads/2016/04/Lanzamiento-programa-PACE.jpg?resize=200%2C132&amp;ssl=1 200w, https://i0.wp.com/eltrabajo.cl/portal/wp-content/uploads/2016/04/Lanzamiento-programa-PACE.jpg?resize=300%2C198&amp;ssl=1 300w, https://i0.wp.com/eltrabajo.cl/portal/wp-content/uploads/2016/04/Lanzamiento-programa-PACE.jpg?resize=228%2C150&amp;ssl=1 228w, https://i0.wp.com/eltrabajo.cl/portal/wp-content/uploads/2016/04/Lanzamiento-programa-PACE.jpg?resize=400%2C263&amp;ssl=1 400w" sizes="auto, (max-width: 300px) 100vw, 300px" /></a></p>
<p>En dependencias del Liceo Darío Salas, el gobernador Eduardo León junto a alcalde Claudio Zurita, inauguró de manera biprovincial del Programa PACE.</p>

<p>En dependencias del Liceo Darío Salas, el gobernador Eduardo León junto a alcalde Claudio Zurita, inauguró de manera biprovincial del Programa PACE.</p>
