{"id":68764,"date":"2016-04-15T08:49:20","date_gmt":"2016-04-15T11:49:20","guid":{"rendered":"http:\/\/www.eltrabajo.cl\/portal\/wp-content\/uploads\/2016\/04\/conferencia.jpg"},"modified":"2016-04-15T08:49:34","modified_gmt":"2016-04-15T11:49:34","slug":"conferencia-14","status":"inherit","type":"attachment","link":"https:\/\/eltrabajo.cl\/portal\/municipio-recibe-mas-de-400-millones-para-ejecutar-proyectos-en-la-comuna\/conferencia-14\/","title":{"rendered":"El alcalde Patricio Freire, el Secplac, Claudio Paredes, en conferencia con el encargado regional de la Subsecretar\u00eda de Desarrollo Regional, Eduardo Past\u00e9n, informando la inversi\u00f3n que la Subdere har\u00e1 para financiar diversos proyectos de San Felipe."},"author":1,"featured_media":0,"comment_status":"open","ping_status":"closed","template":"","meta":{"advanced_seo_description":"","jetpack_seo_html_title":"","jetpack_seo_noindex":false},"class_list":["post-68764","attachment","type-attachment","status-inherit","hentry"],"jetpack_sharing_enabled":true,"jetpack_likes_enabled":true,"description":{"rendered":"<p class=\"attachment\"><a href=\"https:\/\/i0.wp.com\/eltrabajo.cl\/portal\/wp-content\/uploads\/2016\/04\/conferencia.jpg?ssl=1\"><img loading=\"lazy\" decoding=\"async\" width=\"300\" height=\"197\" src=\"https:\/\/i0.wp.com\/eltrabajo.cl\/portal\/wp-content\/uploads\/2016\/04\/conferencia.jpg?fit=300%2C197&amp;ssl=1\" class=\"attachment-medium size-medium\" alt=\"El alcalde Patricio Freire, el Secplac, Claudio Paredes, en conferencia con el encargado regional de la Subsecretar\u00eda de Desarrollo Regional, Eduardo Past\u00e9n, informando la inversi\u00f3n que la Subdere har\u00e1 para financiar diversos proyectos de San Felipe.\" srcset=\"https:\/\/i0.wp.com\/eltrabajo.cl\/portal\/wp-content\/uploads\/2016\/04\/conferencia.jpg?w=530&amp;ssl=1 530w, https:\/\/i0.wp.com\/eltrabajo.cl\/portal\/wp-content\/uploads\/2016\/04\/conferencia.jpg?resize=200%2C131&amp;ssl=1 200w, https:\/\/i0.wp.com\/eltrabajo.cl\/portal\/wp-content\/uploads\/2016\/04\/conferencia.jpg?resize=300%2C197&amp;ssl=1 300w, https:\/\/i0.wp.com\/eltrabajo.cl\/portal\/wp-content\/uploads\/2016\/04\/conferencia.jpg?resize=228%2C150&amp;ssl=1 228w, https:\/\/i0.wp.com\/eltrabajo.cl\/portal\/wp-content\/uploads\/2016\/04\/conferencia.jpg?resize=400%2C263&amp;ssl=1 400w\" sizes=\"auto, (max-width: 300px) 100vw, 300px\" \/><\/a><\/p>\n<p>El alcalde Patricio Freire, el Secplac, Claudio Paredes, en conferencia con el encargado regional de la Subsecretar\u00eda de Desarrollo Regional, Eduardo Past\u00e9n, informando la inversi\u00f3n que la Subdere har\u00e1 para financiar diversos proyectos de San Felipe.<\/p>\n"},"caption":{"rendered":"<p>El alcalde Patricio Freire, el Secplac, Claudio Paredes, en conferencia con el encargado regional de la Subsecretar\u00eda de Desarrollo Regional, Eduardo Past\u00e9n, informando la inversi\u00f3n que la Subdere har\u00e1 para financiar diversos proyectos de San Felipe.<\/p>\n"},"alt_text":"El alcalde Patricio Freire, el Secplac, Claudio Paredes, en conferencia con el encargado regional de la Subsecretar\u00eda de Desarrollo Regional, Eduardo Past\u00e9n, informando la inversi\u00f3n que la Subdere har\u00e1 para financiar diversos proyectos de San Felipe.","media_type":"image","mime_type":"image\/jpeg","media_details":{"width":530,"height":348,"file":"2016\/04\/conferencia.jpg","sizes":{"thumbnail":{"file":"conferencia-200x131.jpg","width":200,"height":131,"mime_type":"image\/jpeg","source_url":"https:\/\/i0.wp.com\/eltrabajo.cl\/portal\/wp-content\/uploads\/2016\/04\/conferencia.jpg?fit=200%2C131&ssl=1"},"medium":{"file":"conferencia-300x197.jpg","width":300,"height":197,"mime_type":"image\/jpeg","source_url":"https:\/\/i0.wp.com\/eltrabajo.cl\/portal\/wp-content\/uploads\/2016\/04\/conferencia.jpg?fit=300%2C197&ssl=1"},"post-thumbnail":{"file":"conferencia-228x150.jpg","width":228,"height":150,"mime_type":"image\/jpeg","source_url":"https:\/\/i0.wp.com\/eltrabajo.cl\/portal\/wp-content\/uploads\/2016\/04\/conferencia.jpg?fit=228%2C150&ssl=1"},"single-post-thumbnail":{"file":"conferencia-400x263.jpg","width":400,"height":263,"mime_type":"image\/jpeg","source_url":"https:\/\/eltrabajo.cl\/portal\/wp-content\/uploads\/2016\/04\/conferencia-400x263.jpg"},"wptouch-new-thumbnail":{"file":"conferencia-144x144.jpg","width":144,"height":144,"mime_type":"image\/jpeg","source_url":"https:\/\/eltrabajo.cl\/portal\/wp-content\/uploads\/2016\/04\/conferencia-144x144.jpg"},"full":{"file":"conferencia.jpg?fit=530%2C348&ssl=1","width":530,"height":348,"mime_type":"image\/jpeg","source_url":"https:\/\/i0.wp.com\/eltrabajo.cl\/portal\/wp-content\/uploads\/2016\/04\/conferencia.jpg?fit=530%2C348&ssl=1"}},"image_meta":{"aperture":"0","credit":"","camera":"","caption":"","created_timestamp":"0","copyright":"","focal_length":"0","iso":"0","shutter_speed":"0","title":"","orientation":"0","keywords":[]}},"post":68763,"source_url":"https:\/\/eltrabajo.cl\/portal\/wp-content\/uploads\/2016\/04\/conferencia.jpg","_links":{"self":[{"href":"https:\/\/eltrabajo.cl\/portal\/wp-json\/wp\/v2\/media\/68764","targetHints":{"allow":["GET"]}}],"collection":[{"href":"https:\/\/eltrabajo.cl\/portal\/wp-json\/wp\/v2\/media"}],"about":[{"href":"https:\/\/eltrabajo.cl\/portal\/wp-json\/wp\/v2\/types\/attachment"}],"author":[{"embeddable":true,"href":"https:\/\/eltrabajo.cl\/portal\/wp-json\/wp\/v2\/users\/1"}],"replies":[{"embeddable":true,"href":"https:\/\/eltrabajo.cl\/portal\/wp-json\/wp\/v2\/comments?post=68764"}],"wp:attached-to":[{"embeddable":true,"post_type":"post","id":68763,"href":"https:\/\/eltrabajo.cl\/portal\/wp-json\/wp\/v2\/posts\/68763"}],"curies":[{"name":"wp","href":"https:\/\/api.w.org\/{rel}","templated":true}]}}

El alcalde Patricio Freire, el Secplac, Claudio Paredes, en conferencia con el encargado regional de la Subsecretaría de Desarrollo Regional, Eduardo Pastén, informando la inversión que la Subdere hará para financiar diversos proyectos de San Felipe.

<p class="attachment"><a href="https://i0.wp.com/eltrabajo.cl/portal/wp-content/uploads/2016/04/conferencia.jpg?ssl=1"><img loading="lazy" decoding="async" width="300" height="197" src="https://i0.wp.com/eltrabajo.cl/portal/wp-content/uploads/2016/04/conferencia.jpg?fit=300%2C197&amp;ssl=1" class="attachment-medium size-medium" alt="El alcalde Patricio Freire, el Secplac, Claudio Paredes, en conferencia con el encargado regional de la Subsecretaría de Desarrollo Regional, Eduardo Pastén, informando la inversión que la Subdere hará para financiar diversos proyectos de San Felipe." srcset="https://i0.wp.com/eltrabajo.cl/portal/wp-content/uploads/2016/04/conferencia.jpg?w=530&amp;ssl=1 530w, https://i0.wp.com/eltrabajo.cl/portal/wp-content/uploads/2016/04/conferencia.jpg?resize=200%2C131&amp;ssl=1 200w, https://i0.wp.com/eltrabajo.cl/portal/wp-content/uploads/2016/04/conferencia.jpg?resize=300%2C197&amp;ssl=1 300w, https://i0.wp.com/eltrabajo.cl/portal/wp-content/uploads/2016/04/conferencia.jpg?resize=228%2C150&amp;ssl=1 228w, https://i0.wp.com/eltrabajo.cl/portal/wp-content/uploads/2016/04/conferencia.jpg?resize=400%2C263&amp;ssl=1 400w" sizes="auto, (max-width: 300px) 100vw, 300px" /></a></p>
<p>El alcalde Patricio Freire, el Secplac, Claudio Paredes, en conferencia con el encargado regional de la Subsecretaría de Desarrollo Regional, Eduardo Pastén, informando la inversión que la Subdere hará para financiar diversos proyectos de San Felipe.</p>

<p>El alcalde Patricio Freire, el Secplac, Claudio Paredes, en conferencia con el encargado regional de la Subsecretaría de Desarrollo Regional, Eduardo Pastén, informando la inversión que la Subdere hará para financiar diversos proyectos de San Felipe.</p>
