{"id":68839,"date":"2016-04-18T09:07:30","date_gmt":"2016-04-18T12:07:30","guid":{"rendered":"http:\/\/www.eltrabajo.cl\/portal\/wp-content\/uploads\/2016\/04\/FOTO-1-A-NIVEL-DE-LA-BERMA-DE-UN-LADO-A-OTRO-DE-LA-CALLE-ESCURRIA-EL-AGUA-DESDE-LA-INTERSECCION-DE-AVENIDA-PEDRO-DE-VALDIVA-CON-JOSE-MARIA-CARO-LIMITE-ENTRE-VILLA-JUAN-PABLO-II-Y-EL-TOTORAL.jpg"},"modified":"2016-04-18T09:13:49","modified_gmt":"2016-04-18T12:13:49","slug":"foto-1-a-nivel-de-la-berma-de-un-lado-a-otro-de-la-calle-escurria-el-agua-desde-la-interseccion-de-avenida-pedro-de-valdiva-con-jose-maria-caro-limite-entre-villa-juan-pablo-ii-y-el-totoral","status":"inherit","type":"attachment","link":"https:\/\/eltrabajo.cl\/portal\/sector-poniente-de-san-felipe-sufrio-colapso-de-sus-avenidas-principales\/foto-1-a-nivel-de-la-berma-de-un-lado-a-otro-de-la-calle-escurria-el-agua-desde-la-interseccion-de-avenida-pedro-de-valdiva-con-jose-maria-caro-limite-entre-villa-juan-pablo-ii-y-el-totoral\/","title":{"rendered":"A nivel de la berma, de un lado a otro de la calle, escurr\u00eda el agua desde la intersecci\u00f3n de avenida Pedro de Valdiva con Jos\u00e9 Mar\u00eda Caro, l\u00edmite entre villa Juan Pablo II  y El Totoral en el sector poniente de San Felipe."},"author":1,"featured_media":0,"comment_status":"open","ping_status":"closed","template":"","meta":{"advanced_seo_description":"","jetpack_seo_html_title":"","jetpack_seo_noindex":false},"class_list":["post-68839","attachment","type-attachment","status-inherit","hentry"],"jetpack_sharing_enabled":true,"jetpack_likes_enabled":true,"description":{"rendered":"<p class=\"attachment\"><a href=\"https:\/\/i0.wp.com\/eltrabajo.cl\/portal\/wp-content\/uploads\/2016\/04\/FOTO-1-A-NIVEL-DE-LA-BERMA-DE-UN-LADO-A-OTRO-DE-LA-CALLE-ESCURRIA-EL-AGUA-DESDE-LA-INTERSECCION-DE-AVENIDA-PEDRO-DE-VALDIVA-CON-JOSE-MARIA-CARO-LIMITE-ENTRE-VILLA-JUAN-PABLO-II-Y-EL-TOTORAL.jpg?ssl=1\"><img loading=\"lazy\" decoding=\"async\" width=\"300\" height=\"198\" src=\"https:\/\/i0.wp.com\/eltrabajo.cl\/portal\/wp-content\/uploads\/2016\/04\/FOTO-1-A-NIVEL-DE-LA-BERMA-DE-UN-LADO-A-OTRO-DE-LA-CALLE-ESCURRIA-EL-AGUA-DESDE-LA-INTERSECCION-DE-AVENIDA-PEDRO-DE-VALDIVA-CON-JOSE-MARIA-CARO-LIMITE-ENTRE-VILLA-JUAN-PABLO-II-Y-EL-TOTORAL.jpg?fit=300%2C198&amp;ssl=1\" class=\"attachment-medium size-medium\" alt=\"A nivel de la berma, de un lado a otro de la calle, escurr\u00eda el agua desde la intersecci\u00f3n de avenida Pedro de Valdiva con Jos\u00e9 Mar\u00eda Caro, l\u00edmite entre villa Juan Pablo II y El Totoral en el sector poniente de San Felipe.\" srcset=\"https:\/\/i0.wp.com\/eltrabajo.cl\/portal\/wp-content\/uploads\/2016\/04\/FOTO-1-A-NIVEL-DE-LA-BERMA-DE-UN-LADO-A-OTRO-DE-LA-CALLE-ESCURRIA-EL-AGUA-DESDE-LA-INTERSECCION-DE-AVENIDA-PEDRO-DE-VALDIVA-CON-JOSE-MARIA-CARO-LIMITE-ENTRE-VILLA-JUAN-PABLO-II-Y-EL-TOTORAL.jpg?w=530&amp;ssl=1 530w, https:\/\/i0.wp.com\/eltrabajo.cl\/portal\/wp-content\/uploads\/2016\/04\/FOTO-1-A-NIVEL-DE-LA-BERMA-DE-UN-LADO-A-OTRO-DE-LA-CALLE-ESCURRIA-EL-AGUA-DESDE-LA-INTERSECCION-DE-AVENIDA-PEDRO-DE-VALDIVA-CON-JOSE-MARIA-CARO-LIMITE-ENTRE-VILLA-JUAN-PABLO-II-Y-EL-TOTORAL.jpg?resize=200%2C132&amp;ssl=1 200w, https:\/\/i0.wp.com\/eltrabajo.cl\/portal\/wp-content\/uploads\/2016\/04\/FOTO-1-A-NIVEL-DE-LA-BERMA-DE-UN-LADO-A-OTRO-DE-LA-CALLE-ESCURRIA-EL-AGUA-DESDE-LA-INTERSECCION-DE-AVENIDA-PEDRO-DE-VALDIVA-CON-JOSE-MARIA-CARO-LIMITE-ENTRE-VILLA-JUAN-PABLO-II-Y-EL-TOTORAL.jpg?resize=300%2C198&amp;ssl=1 300w, https:\/\/i0.wp.com\/eltrabajo.cl\/portal\/wp-content\/uploads\/2016\/04\/FOTO-1-A-NIVEL-DE-LA-BERMA-DE-UN-LADO-A-OTRO-DE-LA-CALLE-ESCURRIA-EL-AGUA-DESDE-LA-INTERSECCION-DE-AVENIDA-PEDRO-DE-VALDIVA-CON-JOSE-MARIA-CARO-LIMITE-ENTRE-VILLA-JUAN-PABLO-II-Y-EL-TOTORAL.jpg?resize=227%2C150&amp;ssl=1 227w, https:\/\/i0.wp.com\/eltrabajo.cl\/portal\/wp-content\/uploads\/2016\/04\/FOTO-1-A-NIVEL-DE-LA-BERMA-DE-UN-LADO-A-OTRO-DE-LA-CALLE-ESCURRIA-EL-AGUA-DESDE-LA-INTERSECCION-DE-AVENIDA-PEDRO-DE-VALDIVA-CON-JOSE-MARIA-CARO-LIMITE-ENTRE-VILLA-JUAN-PABLO-II-Y-EL-TOTORAL.jpg?resize=400%2C264&amp;ssl=1 400w\" sizes=\"auto, (max-width: 300px) 100vw, 300px\" \/><\/a><\/p>\n<p>A nivel de la berma, de un lado a otro de la calle, escurr\u00eda el agua desde la intersecci\u00f3n de avenida Pedro de Valdiva con Jos\u00e9 Mar\u00eda Caro, l\u00edmite entre villa Juan Pablo II  y El Totoral en el sector poniente de San Felipe.<\/p>\n"},"caption":{"rendered":"<p>A nivel de la berma, de un lado a otro de la calle, escurr\u00eda el agua desde la intersecci\u00f3n de avenida Pedro de Valdiva con Jos\u00e9 Mar\u00eda Caro, l\u00edmite entre villa Juan Pablo II  y El Totoral en el sector poniente de San Felipe.<\/p>\n"},"alt_text":"A nivel de la berma, de un lado a otro de la calle, escurr\u00eda el agua desde la intersecci\u00f3n de avenida Pedro de Valdiva con Jos\u00e9 Mar\u00eda Caro, l\u00edmite entre villa Juan Pablo II y El Totoral en el sector poniente de San Felipe.","media_type":"image","mime_type":"image\/jpeg","media_details":{"width":530,"height":350,"file":"2016\/04\/FOTO-1-A-NIVEL-DE-LA-BERMA-DE-UN-LADO-A-OTRO-DE-LA-CALLE-ESCURRIA-EL-AGUA-DESDE-LA-INTERSECCION-DE-AVENIDA-PEDRO-DE-VALDIVA-CON-JOSE-MARIA-CARO-LIMITE-ENTRE-VILLA-JUAN-PABLO-II-Y-EL-TOTORAL.jpg","sizes":{"thumbnail":{"file":"FOTO-1-A-NIVEL-DE-LA-BERMA-DE-UN-LADO-A-OTRO-DE-LA-CALLE-ESCURRIA-EL-AGUA-DESDE-LA-INTERSECCION-DE-AVENIDA-PEDRO-DE-VALDIVA-CON-JOSE-MARIA-CARO-LIMITE-ENTRE-VILLA-JUAN-PABLO-II-Y-EL-TOTORAL-200x132.jpg","width":200,"height":132,"mime_type":"image\/jpeg","source_url":"https:\/\/i0.wp.com\/eltrabajo.cl\/portal\/wp-content\/uploads\/2016\/04\/FOTO-1-A-NIVEL-DE-LA-BERMA-DE-UN-LADO-A-OTRO-DE-LA-CALLE-ESCURRIA-EL-AGUA-DESDE-LA-INTERSECCION-DE-AVENIDA-PEDRO-DE-VALDIVA-CON-JOSE-MARIA-CARO-LIMITE-ENTRE-VILLA-JUAN-PABLO-II-Y-EL-TOTORAL.jpg?fit=200%2C132&ssl=1"},"medium":{"file":"FOTO-1-A-NIVEL-DE-LA-BERMA-DE-UN-LADO-A-OTRO-DE-LA-CALLE-ESCURRIA-EL-AGUA-DESDE-LA-INTERSECCION-DE-AVENIDA-PEDRO-DE-VALDIVA-CON-JOSE-MARIA-CARO-LIMITE-ENTRE-VILLA-JUAN-PABLO-II-Y-EL-TOTORAL-300x198.jpg","width":300,"height":198,"mime_type":"image\/jpeg","source_url":"https:\/\/i0.wp.com\/eltrabajo.cl\/portal\/wp-content\/uploads\/2016\/04\/FOTO-1-A-NIVEL-DE-LA-BERMA-DE-UN-LADO-A-OTRO-DE-LA-CALLE-ESCURRIA-EL-AGUA-DESDE-LA-INTERSECCION-DE-AVENIDA-PEDRO-DE-VALDIVA-CON-JOSE-MARIA-CARO-LIMITE-ENTRE-VILLA-JUAN-PABLO-II-Y-EL-TOTORAL.jpg?fit=300%2C198&ssl=1"},"post-thumbnail":{"file":"FOTO-1-A-NIVEL-DE-LA-BERMA-DE-UN-LADO-A-OTRO-DE-LA-CALLE-ESCURRIA-EL-AGUA-DESDE-LA-INTERSECCION-DE-AVENIDA-PEDRO-DE-VALDIVA-CON-JOSE-MARIA-CARO-LIMITE-ENTRE-VILLA-JUAN-PABLO-II-Y-EL-TOTORAL-227x150.jpg","width":227,"height":150,"mime_type":"image\/jpeg","source_url":"https:\/\/i0.wp.com\/eltrabajo.cl\/portal\/wp-content\/uploads\/2016\/04\/FOTO-1-A-NIVEL-DE-LA-BERMA-DE-UN-LADO-A-OTRO-DE-LA-CALLE-ESCURRIA-EL-AGUA-DESDE-LA-INTERSECCION-DE-AVENIDA-PEDRO-DE-VALDIVA-CON-JOSE-MARIA-CARO-LIMITE-ENTRE-VILLA-JUAN-PABLO-II-Y-EL-TOTORAL.jpg?fit=227%2C150&ssl=1"},"single-post-thumbnail":{"file":"FOTO-1-A-NIVEL-DE-LA-BERMA-DE-UN-LADO-A-OTRO-DE-LA-CALLE-ESCURRIA-EL-AGUA-DESDE-LA-INTERSECCION-DE-AVENIDA-PEDRO-DE-VALDIVA-CON-JOSE-MARIA-CARO-LIMITE-ENTRE-VILLA-JUAN-PABLO-II-Y-EL-TOTORAL-400x264.jpg","width":400,"height":264,"mime_type":"image\/jpeg","source_url":"https:\/\/eltrabajo.cl\/portal\/wp-content\/uploads\/2016\/04\/FOTO-1-A-NIVEL-DE-LA-BERMA-DE-UN-LADO-A-OTRO-DE-LA-CALLE-ESCURRIA-EL-AGUA-DESDE-LA-INTERSECCION-DE-AVENIDA-PEDRO-DE-VALDIVA-CON-JOSE-MARIA-CARO-LIMITE-ENTRE-VILLA-JUAN-PABLO-II-Y-EL-TOTORAL-400x264.jpg"},"wptouch-new-thumbnail":{"file":"FOTO-1-A-NIVEL-DE-LA-BERMA-DE-UN-LADO-A-OTRO-DE-LA-CALLE-ESCURRIA-EL-AGUA-DESDE-LA-INTERSECCION-DE-AVENIDA-PEDRO-DE-VALDIVA-CON-JOSE-MARIA-CARO-LIMITE-ENTRE-VILLA-JUAN-PABLO-II-Y-EL-TOTORAL-144x144.jpg","width":144,"height":144,"mime_type":"image\/jpeg","source_url":"https:\/\/eltrabajo.cl\/portal\/wp-content\/uploads\/2016\/04\/FOTO-1-A-NIVEL-DE-LA-BERMA-DE-UN-LADO-A-OTRO-DE-LA-CALLE-ESCURRIA-EL-AGUA-DESDE-LA-INTERSECCION-DE-AVENIDA-PEDRO-DE-VALDIVA-CON-JOSE-MARIA-CARO-LIMITE-ENTRE-VILLA-JUAN-PABLO-II-Y-EL-TOTORAL-144x144.jpg"},"full":{"file":"FOTO-1-A-NIVEL-DE-LA-BERMA-DE-UN-LADO-A-OTRO-DE-LA-CALLE-ESCURRIA-EL-AGUA-DESDE-LA-INTERSECCION-DE-AVENIDA-PEDRO-DE-VALDIVA-CON-JOSE-MARIA-CARO-LIMITE-ENTRE-VILLA-JUAN-PABLO-II-Y-EL-TOTORAL.jpg?fit=530%2C350&ssl=1","width":530,"height":350,"mime_type":"image\/jpeg","source_url":"https:\/\/i0.wp.com\/eltrabajo.cl\/portal\/wp-content\/uploads\/2016\/04\/FOTO-1-A-NIVEL-DE-LA-BERMA-DE-UN-LADO-A-OTRO-DE-LA-CALLE-ESCURRIA-EL-AGUA-DESDE-LA-INTERSECCION-DE-AVENIDA-PEDRO-DE-VALDIVA-CON-JOSE-MARIA-CARO-LIMITE-ENTRE-VILLA-JUAN-PABLO-II-Y-EL-TOTORAL.jpg?fit=530%2C350&ssl=1"}},"image_meta":{"aperture":"0","credit":"","camera":"","caption":"","created_timestamp":"0","copyright":"Copyright 2012","focal_length":"0","iso":"0","shutter_speed":"0","title":"","orientation":"0","keywords":[]}},"post":68838,"source_url":"https:\/\/eltrabajo.cl\/portal\/wp-content\/uploads\/2016\/04\/FOTO-1-A-NIVEL-DE-LA-BERMA-DE-UN-LADO-A-OTRO-DE-LA-CALLE-ESCURRIA-EL-AGUA-DESDE-LA-INTERSECCION-DE-AVENIDA-PEDRO-DE-VALDIVA-CON-JOSE-MARIA-CARO-LIMITE-ENTRE-VILLA-JUAN-PABLO-II-Y-EL-TOTORAL.jpg","_links":{"self":[{"href":"https:\/\/eltrabajo.cl\/portal\/wp-json\/wp\/v2\/media\/68839","targetHints":{"allow":["GET"]}}],"collection":[{"href":"https:\/\/eltrabajo.cl\/portal\/wp-json\/wp\/v2\/media"}],"about":[{"href":"https:\/\/eltrabajo.cl\/portal\/wp-json\/wp\/v2\/types\/attachment"}],"author":[{"embeddable":true,"href":"https:\/\/eltrabajo.cl\/portal\/wp-json\/wp\/v2\/users\/1"}],"replies":[{"embeddable":true,"href":"https:\/\/eltrabajo.cl\/portal\/wp-json\/wp\/v2\/comments?post=68839"}],"wp:attached-to":[{"embeddable":true,"post_type":"post","id":68838,"href":"https:\/\/eltrabajo.cl\/portal\/wp-json\/wp\/v2\/posts\/68838"}],"curies":[{"name":"wp","href":"https:\/\/api.w.org\/{rel}","templated":true}]}}

A nivel de la berma, de un lado a otro de la calle, escurría el agua desde la intersección de avenida Pedro de Valdiva con José María Caro, límite entre villa Juan Pablo II  y El Totoral en el sector poniente de San Felipe.

<p class="attachment"><a href="https://i0.wp.com/eltrabajo.cl/portal/wp-content/uploads/2016/04/FOTO-1-A-NIVEL-DE-LA-BERMA-DE-UN-LADO-A-OTRO-DE-LA-CALLE-ESCURRIA-EL-AGUA-DESDE-LA-INTERSECCION-DE-AVENIDA-PEDRO-DE-VALDIVA-CON-JOSE-MARIA-CARO-LIMITE-ENTRE-VILLA-JUAN-PABLO-II-Y-EL-TOTORAL.jpg?ssl=1"><img loading="lazy" decoding="async" width="300" height="198" src="https://i0.wp.com/eltrabajo.cl/portal/wp-content/uploads/2016/04/FOTO-1-A-NIVEL-DE-LA-BERMA-DE-UN-LADO-A-OTRO-DE-LA-CALLE-ESCURRIA-EL-AGUA-DESDE-LA-INTERSECCION-DE-AVENIDA-PEDRO-DE-VALDIVA-CON-JOSE-MARIA-CARO-LIMITE-ENTRE-VILLA-JUAN-PABLO-II-Y-EL-TOTORAL.jpg?fit=300%2C198&amp;ssl=1" class="attachment-medium size-medium" alt="A nivel de la berma, de un lado a otro de la calle, escurría el agua desde la intersección de avenida Pedro de Valdiva con José María Caro, límite entre villa Juan Pablo II y El Totoral en el sector poniente de San Felipe." srcset="https://i0.wp.com/eltrabajo.cl/portal/wp-content/uploads/2016/04/FOTO-1-A-NIVEL-DE-LA-BERMA-DE-UN-LADO-A-OTRO-DE-LA-CALLE-ESCURRIA-EL-AGUA-DESDE-LA-INTERSECCION-DE-AVENIDA-PEDRO-DE-VALDIVA-CON-JOSE-MARIA-CARO-LIMITE-ENTRE-VILLA-JUAN-PABLO-II-Y-EL-TOTORAL.jpg?w=530&amp;ssl=1 530w, https://i0.wp.com/eltrabajo.cl/portal/wp-content/uploads/2016/04/FOTO-1-A-NIVEL-DE-LA-BERMA-DE-UN-LADO-A-OTRO-DE-LA-CALLE-ESCURRIA-EL-AGUA-DESDE-LA-INTERSECCION-DE-AVENIDA-PEDRO-DE-VALDIVA-CON-JOSE-MARIA-CARO-LIMITE-ENTRE-VILLA-JUAN-PABLO-II-Y-EL-TOTORAL.jpg?resize=200%2C132&amp;ssl=1 200w, https://i0.wp.com/eltrabajo.cl/portal/wp-content/uploads/2016/04/FOTO-1-A-NIVEL-DE-LA-BERMA-DE-UN-LADO-A-OTRO-DE-LA-CALLE-ESCURRIA-EL-AGUA-DESDE-LA-INTERSECCION-DE-AVENIDA-PEDRO-DE-VALDIVA-CON-JOSE-MARIA-CARO-LIMITE-ENTRE-VILLA-JUAN-PABLO-II-Y-EL-TOTORAL.jpg?resize=300%2C198&amp;ssl=1 300w, https://i0.wp.com/eltrabajo.cl/portal/wp-content/uploads/2016/04/FOTO-1-A-NIVEL-DE-LA-BERMA-DE-UN-LADO-A-OTRO-DE-LA-CALLE-ESCURRIA-EL-AGUA-DESDE-LA-INTERSECCION-DE-AVENIDA-PEDRO-DE-VALDIVA-CON-JOSE-MARIA-CARO-LIMITE-ENTRE-VILLA-JUAN-PABLO-II-Y-EL-TOTORAL.jpg?resize=227%2C150&amp;ssl=1 227w, https://i0.wp.com/eltrabajo.cl/portal/wp-content/uploads/2016/04/FOTO-1-A-NIVEL-DE-LA-BERMA-DE-UN-LADO-A-OTRO-DE-LA-CALLE-ESCURRIA-EL-AGUA-DESDE-LA-INTERSECCION-DE-AVENIDA-PEDRO-DE-VALDIVA-CON-JOSE-MARIA-CARO-LIMITE-ENTRE-VILLA-JUAN-PABLO-II-Y-EL-TOTORAL.jpg?resize=400%2C264&amp;ssl=1 400w" sizes="auto, (max-width: 300px) 100vw, 300px" /></a></p>
<p>A nivel de la berma, de un lado a otro de la calle, escurría el agua desde la intersección de avenida Pedro de Valdiva con José María Caro, límite entre villa Juan Pablo II  y El Totoral en el sector poniente de San Felipe.</p>

<p>A nivel de la berma, de un lado a otro de la calle, escurría el agua desde la intersección de avenida Pedro de Valdiva con José María Caro, límite entre villa Juan Pablo II  y El Totoral en el sector poniente de San Felipe.</p>

A nivel de la berma, de un lado a otro de la calle, escurría el agua desde la intersección de avenida Pedro de Valdiva con José María Caro, límite entre villa Juan Pablo II y El Totoral en el sector poniente de San Felipe.
