{"id":68842,"date":"2016-04-18T09:07:38","date_gmt":"2016-04-18T12:07:38","guid":{"rendered":"http:\/\/www.eltrabajo.cl\/portal\/wp-content\/uploads\/2016\/04\/FOTO-5-EN-TERESA-DE-LA-TORRE-CON-DIEGO-DE-ALMAGRO-VILLA-ESPLENDOR-LOS-VECINOS-SUFRIERON-EL-COLAPSO-DE-ESTA-CAMARA-DE-ALCANTARILLADO-QUE-COMENZO-AL-MEDIODIA-DE-AYER-A-DEVOLVER-AGUAS-SERVIDAS.jpg"},"modified":"2016-04-18T09:11:42","modified_gmt":"2016-04-18T12:11:42","slug":"foto-5-en-teresa-de-la-torre-con-diego-de-almagro-villa-esplendor-los-vecinos-sufrieron-el-colapso-de-esta-camara-de-alcantarillado-que-comenzo-al-mediodia-de-ayer-a-devolver-aguas-servidas","status":"inherit","type":"attachment","link":"https:\/\/eltrabajo.cl\/portal\/sector-poniente-de-san-felipe-sufrio-colapso-de-sus-avenidas-principales\/foto-5-en-teresa-de-la-torre-con-diego-de-almagro-villa-esplendor-los-vecinos-sufrieron-el-colapso-de-esta-camara-de-alcantarillado-que-comenzo-al-mediodia-de-ayer-a-devolver-aguas-servidas\/","title":{"rendered":"En Teresa de la Torre con Diego de Almagro, villa Esplendor, los vecinos sufrieron el colapso de esta c\u00e1mara de alcantarillado, que comenz\u00f3 al mediod\u00eda de ayer a devolver aguas servidas."},"author":1,"featured_media":0,"comment_status":"open","ping_status":"closed","template":"","meta":{"advanced_seo_description":"","jetpack_seo_html_title":"","jetpack_seo_noindex":false},"class_list":["post-68842","attachment","type-attachment","status-inherit","hentry"],"jetpack_sharing_enabled":true,"jetpack_likes_enabled":true,"description":{"rendered":"<p class=\"attachment\"><a href=\"https:\/\/i0.wp.com\/eltrabajo.cl\/portal\/wp-content\/uploads\/2016\/04\/FOTO-5-EN-TERESA-DE-LA-TORRE-CON-DIEGO-DE-ALMAGRO-VILLA-ESPLENDOR-LOS-VECINOS-SUFRIERON-EL-COLAPSO-DE-ESTA-CAMARA-DE-ALCANTARILLADO-QUE-COMENZO-AL-MEDIODIA-DE-AYER-A-DEVOLVER-AGUAS-SERVIDAS.jpg?ssl=1\"><img loading=\"lazy\" decoding=\"async\" width=\"300\" height=\"198\" src=\"https:\/\/i0.wp.com\/eltrabajo.cl\/portal\/wp-content\/uploads\/2016\/04\/FOTO-5-EN-TERESA-DE-LA-TORRE-CON-DIEGO-DE-ALMAGRO-VILLA-ESPLENDOR-LOS-VECINOS-SUFRIERON-EL-COLAPSO-DE-ESTA-CAMARA-DE-ALCANTARILLADO-QUE-COMENZO-AL-MEDIODIA-DE-AYER-A-DEVOLVER-AGUAS-SERVIDAS.jpg?fit=300%2C198&amp;ssl=1\" class=\"attachment-medium size-medium\" alt=\"En Teresa de la Torre con Diego de Almagro, villa Esplendor, los vecinos sufrieron el colapso de esta c\u00e1mara de alcantarillado, que comenz\u00f3 al mediod\u00eda de ayer a devolver aguas servidas.\" srcset=\"https:\/\/i0.wp.com\/eltrabajo.cl\/portal\/wp-content\/uploads\/2016\/04\/FOTO-5-EN-TERESA-DE-LA-TORRE-CON-DIEGO-DE-ALMAGRO-VILLA-ESPLENDOR-LOS-VECINOS-SUFRIERON-EL-COLAPSO-DE-ESTA-CAMARA-DE-ALCANTARILLADO-QUE-COMENZO-AL-MEDIODIA-DE-AYER-A-DEVOLVER-AGUAS-SERVIDAS.jpg?w=530&amp;ssl=1 530w, https:\/\/i0.wp.com\/eltrabajo.cl\/portal\/wp-content\/uploads\/2016\/04\/FOTO-5-EN-TERESA-DE-LA-TORRE-CON-DIEGO-DE-ALMAGRO-VILLA-ESPLENDOR-LOS-VECINOS-SUFRIERON-EL-COLAPSO-DE-ESTA-CAMARA-DE-ALCANTARILLADO-QUE-COMENZO-AL-MEDIODIA-DE-AYER-A-DEVOLVER-AGUAS-SERVIDAS.jpg?resize=200%2C132&amp;ssl=1 200w, https:\/\/i0.wp.com\/eltrabajo.cl\/portal\/wp-content\/uploads\/2016\/04\/FOTO-5-EN-TERESA-DE-LA-TORRE-CON-DIEGO-DE-ALMAGRO-VILLA-ESPLENDOR-LOS-VECINOS-SUFRIERON-EL-COLAPSO-DE-ESTA-CAMARA-DE-ALCANTARILLADO-QUE-COMENZO-AL-MEDIODIA-DE-AYER-A-DEVOLVER-AGUAS-SERVIDAS.jpg?resize=300%2C198&amp;ssl=1 300w, https:\/\/i0.wp.com\/eltrabajo.cl\/portal\/wp-content\/uploads\/2016\/04\/FOTO-5-EN-TERESA-DE-LA-TORRE-CON-DIEGO-DE-ALMAGRO-VILLA-ESPLENDOR-LOS-VECINOS-SUFRIERON-EL-COLAPSO-DE-ESTA-CAMARA-DE-ALCANTARILLADO-QUE-COMENZO-AL-MEDIODIA-DE-AYER-A-DEVOLVER-AGUAS-SERVIDAS.jpg?resize=227%2C150&amp;ssl=1 227w, https:\/\/i0.wp.com\/eltrabajo.cl\/portal\/wp-content\/uploads\/2016\/04\/FOTO-5-EN-TERESA-DE-LA-TORRE-CON-DIEGO-DE-ALMAGRO-VILLA-ESPLENDOR-LOS-VECINOS-SUFRIERON-EL-COLAPSO-DE-ESTA-CAMARA-DE-ALCANTARILLADO-QUE-COMENZO-AL-MEDIODIA-DE-AYER-A-DEVOLVER-AGUAS-SERVIDAS.jpg?resize=400%2C264&amp;ssl=1 400w\" sizes=\"auto, (max-width: 300px) 100vw, 300px\" \/><\/a><\/p>\n<p>En Teresa de la Torre con Diego de Almagro, villa Esplendor, los vecinos sufrieron el colapso de esta c\u00e1mara de alcantarillado, que comenz\u00f3 al mediod\u00eda de ayer a devolver aguas servidas.<\/p>\n"},"caption":{"rendered":"<p>En Teresa de la Torre con Diego de Almagro, villa Esplendor, los vecinos sufrieron el colapso de esta c\u00e1mara de alcantarillado, que comenz\u00f3 al mediod\u00eda de ayer a devolver aguas servidas.<\/p>\n"},"alt_text":"En Teresa de la Torre con Diego de Almagro, villa Esplendor, los vecinos sufrieron el colapso de esta c\u00e1mara de alcantarillado, que comenz\u00f3 al mediod\u00eda de ayer a devolver aguas servidas.","media_type":"image","mime_type":"image\/jpeg","media_details":{"width":530,"height":350,"file":"2016\/04\/FOTO-5-EN-TERESA-DE-LA-TORRE-CON-DIEGO-DE-ALMAGRO-VILLA-ESPLENDOR-LOS-VECINOS-SUFRIERON-EL-COLAPSO-DE-ESTA-CAMARA-DE-ALCANTARILLADO-QUE-COMENZO-AL-MEDIODIA-DE-AYER-A-DEVOLVER-AGUAS-SERVIDAS.jpg","sizes":{"thumbnail":{"file":"FOTO-5-EN-TERESA-DE-LA-TORRE-CON-DIEGO-DE-ALMAGRO-VILLA-ESPLENDOR-LOS-VECINOS-SUFRIERON-EL-COLAPSO-DE-ESTA-CAMARA-DE-ALCANTARILLADO-QUE-COMENZO-AL-MEDIODIA-DE-AYER-A-DEVOLVER-AGUAS-SERVIDAS-200x132.jpg","width":200,"height":132,"mime_type":"image\/jpeg","source_url":"https:\/\/i0.wp.com\/eltrabajo.cl\/portal\/wp-content\/uploads\/2016\/04\/FOTO-5-EN-TERESA-DE-LA-TORRE-CON-DIEGO-DE-ALMAGRO-VILLA-ESPLENDOR-LOS-VECINOS-SUFRIERON-EL-COLAPSO-DE-ESTA-CAMARA-DE-ALCANTARILLADO-QUE-COMENZO-AL-MEDIODIA-DE-AYER-A-DEVOLVER-AGUAS-SERVIDAS.jpg?fit=200%2C132&ssl=1"},"medium":{"file":"FOTO-5-EN-TERESA-DE-LA-TORRE-CON-DIEGO-DE-ALMAGRO-VILLA-ESPLENDOR-LOS-VECINOS-SUFRIERON-EL-COLAPSO-DE-ESTA-CAMARA-DE-ALCANTARILLADO-QUE-COMENZO-AL-MEDIODIA-DE-AYER-A-DEVOLVER-AGUAS-SERVIDAS-300x198.jpg","width":300,"height":198,"mime_type":"image\/jpeg","source_url":"https:\/\/i0.wp.com\/eltrabajo.cl\/portal\/wp-content\/uploads\/2016\/04\/FOTO-5-EN-TERESA-DE-LA-TORRE-CON-DIEGO-DE-ALMAGRO-VILLA-ESPLENDOR-LOS-VECINOS-SUFRIERON-EL-COLAPSO-DE-ESTA-CAMARA-DE-ALCANTARILLADO-QUE-COMENZO-AL-MEDIODIA-DE-AYER-A-DEVOLVER-AGUAS-SERVIDAS.jpg?fit=300%2C198&ssl=1"},"post-thumbnail":{"file":"FOTO-5-EN-TERESA-DE-LA-TORRE-CON-DIEGO-DE-ALMAGRO-VILLA-ESPLENDOR-LOS-VECINOS-SUFRIERON-EL-COLAPSO-DE-ESTA-CAMARA-DE-ALCANTARILLADO-QUE-COMENZO-AL-MEDIODIA-DE-AYER-A-DEVOLVER-AGUAS-SERVIDAS-227x150.jpg","width":227,"height":150,"mime_type":"image\/jpeg","source_url":"https:\/\/i0.wp.com\/eltrabajo.cl\/portal\/wp-content\/uploads\/2016\/04\/FOTO-5-EN-TERESA-DE-LA-TORRE-CON-DIEGO-DE-ALMAGRO-VILLA-ESPLENDOR-LOS-VECINOS-SUFRIERON-EL-COLAPSO-DE-ESTA-CAMARA-DE-ALCANTARILLADO-QUE-COMENZO-AL-MEDIODIA-DE-AYER-A-DEVOLVER-AGUAS-SERVIDAS.jpg?fit=227%2C150&ssl=1"},"single-post-thumbnail":{"file":"FOTO-5-EN-TERESA-DE-LA-TORRE-CON-DIEGO-DE-ALMAGRO-VILLA-ESPLENDOR-LOS-VECINOS-SUFRIERON-EL-COLAPSO-DE-ESTA-CAMARA-DE-ALCANTARILLADO-QUE-COMENZO-AL-MEDIODIA-DE-AYER-A-DEVOLVER-AGUAS-SERVIDAS-400x264.jpg","width":400,"height":264,"mime_type":"image\/jpeg","source_url":"https:\/\/eltrabajo.cl\/portal\/wp-content\/uploads\/2016\/04\/FOTO-5-EN-TERESA-DE-LA-TORRE-CON-DIEGO-DE-ALMAGRO-VILLA-ESPLENDOR-LOS-VECINOS-SUFRIERON-EL-COLAPSO-DE-ESTA-CAMARA-DE-ALCANTARILLADO-QUE-COMENZO-AL-MEDIODIA-DE-AYER-A-DEVOLVER-AGUAS-SERVIDAS-400x264.jpg"},"wptouch-new-thumbnail":{"file":"FOTO-5-EN-TERESA-DE-LA-TORRE-CON-DIEGO-DE-ALMAGRO-VILLA-ESPLENDOR-LOS-VECINOS-SUFRIERON-EL-COLAPSO-DE-ESTA-CAMARA-DE-ALCANTARILLADO-QUE-COMENZO-AL-MEDIODIA-DE-AYER-A-DEVOLVER-AGUAS-SERVIDAS-144x144.jpg","width":144,"height":144,"mime_type":"image\/jpeg","source_url":"https:\/\/eltrabajo.cl\/portal\/wp-content\/uploads\/2016\/04\/FOTO-5-EN-TERESA-DE-LA-TORRE-CON-DIEGO-DE-ALMAGRO-VILLA-ESPLENDOR-LOS-VECINOS-SUFRIERON-EL-COLAPSO-DE-ESTA-CAMARA-DE-ALCANTARILLADO-QUE-COMENZO-AL-MEDIODIA-DE-AYER-A-DEVOLVER-AGUAS-SERVIDAS-144x144.jpg"},"full":{"file":"FOTO-5-EN-TERESA-DE-LA-TORRE-CON-DIEGO-DE-ALMAGRO-VILLA-ESPLENDOR-LOS-VECINOS-SUFRIERON-EL-COLAPSO-DE-ESTA-CAMARA-DE-ALCANTARILLADO-QUE-COMENZO-AL-MEDIODIA-DE-AYER-A-DEVOLVER-AGUAS-SERVIDAS.jpg?fit=530%2C350&ssl=1","width":530,"height":350,"mime_type":"image\/jpeg","source_url":"https:\/\/i0.wp.com\/eltrabajo.cl\/portal\/wp-content\/uploads\/2016\/04\/FOTO-5-EN-TERESA-DE-LA-TORRE-CON-DIEGO-DE-ALMAGRO-VILLA-ESPLENDOR-LOS-VECINOS-SUFRIERON-EL-COLAPSO-DE-ESTA-CAMARA-DE-ALCANTARILLADO-QUE-COMENZO-AL-MEDIODIA-DE-AYER-A-DEVOLVER-AGUAS-SERVIDAS.jpg?fit=530%2C350&ssl=1"}},"image_meta":{"aperture":"0","credit":"","camera":"","caption":"","created_timestamp":"0","copyright":"Copyright 2012","focal_length":"0","iso":"0","shutter_speed":"0","title":"","orientation":"0","keywords":[]}},"post":68838,"source_url":"https:\/\/eltrabajo.cl\/portal\/wp-content\/uploads\/2016\/04\/FOTO-5-EN-TERESA-DE-LA-TORRE-CON-DIEGO-DE-ALMAGRO-VILLA-ESPLENDOR-LOS-VECINOS-SUFRIERON-EL-COLAPSO-DE-ESTA-CAMARA-DE-ALCANTARILLADO-QUE-COMENZO-AL-MEDIODIA-DE-AYER-A-DEVOLVER-AGUAS-SERVIDAS.jpg","_links":{"self":[{"href":"https:\/\/eltrabajo.cl\/portal\/wp-json\/wp\/v2\/media\/68842","targetHints":{"allow":["GET"]}}],"collection":[{"href":"https:\/\/eltrabajo.cl\/portal\/wp-json\/wp\/v2\/media"}],"about":[{"href":"https:\/\/eltrabajo.cl\/portal\/wp-json\/wp\/v2\/types\/attachment"}],"author":[{"embeddable":true,"href":"https:\/\/eltrabajo.cl\/portal\/wp-json\/wp\/v2\/users\/1"}],"replies":[{"embeddable":true,"href":"https:\/\/eltrabajo.cl\/portal\/wp-json\/wp\/v2\/comments?post=68842"}],"wp:attached-to":[{"embeddable":true,"post_type":"post","id":68838,"href":"https:\/\/eltrabajo.cl\/portal\/wp-json\/wp\/v2\/posts\/68838"}],"curies":[{"name":"wp","href":"https:\/\/api.w.org\/{rel}","templated":true}]}}

En Teresa de la Torre con Diego de Almagro, villa Esplendor, los vecinos sufrieron el colapso de esta cámara de alcantarillado, que comenzó al mediodía de ayer a devolver aguas servidas.

<p class="attachment"><a href="https://i0.wp.com/eltrabajo.cl/portal/wp-content/uploads/2016/04/FOTO-5-EN-TERESA-DE-LA-TORRE-CON-DIEGO-DE-ALMAGRO-VILLA-ESPLENDOR-LOS-VECINOS-SUFRIERON-EL-COLAPSO-DE-ESTA-CAMARA-DE-ALCANTARILLADO-QUE-COMENZO-AL-MEDIODIA-DE-AYER-A-DEVOLVER-AGUAS-SERVIDAS.jpg?ssl=1"><img loading="lazy" decoding="async" width="300" height="198" src="https://i0.wp.com/eltrabajo.cl/portal/wp-content/uploads/2016/04/FOTO-5-EN-TERESA-DE-LA-TORRE-CON-DIEGO-DE-ALMAGRO-VILLA-ESPLENDOR-LOS-VECINOS-SUFRIERON-EL-COLAPSO-DE-ESTA-CAMARA-DE-ALCANTARILLADO-QUE-COMENZO-AL-MEDIODIA-DE-AYER-A-DEVOLVER-AGUAS-SERVIDAS.jpg?fit=300%2C198&amp;ssl=1" class="attachment-medium size-medium" alt="En Teresa de la Torre con Diego de Almagro, villa Esplendor, los vecinos sufrieron el colapso de esta cámara de alcantarillado, que comenzó al mediodía de ayer a devolver aguas servidas." srcset="https://i0.wp.com/eltrabajo.cl/portal/wp-content/uploads/2016/04/FOTO-5-EN-TERESA-DE-LA-TORRE-CON-DIEGO-DE-ALMAGRO-VILLA-ESPLENDOR-LOS-VECINOS-SUFRIERON-EL-COLAPSO-DE-ESTA-CAMARA-DE-ALCANTARILLADO-QUE-COMENZO-AL-MEDIODIA-DE-AYER-A-DEVOLVER-AGUAS-SERVIDAS.jpg?w=530&amp;ssl=1 530w, https://i0.wp.com/eltrabajo.cl/portal/wp-content/uploads/2016/04/FOTO-5-EN-TERESA-DE-LA-TORRE-CON-DIEGO-DE-ALMAGRO-VILLA-ESPLENDOR-LOS-VECINOS-SUFRIERON-EL-COLAPSO-DE-ESTA-CAMARA-DE-ALCANTARILLADO-QUE-COMENZO-AL-MEDIODIA-DE-AYER-A-DEVOLVER-AGUAS-SERVIDAS.jpg?resize=200%2C132&amp;ssl=1 200w, https://i0.wp.com/eltrabajo.cl/portal/wp-content/uploads/2016/04/FOTO-5-EN-TERESA-DE-LA-TORRE-CON-DIEGO-DE-ALMAGRO-VILLA-ESPLENDOR-LOS-VECINOS-SUFRIERON-EL-COLAPSO-DE-ESTA-CAMARA-DE-ALCANTARILLADO-QUE-COMENZO-AL-MEDIODIA-DE-AYER-A-DEVOLVER-AGUAS-SERVIDAS.jpg?resize=300%2C198&amp;ssl=1 300w, https://i0.wp.com/eltrabajo.cl/portal/wp-content/uploads/2016/04/FOTO-5-EN-TERESA-DE-LA-TORRE-CON-DIEGO-DE-ALMAGRO-VILLA-ESPLENDOR-LOS-VECINOS-SUFRIERON-EL-COLAPSO-DE-ESTA-CAMARA-DE-ALCANTARILLADO-QUE-COMENZO-AL-MEDIODIA-DE-AYER-A-DEVOLVER-AGUAS-SERVIDAS.jpg?resize=227%2C150&amp;ssl=1 227w, https://i0.wp.com/eltrabajo.cl/portal/wp-content/uploads/2016/04/FOTO-5-EN-TERESA-DE-LA-TORRE-CON-DIEGO-DE-ALMAGRO-VILLA-ESPLENDOR-LOS-VECINOS-SUFRIERON-EL-COLAPSO-DE-ESTA-CAMARA-DE-ALCANTARILLADO-QUE-COMENZO-AL-MEDIODIA-DE-AYER-A-DEVOLVER-AGUAS-SERVIDAS.jpg?resize=400%2C264&amp;ssl=1 400w" sizes="auto, (max-width: 300px) 100vw, 300px" /></a></p>
<p>En Teresa de la Torre con Diego de Almagro, villa Esplendor, los vecinos sufrieron el colapso de esta cámara de alcantarillado, que comenzó al mediodía de ayer a devolver aguas servidas.</p>

<p>En Teresa de la Torre con Diego de Almagro, villa Esplendor, los vecinos sufrieron el colapso de esta cámara de alcantarillado, que comenzó al mediodía de ayer a devolver aguas servidas.</p>
