{"id":68846,"date":"2016-04-18T09:08:35","date_gmt":"2016-04-18T12:08:35","guid":{"rendered":"http:\/\/www.eltrabajo.cl\/portal\/wp-content\/uploads\/2016\/04\/vecinos-de-Curim\u00f3n-solucionando-junto-a-equipo-municipal-problema-de-inundaci\u00f3n-en-pasajes.jpg"},"modified":"2016-04-18T09:08:49","modified_gmt":"2016-04-18T12:08:49","slug":"vecinos-de-curimon-solucionando-junto-a-equipo-municipal-problema-de-inundacion-en-pasajes","status":"inherit","type":"attachment","link":"https:\/\/eltrabajo.cl\/portal\/sector-poniente-de-san-felipe-sufrio-colapso-de-sus-avenidas-principales\/vecinos-de-curimon-solucionando-junto-a-equipo-municipal-problema-de-inundacion-en-pasajes\/","title":{"rendered":"La Municipalidad tambi\u00e9n debi\u00f3 concurrir a resolver problemas de pasajes inundados en Curim\u00f3n."},"author":1,"featured_media":0,"comment_status":"open","ping_status":"closed","template":"","meta":{"advanced_seo_description":"","jetpack_seo_html_title":"","jetpack_seo_noindex":false},"class_list":["post-68846","attachment","type-attachment","status-inherit","hentry"],"jetpack_sharing_enabled":true,"jetpack_likes_enabled":true,"description":{"rendered":"<p class=\"attachment\"><a href=\"https:\/\/i0.wp.com\/eltrabajo.cl\/portal\/wp-content\/uploads\/2016\/04\/vecinos-de-Curim%C3%B3n-solucionando-junto-a-equipo-municipal-problema-de-inundaci%C3%B3n-en-pasajes.jpg?ssl=1\"><img loading=\"lazy\" decoding=\"async\" width=\"300\" height=\"198\" src=\"https:\/\/i0.wp.com\/eltrabajo.cl\/portal\/wp-content\/uploads\/2016\/04\/vecinos-de-Curim%C3%B3n-solucionando-junto-a-equipo-municipal-problema-de-inundaci%C3%B3n-en-pasajes.jpg?fit=300%2C198&amp;ssl=1\" class=\"attachment-medium size-medium\" alt=\"La Municipalidad tambi\u00e9n debi\u00f3 concurrir a resolver problemas de pasajes inundados en Curim\u00f3n.\" \/><\/a><\/p>\n<p>La Municipalidad tambi\u00e9n debi\u00f3 concurrir a resolver problemas de pasajes inundados en Curim\u00f3n.<\/p>\n"},"caption":{"rendered":"<p>La Municipalidad tambi\u00e9n debi\u00f3 concurrir a resolver problemas de pasajes inundados en Curim\u00f3n.<\/p>\n"},"alt_text":"La Municipalidad tambi\u00e9n debi\u00f3 concurrir a resolver problemas de pasajes inundados en Curim\u00f3n.","media_type":"image","mime_type":"image\/jpeg","media_details":{"width":530,"height":350,"file":"2016\/04\/vecinos-de-Curim\u00f3n-solucionando-junto-a-equipo-municipal-problema-de-inundaci\u00f3n-en-pasajes.jpg","sizes":{"thumbnail":{"file":"vecinos-de-Curim\u00f3n-solucionando-junto-a-equipo-municipal-problema-de-inundaci\u00f3n-en-pasajes-200x132.jpg","width":200,"height":132,"mime_type":"image\/jpeg","source_url":"https:\/\/i0.wp.com\/eltrabajo.cl\/portal\/wp-content\/uploads\/2016\/04\/vecinos-de-Curim%C3%B3n-solucionando-junto-a-equipo-municipal-problema-de-inundaci%C3%B3n-en-pasajes.jpg?fit=200%2C132&ssl=1"},"medium":{"file":"vecinos-de-Curim\u00f3n-solucionando-junto-a-equipo-municipal-problema-de-inundaci\u00f3n-en-pasajes-300x198.jpg","width":300,"height":198,"mime_type":"image\/jpeg","source_url":"https:\/\/i0.wp.com\/eltrabajo.cl\/portal\/wp-content\/uploads\/2016\/04\/vecinos-de-Curim%C3%B3n-solucionando-junto-a-equipo-municipal-problema-de-inundaci%C3%B3n-en-pasajes.jpg?fit=300%2C198&ssl=1"},"post-thumbnail":{"file":"vecinos-de-Curim\u00f3n-solucionando-junto-a-equipo-municipal-problema-de-inundaci\u00f3n-en-pasajes-227x150.jpg","width":227,"height":150,"mime_type":"image\/jpeg","source_url":"https:\/\/i0.wp.com\/eltrabajo.cl\/portal\/wp-content\/uploads\/2016\/04\/vecinos-de-Curim%C3%B3n-solucionando-junto-a-equipo-municipal-problema-de-inundaci%C3%B3n-en-pasajes.jpg?fit=227%2C150&ssl=1"},"single-post-thumbnail":{"file":"vecinos-de-Curim\u00f3n-solucionando-junto-a-equipo-municipal-problema-de-inundaci\u00f3n-en-pasajes-400x264.jpg","width":400,"height":264,"mime_type":"image\/jpeg","source_url":"https:\/\/eltrabajo.cl\/portal\/wp-content\/uploads\/2016\/04\/vecinos-de-Curim\u00f3n-solucionando-junto-a-equipo-municipal-problema-de-inundaci\u00f3n-en-pasajes-400x264.jpg"},"wptouch-new-thumbnail":{"file":"vecinos-de-Curim\u00f3n-solucionando-junto-a-equipo-municipal-problema-de-inundaci\u00f3n-en-pasajes-144x144.jpg","width":144,"height":144,"mime_type":"image\/jpeg","source_url":"https:\/\/eltrabajo.cl\/portal\/wp-content\/uploads\/2016\/04\/vecinos-de-Curim\u00f3n-solucionando-junto-a-equipo-municipal-problema-de-inundaci\u00f3n-en-pasajes-144x144.jpg"},"full":{"file":"vecinos-de-Curim%C3%B3n-solucionando-junto-a-equipo-municipal-problema-de-inundaci%C3%B3n-en-pasajes.jpg?fit=530%2C350&ssl=1","width":530,"height":350,"mime_type":"image\/jpeg","source_url":"https:\/\/i0.wp.com\/eltrabajo.cl\/portal\/wp-content\/uploads\/2016\/04\/vecinos-de-Curim%C3%B3n-solucionando-junto-a-equipo-municipal-problema-de-inundaci%C3%B3n-en-pasajes.jpg?fit=530%2C350&ssl=1"}},"image_meta":{"aperture":"0","credit":"","camera":"","caption":"","created_timestamp":"0","copyright":"","focal_length":"0","iso":"0","shutter_speed":"0","title":"","orientation":"0","keywords":[]}},"post":68838,"source_url":"https:\/\/eltrabajo.cl\/portal\/wp-content\/uploads\/2016\/04\/vecinos-de-Curim\u00f3n-solucionando-junto-a-equipo-municipal-problema-de-inundaci\u00f3n-en-pasajes.jpg","_links":{"self":[{"href":"https:\/\/eltrabajo.cl\/portal\/wp-json\/wp\/v2\/media\/68846","targetHints":{"allow":["GET"]}}],"collection":[{"href":"https:\/\/eltrabajo.cl\/portal\/wp-json\/wp\/v2\/media"}],"about":[{"href":"https:\/\/eltrabajo.cl\/portal\/wp-json\/wp\/v2\/types\/attachment"}],"author":[{"embeddable":true,"href":"https:\/\/eltrabajo.cl\/portal\/wp-json\/wp\/v2\/users\/1"}],"replies":[{"embeddable":true,"href":"https:\/\/eltrabajo.cl\/portal\/wp-json\/wp\/v2\/comments?post=68846"}],"wp:attached-to":[{"embeddable":true,"post_type":"post","id":68838,"href":"https:\/\/eltrabajo.cl\/portal\/wp-json\/wp\/v2\/posts\/68838"}],"curies":[{"name":"wp","href":"https:\/\/api.w.org\/{rel}","templated":true}]}}

http://www.eltrabajo.cl/portal/wp-content/uploads/2016/04/vecinos-de-Curimón-solucionando-junto-a-equipo-municipal-problema-de-inundación-en-pasajes.jpg

La Municipalidad también debió concurrir a resolver problemas de pasajes inundados en Curimón.

<p class="attachment"><a href="https://i0.wp.com/eltrabajo.cl/portal/wp-content/uploads/2016/04/vecinos-de-Curim%C3%B3n-solucionando-junto-a-equipo-municipal-problema-de-inundaci%C3%B3n-en-pasajes.jpg?ssl=1"><img loading="lazy" decoding="async" width="300" height="198" src="https://i0.wp.com/eltrabajo.cl/portal/wp-content/uploads/2016/04/vecinos-de-Curim%C3%B3n-solucionando-junto-a-equipo-municipal-problema-de-inundaci%C3%B3n-en-pasajes.jpg?fit=300%2C198&amp;ssl=1" class="attachment-medium size-medium" alt="La Municipalidad también debió concurrir a resolver problemas de pasajes inundados en Curimón." /></a></p>
<p>La Municipalidad también debió concurrir a resolver problemas de pasajes inundados en Curimón.</p>

<p>La Municipalidad también debió concurrir a resolver problemas de pasajes inundados en Curimón.</p>

2016/04/vecinos-de-Curimón-solucionando-junto-a-equipo-municipal-problema-de-inundación-en-pasajes.jpg

vecinos-de-Curimón-solucionando-junto-a-equipo-municipal-problema-de-inundación-en-pasajes-200x132.jpg

vecinos-de-Curimón-solucionando-junto-a-equipo-municipal-problema-de-inundación-en-pasajes-300x198.jpg

vecinos-de-Curimón-solucionando-junto-a-equipo-municipal-problema-de-inundación-en-pasajes-227x150.jpg

vecinos-de-Curimón-solucionando-junto-a-equipo-municipal-problema-de-inundación-en-pasajes-400x264.jpg

https://eltrabajo.cl/portal/wp-content/uploads/2016/04/vecinos-de-Curimón-solucionando-junto-a-equipo-municipal-problema-de-inundación-en-pasajes-400x264.jpg

vecinos-de-Curimón-solucionando-junto-a-equipo-municipal-problema-de-inundación-en-pasajes-144x144.jpg

https://eltrabajo.cl/portal/wp-content/uploads/2016/04/vecinos-de-Curimón-solucionando-junto-a-equipo-municipal-problema-de-inundación-en-pasajes-144x144.jpg

https://eltrabajo.cl/portal/wp-content/uploads/2016/04/vecinos-de-Curimón-solucionando-junto-a-equipo-municipal-problema-de-inundación-en-pasajes.jpg
