{"id":68854,"date":"2016-04-18T09:17:28","date_gmt":"2016-04-18T12:17:28","guid":{"rendered":"http:\/\/www.eltrabajo.cl\/portal\/wp-content\/uploads\/2016\/04\/SRDV-29-anos-SALIDA-IMPUTADOS.jpg"},"modified":"2016-04-18T09:17:36","modified_gmt":"2016-04-18T12:17:36","slug":"srdv-29-anos-salida-imputados","status":"inherit","type":"attachment","link":"https:\/\/eltrabajo.cl\/portal\/problema-entre-vecinos-termino-con-joven-padre-muerto-de-un-escopetazo\/srdv-29-anos-salida-imputados\/","title":{"rendered":"El imputado Christopher D\u00edaz Villagra, de 29 a\u00f1os de edad, fue individualizado como presunto autor del disparo en contra del joven padre que falleci\u00f3 en una violenta ri\u00f1a en la villa Santa Teresita de San Felipe."},"author":1,"featured_media":0,"comment_status":"open","ping_status":"closed","template":"","meta":{"advanced_seo_description":"","jetpack_seo_html_title":"","jetpack_seo_noindex":false},"class_list":["post-68854","attachment","type-attachment","status-inherit","hentry"],"jetpack_sharing_enabled":true,"jetpack_likes_enabled":true,"description":{"rendered":"<p class=\"attachment\"><a href=\"https:\/\/i0.wp.com\/eltrabajo.cl\/portal\/wp-content\/uploads\/2016\/04\/SRDV-29-anos-SALIDA-IMPUTADOS.jpg?ssl=1\"><img loading=\"lazy\" decoding=\"async\" width=\"300\" height=\"198\" src=\"https:\/\/i0.wp.com\/eltrabajo.cl\/portal\/wp-content\/uploads\/2016\/04\/SRDV-29-anos-SALIDA-IMPUTADOS.jpg?fit=300%2C198&amp;ssl=1\" class=\"attachment-medium size-medium\" alt=\"El imputado Christopher D\u00edaz Villagra, de 29 a\u00f1os de edad, fue individualizado como presunto autor del disparo en contra del joven padre que falleci\u00f3 en una violenta ri\u00f1a en la villa Santa Teresita de San Felipe.\" srcset=\"https:\/\/i0.wp.com\/eltrabajo.cl\/portal\/wp-content\/uploads\/2016\/04\/SRDV-29-anos-SALIDA-IMPUTADOS.jpg?w=530&amp;ssl=1 530w, https:\/\/i0.wp.com\/eltrabajo.cl\/portal\/wp-content\/uploads\/2016\/04\/SRDV-29-anos-SALIDA-IMPUTADOS.jpg?resize=200%2C132&amp;ssl=1 200w, https:\/\/i0.wp.com\/eltrabajo.cl\/portal\/wp-content\/uploads\/2016\/04\/SRDV-29-anos-SALIDA-IMPUTADOS.jpg?resize=300%2C198&amp;ssl=1 300w, https:\/\/i0.wp.com\/eltrabajo.cl\/portal\/wp-content\/uploads\/2016\/04\/SRDV-29-anos-SALIDA-IMPUTADOS.jpg?resize=228%2C150&amp;ssl=1 228w, https:\/\/i0.wp.com\/eltrabajo.cl\/portal\/wp-content\/uploads\/2016\/04\/SRDV-29-anos-SALIDA-IMPUTADOS.jpg?resize=400%2C263&amp;ssl=1 400w\" sizes=\"auto, (max-width: 300px) 100vw, 300px\" \/><\/a><\/p>\n<p>El imputado Christopher D\u00edaz Villagra, de 29 a\u00f1os de edad, fue individualizado como presunto autor del disparo en contra del joven padre que falleci\u00f3 en una violenta ri\u00f1a en la villa Santa Teresita de San Felipe.<\/p>\n"},"caption":{"rendered":"<p>El imputado Christopher D\u00edaz Villagra, de 29 a\u00f1os de edad, fue individualizado como presunto autor del disparo en contra del joven padre que falleci\u00f3 en una violenta ri\u00f1a en la villa Santa Teresita de San Felipe.<\/p>\n"},"alt_text":"El imputado Christopher D\u00edaz Villagra, de 29 a\u00f1os de edad, fue individualizado como presunto autor del disparo en contra del joven padre que falleci\u00f3 en una violenta ri\u00f1a en la villa Santa Teresita de San Felipe.","media_type":"image","mime_type":"image\/jpeg","media_details":{"width":530,"height":349,"file":"2016\/04\/SRDV-29-anos-SALIDA-IMPUTADOS.jpg","sizes":{"thumbnail":{"file":"SRDV-29-anos-SALIDA-IMPUTADOS-200x132.jpg","width":200,"height":132,"mime_type":"image\/jpeg","source_url":"https:\/\/i0.wp.com\/eltrabajo.cl\/portal\/wp-content\/uploads\/2016\/04\/SRDV-29-anos-SALIDA-IMPUTADOS.jpg?fit=200%2C132&ssl=1"},"medium":{"file":"SRDV-29-anos-SALIDA-IMPUTADOS-300x198.jpg","width":300,"height":198,"mime_type":"image\/jpeg","source_url":"https:\/\/i0.wp.com\/eltrabajo.cl\/portal\/wp-content\/uploads\/2016\/04\/SRDV-29-anos-SALIDA-IMPUTADOS.jpg?fit=300%2C198&ssl=1"},"post-thumbnail":{"file":"SRDV-29-anos-SALIDA-IMPUTADOS-228x150.jpg","width":228,"height":150,"mime_type":"image\/jpeg","source_url":"https:\/\/i0.wp.com\/eltrabajo.cl\/portal\/wp-content\/uploads\/2016\/04\/SRDV-29-anos-SALIDA-IMPUTADOS.jpg?fit=228%2C150&ssl=1"},"single-post-thumbnail":{"file":"SRDV-29-anos-SALIDA-IMPUTADOS-400x263.jpg","width":400,"height":263,"mime_type":"image\/jpeg","source_url":"https:\/\/eltrabajo.cl\/portal\/wp-content\/uploads\/2016\/04\/SRDV-29-anos-SALIDA-IMPUTADOS-400x263.jpg"},"wptouch-new-thumbnail":{"file":"SRDV-29-anos-SALIDA-IMPUTADOS-144x144.jpg","width":144,"height":144,"mime_type":"image\/jpeg","source_url":"https:\/\/eltrabajo.cl\/portal\/wp-content\/uploads\/2016\/04\/SRDV-29-anos-SALIDA-IMPUTADOS-144x144.jpg"},"full":{"file":"SRDV-29-anos-SALIDA-IMPUTADOS.jpg?fit=530%2C349&ssl=1","width":530,"height":349,"mime_type":"image\/jpeg","source_url":"https:\/\/i0.wp.com\/eltrabajo.cl\/portal\/wp-content\/uploads\/2016\/04\/SRDV-29-anos-SALIDA-IMPUTADOS.jpg?fit=530%2C349&ssl=1"}},"image_meta":{"aperture":"0","credit":"","camera":"","caption":"","created_timestamp":"0","copyright":"","focal_length":"0","iso":"0","shutter_speed":"0","title":"","orientation":"0","keywords":[]}},"post":68853,"source_url":"https:\/\/eltrabajo.cl\/portal\/wp-content\/uploads\/2016\/04\/SRDV-29-anos-SALIDA-IMPUTADOS.jpg","_links":{"self":[{"href":"https:\/\/eltrabajo.cl\/portal\/wp-json\/wp\/v2\/media\/68854","targetHints":{"allow":["GET"]}}],"collection":[{"href":"https:\/\/eltrabajo.cl\/portal\/wp-json\/wp\/v2\/media"}],"about":[{"href":"https:\/\/eltrabajo.cl\/portal\/wp-json\/wp\/v2\/types\/attachment"}],"author":[{"embeddable":true,"href":"https:\/\/eltrabajo.cl\/portal\/wp-json\/wp\/v2\/users\/1"}],"replies":[{"embeddable":true,"href":"https:\/\/eltrabajo.cl\/portal\/wp-json\/wp\/v2\/comments?post=68854"}],"wp:attached-to":[{"embeddable":true,"post_type":"post","id":68853,"href":"https:\/\/eltrabajo.cl\/portal\/wp-json\/wp\/v2\/posts\/68853"}],"curies":[{"name":"wp","href":"https:\/\/api.w.org\/{rel}","templated":true}]}}

El imputado Christopher Díaz Villagra, de 29 años de edad, fue individualizado como presunto autor del disparo en contra del joven padre que falleció en una violenta riña en la villa Santa Teresita de San Felipe.

<p class="attachment"><a href="https://i0.wp.com/eltrabajo.cl/portal/wp-content/uploads/2016/04/SRDV-29-anos-SALIDA-IMPUTADOS.jpg?ssl=1"><img loading="lazy" decoding="async" width="300" height="198" src="https://i0.wp.com/eltrabajo.cl/portal/wp-content/uploads/2016/04/SRDV-29-anos-SALIDA-IMPUTADOS.jpg?fit=300%2C198&amp;ssl=1" class="attachment-medium size-medium" alt="El imputado Christopher Díaz Villagra, de 29 años de edad, fue individualizado como presunto autor del disparo en contra del joven padre que falleció en una violenta riña en la villa Santa Teresita de San Felipe." srcset="https://i0.wp.com/eltrabajo.cl/portal/wp-content/uploads/2016/04/SRDV-29-anos-SALIDA-IMPUTADOS.jpg?w=530&amp;ssl=1 530w, https://i0.wp.com/eltrabajo.cl/portal/wp-content/uploads/2016/04/SRDV-29-anos-SALIDA-IMPUTADOS.jpg?resize=200%2C132&amp;ssl=1 200w, https://i0.wp.com/eltrabajo.cl/portal/wp-content/uploads/2016/04/SRDV-29-anos-SALIDA-IMPUTADOS.jpg?resize=300%2C198&amp;ssl=1 300w, https://i0.wp.com/eltrabajo.cl/portal/wp-content/uploads/2016/04/SRDV-29-anos-SALIDA-IMPUTADOS.jpg?resize=228%2C150&amp;ssl=1 228w, https://i0.wp.com/eltrabajo.cl/portal/wp-content/uploads/2016/04/SRDV-29-anos-SALIDA-IMPUTADOS.jpg?resize=400%2C263&amp;ssl=1 400w" sizes="auto, (max-width: 300px) 100vw, 300px" /></a></p>
<p>El imputado Christopher Díaz Villagra, de 29 años de edad, fue individualizado como presunto autor del disparo en contra del joven padre que falleció en una violenta riña en la villa Santa Teresita de San Felipe.</p>

<p>El imputado Christopher Díaz Villagra, de 29 años de edad, fue individualizado como presunto autor del disparo en contra del joven padre que falleció en una violenta riña en la villa Santa Teresita de San Felipe.</p>
