{"id":68892,"date":"2016-04-19T08:57:21","date_gmt":"2016-04-19T11:57:21","guid":{"rendered":"http:\/\/www.eltrabajo.cl\/portal\/wp-content\/uploads\/2016\/04\/CHRISTOPHER-DIAZ-VILLAGRA.jpg"},"modified":"2016-04-19T08:57:31","modified_gmt":"2016-04-19T11:57:31","slug":"christopher-diaz-villagra","status":"inherit","type":"attachment","link":"https:\/\/eltrabajo.cl\/portal\/en-prision-preventiva-sujeto-que-habria-dado-muerte-a-joven-de-un-escopetazo\/christopher-diaz-villagra\/","title":{"rendered":"El estudiante de Ingenier\u00eda en Prevenci\u00f3n de Riesgos, Christopher D\u00edaz Villagra es sindicado como presunto autor del disparo que acab\u00f3 con la vida de un joven padre de 24 a\u00f1os en la villa Santa Teresita de San Felipe."},"author":1,"featured_media":0,"comment_status":"open","ping_status":"closed","template":"","meta":{"advanced_seo_description":"","jetpack_seo_html_title":"","jetpack_seo_noindex":false},"class_list":["post-68892","attachment","type-attachment","status-inherit","hentry"],"jetpack_sharing_enabled":true,"jetpack_likes_enabled":true,"description":{"rendered":"<p class=\"attachment\"><a href=\"https:\/\/i0.wp.com\/eltrabajo.cl\/portal\/wp-content\/uploads\/2016\/04\/CHRISTOPHER-DIAZ-VILLAGRA.jpg?ssl=1\"><img loading=\"lazy\" decoding=\"async\" width=\"300\" height=\"198\" src=\"https:\/\/i0.wp.com\/eltrabajo.cl\/portal\/wp-content\/uploads\/2016\/04\/CHRISTOPHER-DIAZ-VILLAGRA.jpg?fit=300%2C198&amp;ssl=1\" class=\"attachment-medium size-medium\" alt=\"El estudiante de Ingenier\u00eda en Prevenci\u00f3n de Riesgos, Christopher D\u00edaz Villagra es sindicado como presunto autor del disparo que acab\u00f3 con la vida de un joven padre de 24 a\u00f1os en la villa Santa Teresita de San Felipe.\" srcset=\"https:\/\/i0.wp.com\/eltrabajo.cl\/portal\/wp-content\/uploads\/2016\/04\/CHRISTOPHER-DIAZ-VILLAGRA.jpg?w=530&amp;ssl=1 530w, https:\/\/i0.wp.com\/eltrabajo.cl\/portal\/wp-content\/uploads\/2016\/04\/CHRISTOPHER-DIAZ-VILLAGRA.jpg?resize=200%2C132&amp;ssl=1 200w, https:\/\/i0.wp.com\/eltrabajo.cl\/portal\/wp-content\/uploads\/2016\/04\/CHRISTOPHER-DIAZ-VILLAGRA.jpg?resize=300%2C198&amp;ssl=1 300w, https:\/\/i0.wp.com\/eltrabajo.cl\/portal\/wp-content\/uploads\/2016\/04\/CHRISTOPHER-DIAZ-VILLAGRA.jpg?resize=228%2C150&amp;ssl=1 228w, https:\/\/i0.wp.com\/eltrabajo.cl\/portal\/wp-content\/uploads\/2016\/04\/CHRISTOPHER-DIAZ-VILLAGRA.jpg?resize=400%2C263&amp;ssl=1 400w\" sizes=\"auto, (max-width: 300px) 100vw, 300px\" \/><\/a><\/p>\n<p>El estudiante de Ingenier\u00eda en Prevenci\u00f3n de Riesgos, Christopher D\u00edaz Villagra es sindicado como presunto autor del disparo que acab\u00f3 con la vida de un joven padre de 24 a\u00f1os en la villa Santa Teresita de San Felipe.<\/p>\n"},"caption":{"rendered":"<p>El estudiante de Ingenier\u00eda en Prevenci\u00f3n de Riesgos, Christopher D\u00edaz Villagra es sindicado como presunto autor del disparo que acab\u00f3 con la vida de un joven padre de 24 a\u00f1os en la villa Santa Teresita de San Felipe.<\/p>\n"},"alt_text":"El estudiante de Ingenier\u00eda en Prevenci\u00f3n de Riesgos, Christopher D\u00edaz Villagra es sindicado como presunto autor del disparo que acab\u00f3 con la vida de un joven padre de 24 a\u00f1os en la villa Santa Teresita de San Felipe.","media_type":"image","mime_type":"image\/jpeg","media_details":{"width":530,"height":349,"file":"2016\/04\/CHRISTOPHER-DIAZ-VILLAGRA.jpg","sizes":{"thumbnail":{"file":"CHRISTOPHER-DIAZ-VILLAGRA-200x132.jpg","width":200,"height":132,"mime_type":"image\/jpeg","source_url":"https:\/\/i0.wp.com\/eltrabajo.cl\/portal\/wp-content\/uploads\/2016\/04\/CHRISTOPHER-DIAZ-VILLAGRA.jpg?fit=200%2C132&ssl=1"},"medium":{"file":"CHRISTOPHER-DIAZ-VILLAGRA-300x198.jpg","width":300,"height":198,"mime_type":"image\/jpeg","source_url":"https:\/\/i0.wp.com\/eltrabajo.cl\/portal\/wp-content\/uploads\/2016\/04\/CHRISTOPHER-DIAZ-VILLAGRA.jpg?fit=300%2C198&ssl=1"},"post-thumbnail":{"file":"CHRISTOPHER-DIAZ-VILLAGRA-228x150.jpg","width":228,"height":150,"mime_type":"image\/jpeg","source_url":"https:\/\/i0.wp.com\/eltrabajo.cl\/portal\/wp-content\/uploads\/2016\/04\/CHRISTOPHER-DIAZ-VILLAGRA.jpg?fit=228%2C150&ssl=1"},"single-post-thumbnail":{"file":"CHRISTOPHER-DIAZ-VILLAGRA-400x263.jpg","width":400,"height":263,"mime_type":"image\/jpeg","source_url":"https:\/\/eltrabajo.cl\/portal\/wp-content\/uploads\/2016\/04\/CHRISTOPHER-DIAZ-VILLAGRA-400x263.jpg"},"wptouch-new-thumbnail":{"file":"CHRISTOPHER-DIAZ-VILLAGRA-144x144.jpg","width":144,"height":144,"mime_type":"image\/jpeg","source_url":"https:\/\/eltrabajo.cl\/portal\/wp-content\/uploads\/2016\/04\/CHRISTOPHER-DIAZ-VILLAGRA-144x144.jpg"},"full":{"file":"CHRISTOPHER-DIAZ-VILLAGRA.jpg?fit=530%2C349&ssl=1","width":530,"height":349,"mime_type":"image\/jpeg","source_url":"https:\/\/i0.wp.com\/eltrabajo.cl\/portal\/wp-content\/uploads\/2016\/04\/CHRISTOPHER-DIAZ-VILLAGRA.jpg?fit=530%2C349&ssl=1"}},"image_meta":{"aperture":"0","credit":"","camera":"","caption":"","created_timestamp":"0","copyright":"","focal_length":"0","iso":"0","shutter_speed":"0","title":"","orientation":"0","keywords":[]}},"post":68891,"source_url":"https:\/\/eltrabajo.cl\/portal\/wp-content\/uploads\/2016\/04\/CHRISTOPHER-DIAZ-VILLAGRA.jpg","_links":{"self":[{"href":"https:\/\/eltrabajo.cl\/portal\/wp-json\/wp\/v2\/media\/68892","targetHints":{"allow":["GET"]}}],"collection":[{"href":"https:\/\/eltrabajo.cl\/portal\/wp-json\/wp\/v2\/media"}],"about":[{"href":"https:\/\/eltrabajo.cl\/portal\/wp-json\/wp\/v2\/types\/attachment"}],"author":[{"embeddable":true,"href":"https:\/\/eltrabajo.cl\/portal\/wp-json\/wp\/v2\/users\/1"}],"replies":[{"embeddable":true,"href":"https:\/\/eltrabajo.cl\/portal\/wp-json\/wp\/v2\/comments?post=68892"}],"wp:attached-to":[{"embeddable":true,"post_type":"post","id":68891,"href":"https:\/\/eltrabajo.cl\/portal\/wp-json\/wp\/v2\/posts\/68891"}],"curies":[{"name":"wp","href":"https:\/\/api.w.org\/{rel}","templated":true}]}}

El estudiante de Ingeniería en Prevención de Riesgos, Christopher Díaz Villagra es sindicado como presunto autor del disparo que acabó con la vida de un joven padre de 24 años en la villa Santa Teresita de San Felipe.

<p class="attachment"><a href="https://i0.wp.com/eltrabajo.cl/portal/wp-content/uploads/2016/04/CHRISTOPHER-DIAZ-VILLAGRA.jpg?ssl=1"><img loading="lazy" decoding="async" width="300" height="198" src="https://i0.wp.com/eltrabajo.cl/portal/wp-content/uploads/2016/04/CHRISTOPHER-DIAZ-VILLAGRA.jpg?fit=300%2C198&amp;ssl=1" class="attachment-medium size-medium" alt="El estudiante de Ingeniería en Prevención de Riesgos, Christopher Díaz Villagra es sindicado como presunto autor del disparo que acabó con la vida de un joven padre de 24 años en la villa Santa Teresita de San Felipe." srcset="https://i0.wp.com/eltrabajo.cl/portal/wp-content/uploads/2016/04/CHRISTOPHER-DIAZ-VILLAGRA.jpg?w=530&amp;ssl=1 530w, https://i0.wp.com/eltrabajo.cl/portal/wp-content/uploads/2016/04/CHRISTOPHER-DIAZ-VILLAGRA.jpg?resize=200%2C132&amp;ssl=1 200w, https://i0.wp.com/eltrabajo.cl/portal/wp-content/uploads/2016/04/CHRISTOPHER-DIAZ-VILLAGRA.jpg?resize=300%2C198&amp;ssl=1 300w, https://i0.wp.com/eltrabajo.cl/portal/wp-content/uploads/2016/04/CHRISTOPHER-DIAZ-VILLAGRA.jpg?resize=228%2C150&amp;ssl=1 228w, https://i0.wp.com/eltrabajo.cl/portal/wp-content/uploads/2016/04/CHRISTOPHER-DIAZ-VILLAGRA.jpg?resize=400%2C263&amp;ssl=1 400w" sizes="auto, (max-width: 300px) 100vw, 300px" /></a></p>
<p>El estudiante de Ingeniería en Prevención de Riesgos, Christopher Díaz Villagra es sindicado como presunto autor del disparo que acabó con la vida de un joven padre de 24 años en la villa Santa Teresita de San Felipe.</p>

<p>El estudiante de Ingeniería en Prevención de Riesgos, Christopher Díaz Villagra es sindicado como presunto autor del disparo que acabó con la vida de un joven padre de 24 años en la villa Santa Teresita de San Felipe.</p>
