{"id":68915,"date":"2016-04-20T09:01:25","date_gmt":"2016-04-20T12:01:25","guid":{"rendered":"http:\/\/www.eltrabajo.cl\/portal\/wp-content\/uploads\/2016\/04\/COLISION-2.jpg"},"modified":"2016-04-20T09:01:54","modified_gmt":"2016-04-20T12:01:54","slug":"colision-2","status":"inherit","type":"attachment","link":"https:\/\/eltrabajo.cl\/portal\/dos-accidentes-vehiculares-se-produjeron-ayer-en-el-centro-de-san-felipe\/colision-2\/","title":{"rendered":"Una colisi\u00f3n entre un veh\u00edculo particular y un colectivo se produjo en la esquina de calles Traslavi\u00f1a con Merced de San Felipe."},"author":1,"featured_media":0,"comment_status":"open","ping_status":"closed","template":"","meta":{"advanced_seo_description":"","jetpack_seo_html_title":"","jetpack_seo_noindex":false},"class_list":["post-68915","attachment","type-attachment","status-inherit","hentry"],"jetpack_sharing_enabled":true,"jetpack_likes_enabled":true,"description":{"rendered":"<p class=\"attachment\"><a href=\"https:\/\/i0.wp.com\/eltrabajo.cl\/portal\/wp-content\/uploads\/2016\/04\/COLISION-2.jpg?ssl=1\"><img loading=\"lazy\" decoding=\"async\" width=\"300\" height=\"197\" src=\"https:\/\/i0.wp.com\/eltrabajo.cl\/portal\/wp-content\/uploads\/2016\/04\/COLISION-2.jpg?fit=300%2C197&amp;ssl=1\" class=\"attachment-medium size-medium\" alt=\"Una colisi\u00f3n entre un veh\u00edculo particular y un colectivo se produjo en la esquina de calles Traslavi\u00f1a con Merced de San Felipe.\" srcset=\"https:\/\/i0.wp.com\/eltrabajo.cl\/portal\/wp-content\/uploads\/2016\/04\/COLISION-2.jpg?w=530&amp;ssl=1 530w, https:\/\/i0.wp.com\/eltrabajo.cl\/portal\/wp-content\/uploads\/2016\/04\/COLISION-2.jpg?resize=200%2C131&amp;ssl=1 200w, https:\/\/i0.wp.com\/eltrabajo.cl\/portal\/wp-content\/uploads\/2016\/04\/COLISION-2.jpg?resize=300%2C197&amp;ssl=1 300w, https:\/\/i0.wp.com\/eltrabajo.cl\/portal\/wp-content\/uploads\/2016\/04\/COLISION-2.jpg?resize=228%2C150&amp;ssl=1 228w, https:\/\/i0.wp.com\/eltrabajo.cl\/portal\/wp-content\/uploads\/2016\/04\/COLISION-2.jpg?resize=400%2C263&amp;ssl=1 400w\" sizes=\"auto, (max-width: 300px) 100vw, 300px\" \/><\/a><\/p>\n<p>Una colisi\u00f3n entre un veh\u00edculo particular y un colectivo se produjo en la esquina de calles Traslavi\u00f1a con Merced de San Felipe.<\/p>\n"},"caption":{"rendered":"<p>Una colisi\u00f3n entre un veh\u00edculo particular y un colectivo se produjo en la esquina de calles Traslavi\u00f1a con Merced de San Felipe.<\/p>\n"},"alt_text":"Una colisi\u00f3n entre un veh\u00edculo particular y un colectivo se produjo en la esquina de calles Traslavi\u00f1a con Merced de San Felipe.","media_type":"image","mime_type":"image\/jpeg","media_details":{"width":530,"height":348,"file":"2016\/04\/COLISION-2.jpg","sizes":{"thumbnail":{"file":"COLISION-2-200x131.jpg","width":200,"height":131,"mime_type":"image\/jpeg","source_url":"https:\/\/i0.wp.com\/eltrabajo.cl\/portal\/wp-content\/uploads\/2016\/04\/COLISION-2.jpg?fit=200%2C131&ssl=1"},"medium":{"file":"COLISION-2-300x197.jpg","width":300,"height":197,"mime_type":"image\/jpeg","source_url":"https:\/\/i0.wp.com\/eltrabajo.cl\/portal\/wp-content\/uploads\/2016\/04\/COLISION-2.jpg?fit=300%2C197&ssl=1"},"post-thumbnail":{"file":"COLISION-2-228x150.jpg","width":228,"height":150,"mime_type":"image\/jpeg","source_url":"https:\/\/i0.wp.com\/eltrabajo.cl\/portal\/wp-content\/uploads\/2016\/04\/COLISION-2.jpg?fit=228%2C150&ssl=1"},"single-post-thumbnail":{"file":"COLISION-2-400x263.jpg","width":400,"height":263,"mime_type":"image\/jpeg","source_url":"https:\/\/eltrabajo.cl\/portal\/wp-content\/uploads\/2016\/04\/COLISION-2-400x263.jpg"},"wptouch-new-thumbnail":{"file":"COLISION-2-144x144.jpg","width":144,"height":144,"mime_type":"image\/jpeg","source_url":"https:\/\/eltrabajo.cl\/portal\/wp-content\/uploads\/2016\/04\/COLISION-2-144x144.jpg"},"full":{"file":"COLISION-2.jpg?fit=530%2C348&ssl=1","width":530,"height":348,"mime_type":"image\/jpeg","source_url":"https:\/\/i0.wp.com\/eltrabajo.cl\/portal\/wp-content\/uploads\/2016\/04\/COLISION-2.jpg?fit=530%2C348&ssl=1"}},"image_meta":{"aperture":"0","credit":"","camera":"","caption":"","created_timestamp":"0","copyright":"","focal_length":"0","iso":"0","shutter_speed":"0","title":"","orientation":"0","keywords":[]}},"post":68913,"source_url":"https:\/\/eltrabajo.cl\/portal\/wp-content\/uploads\/2016\/04\/COLISION-2.jpg","_links":{"self":[{"href":"https:\/\/eltrabajo.cl\/portal\/wp-json\/wp\/v2\/media\/68915","targetHints":{"allow":["GET"]}}],"collection":[{"href":"https:\/\/eltrabajo.cl\/portal\/wp-json\/wp\/v2\/media"}],"about":[{"href":"https:\/\/eltrabajo.cl\/portal\/wp-json\/wp\/v2\/types\/attachment"}],"author":[{"embeddable":true,"href":"https:\/\/eltrabajo.cl\/portal\/wp-json\/wp\/v2\/users\/1"}],"replies":[{"embeddable":true,"href":"https:\/\/eltrabajo.cl\/portal\/wp-json\/wp\/v2\/comments?post=68915"}],"wp:attached-to":[{"embeddable":true,"post_type":"post","id":68913,"href":"https:\/\/eltrabajo.cl\/portal\/wp-json\/wp\/v2\/posts\/68913"}],"curies":[{"name":"wp","href":"https:\/\/api.w.org\/{rel}","templated":true}]}}

Una colisión entre un vehículo particular y un colectivo se produjo en la esquina de calles Traslaviña con Merced de San Felipe.

<p class="attachment"><a href="https://i0.wp.com/eltrabajo.cl/portal/wp-content/uploads/2016/04/COLISION-2.jpg?ssl=1"><img loading="lazy" decoding="async" width="300" height="197" src="https://i0.wp.com/eltrabajo.cl/portal/wp-content/uploads/2016/04/COLISION-2.jpg?fit=300%2C197&amp;ssl=1" class="attachment-medium size-medium" alt="Una colisión entre un vehículo particular y un colectivo se produjo en la esquina de calles Traslaviña con Merced de San Felipe." srcset="https://i0.wp.com/eltrabajo.cl/portal/wp-content/uploads/2016/04/COLISION-2.jpg?w=530&amp;ssl=1 530w, https://i0.wp.com/eltrabajo.cl/portal/wp-content/uploads/2016/04/COLISION-2.jpg?resize=200%2C131&amp;ssl=1 200w, https://i0.wp.com/eltrabajo.cl/portal/wp-content/uploads/2016/04/COLISION-2.jpg?resize=300%2C197&amp;ssl=1 300w, https://i0.wp.com/eltrabajo.cl/portal/wp-content/uploads/2016/04/COLISION-2.jpg?resize=228%2C150&amp;ssl=1 228w, https://i0.wp.com/eltrabajo.cl/portal/wp-content/uploads/2016/04/COLISION-2.jpg?resize=400%2C263&amp;ssl=1 400w" sizes="auto, (max-width: 300px) 100vw, 300px" /></a></p>
<p>Una colisión entre un vehículo particular y un colectivo se produjo en la esquina de calles Traslaviña con Merced de San Felipe.</p>

<p>Una colisión entre un vehículo particular y un colectivo se produjo en la esquina de calles Traslaviña con Merced de San Felipe.</p>
