{"id":68940,"date":"2016-04-20T09:12:18","date_gmt":"2016-04-20T12:12:18","guid":{"rendered":"http:\/\/www.eltrabajo.cl\/portal\/wp-content\/uploads\/2016\/04\/GASTON.jpg"},"modified":"2016-04-20T09:12:25","modified_gmt":"2016-04-20T12:12:25","slug":"gaston","status":"inherit","type":"attachment","link":"https:\/\/eltrabajo.cl\/portal\/tras-las-rejas-queda-peligroso-traficante-de-drogas-y-su-hermana-de-villa-250-anos\/gaston\/","title":{"rendered":"El imputado Gast\u00f3n Castillo Silva lideraba la banda criminal de tr\u00e1fico de drogas desde la villa 250 A\u00f1os, siendo detenido tras los operativos ejecutados por OS7 de Carabineros, quedando tras las rejas junto a su hermana bajo cautelar de prisi\u00f3n preventiva."},"author":1,"featured_media":0,"comment_status":"open","ping_status":"closed","template":"","meta":{"advanced_seo_description":"","jetpack_seo_html_title":"","jetpack_seo_noindex":false},"class_list":["post-68940","attachment","type-attachment","status-inherit","hentry"],"jetpack_sharing_enabled":true,"jetpack_likes_enabled":true,"description":{"rendered":"<p class=\"attachment\"><a href=\"https:\/\/i0.wp.com\/eltrabajo.cl\/portal\/wp-content\/uploads\/2016\/04\/GASTON.jpg?ssl=1\"><img loading=\"lazy\" decoding=\"async\" width=\"300\" height=\"198\" src=\"https:\/\/i0.wp.com\/eltrabajo.cl\/portal\/wp-content\/uploads\/2016\/04\/GASTON.jpg?fit=300%2C198&amp;ssl=1\" class=\"attachment-medium size-medium\" alt=\"El imputado Gast\u00f3n Castillo Silva lideraba la banda criminal de tr\u00e1fico de drogas desde la villa 250 A\u00f1os, siendo detenido tras los operativos ejecutados por OS7 de Carabineros, quedando tras las rejas junto a su hermana bajo cautelar de prisi\u00f3n preventiva.\" srcset=\"https:\/\/i0.wp.com\/eltrabajo.cl\/portal\/wp-content\/uploads\/2016\/04\/GASTON.jpg?w=530&amp;ssl=1 530w, https:\/\/i0.wp.com\/eltrabajo.cl\/portal\/wp-content\/uploads\/2016\/04\/GASTON.jpg?resize=200%2C132&amp;ssl=1 200w, https:\/\/i0.wp.com\/eltrabajo.cl\/portal\/wp-content\/uploads\/2016\/04\/GASTON.jpg?resize=300%2C198&amp;ssl=1 300w, https:\/\/i0.wp.com\/eltrabajo.cl\/portal\/wp-content\/uploads\/2016\/04\/GASTON.jpg?resize=227%2C150&amp;ssl=1 227w, https:\/\/i0.wp.com\/eltrabajo.cl\/portal\/wp-content\/uploads\/2016\/04\/GASTON.jpg?resize=400%2C264&amp;ssl=1 400w\" sizes=\"auto, (max-width: 300px) 100vw, 300px\" \/><\/a><\/p>\n<p>El imputado Gast\u00f3n Castillo Silva lideraba la banda criminal de tr\u00e1fico de drogas desde la villa 250 A\u00f1os, siendo detenido tras los operativos ejecutados por OS7 de Carabineros, quedando tras las rejas junto a su hermana bajo cautelar de prisi\u00f3n preventiva.<\/p>\n"},"caption":{"rendered":"<p>El imputado Gast\u00f3n Castillo Silva lideraba la banda criminal de tr\u00e1fico de drogas desde la villa 250 A\u00f1os, siendo detenido tras los operativos ejecutados por OS7 de Carabineros, quedando tras las rejas junto a su hermana bajo cautelar de prisi\u00f3n preventiva.<\/p>\n"},"alt_text":"El imputado Gast\u00f3n Castillo Silva lideraba la banda criminal de tr\u00e1fico de drogas desde la villa 250 A\u00f1os, siendo detenido tras los operativos ejecutados por OS7 de Carabineros, quedando tras las rejas junto a su hermana bajo cautelar de prisi\u00f3n preventiva.","media_type":"image","mime_type":"image\/jpeg","media_details":{"width":530,"height":350,"file":"2016\/04\/GASTON.jpg","sizes":{"thumbnail":{"file":"GASTON-200x132.jpg","width":200,"height":132,"mime_type":"image\/jpeg","source_url":"https:\/\/i0.wp.com\/eltrabajo.cl\/portal\/wp-content\/uploads\/2016\/04\/GASTON.jpg?fit=200%2C132&ssl=1"},"medium":{"file":"GASTON-300x198.jpg","width":300,"height":198,"mime_type":"image\/jpeg","source_url":"https:\/\/i0.wp.com\/eltrabajo.cl\/portal\/wp-content\/uploads\/2016\/04\/GASTON.jpg?fit=300%2C198&ssl=1"},"post-thumbnail":{"file":"GASTON-227x150.jpg","width":227,"height":150,"mime_type":"image\/jpeg","source_url":"https:\/\/i0.wp.com\/eltrabajo.cl\/portal\/wp-content\/uploads\/2016\/04\/GASTON.jpg?fit=227%2C150&ssl=1"},"single-post-thumbnail":{"file":"GASTON-400x264.jpg","width":400,"height":264,"mime_type":"image\/jpeg","source_url":"https:\/\/eltrabajo.cl\/portal\/wp-content\/uploads\/2016\/04\/GASTON-400x264.jpg"},"wptouch-new-thumbnail":{"file":"GASTON-144x144.jpg","width":144,"height":144,"mime_type":"image\/jpeg","source_url":"https:\/\/eltrabajo.cl\/portal\/wp-content\/uploads\/2016\/04\/GASTON-144x144.jpg"},"full":{"file":"GASTON.jpg?fit=530%2C350&ssl=1","width":530,"height":350,"mime_type":"image\/jpeg","source_url":"https:\/\/i0.wp.com\/eltrabajo.cl\/portal\/wp-content\/uploads\/2016\/04\/GASTON.jpg?fit=530%2C350&ssl=1"}},"image_meta":{"aperture":"0","credit":"","camera":"","caption":"","created_timestamp":"0","copyright":"","focal_length":"0","iso":"0","shutter_speed":"0","title":"","orientation":"0","keywords":[]}},"post":68939,"source_url":"https:\/\/eltrabajo.cl\/portal\/wp-content\/uploads\/2016\/04\/GASTON.jpg","_links":{"self":[{"href":"https:\/\/eltrabajo.cl\/portal\/wp-json\/wp\/v2\/media\/68940","targetHints":{"allow":["GET"]}}],"collection":[{"href":"https:\/\/eltrabajo.cl\/portal\/wp-json\/wp\/v2\/media"}],"about":[{"href":"https:\/\/eltrabajo.cl\/portal\/wp-json\/wp\/v2\/types\/attachment"}],"author":[{"embeddable":true,"href":"https:\/\/eltrabajo.cl\/portal\/wp-json\/wp\/v2\/users\/1"}],"replies":[{"embeddable":true,"href":"https:\/\/eltrabajo.cl\/portal\/wp-json\/wp\/v2\/comments?post=68940"}],"wp:attached-to":[{"embeddable":true,"post_type":"post","id":68939,"href":"https:\/\/eltrabajo.cl\/portal\/wp-json\/wp\/v2\/posts\/68939"}],"curies":[{"name":"wp","href":"https:\/\/api.w.org\/{rel}","templated":true}]}}

El imputado Gastón Castillo Silva lideraba la banda criminal de tráfico de drogas desde la villa 250 Años, siendo detenido tras los operativos ejecutados por OS7 de Carabineros, quedando tras las rejas junto a su hermana bajo cautelar de prisión preventiva.

<p class="attachment"><a href="https://i0.wp.com/eltrabajo.cl/portal/wp-content/uploads/2016/04/GASTON.jpg?ssl=1"><img loading="lazy" decoding="async" width="300" height="198" src="https://i0.wp.com/eltrabajo.cl/portal/wp-content/uploads/2016/04/GASTON.jpg?fit=300%2C198&amp;ssl=1" class="attachment-medium size-medium" alt="El imputado Gastón Castillo Silva lideraba la banda criminal de tráfico de drogas desde la villa 250 Años, siendo detenido tras los operativos ejecutados por OS7 de Carabineros, quedando tras las rejas junto a su hermana bajo cautelar de prisión preventiva." srcset="https://i0.wp.com/eltrabajo.cl/portal/wp-content/uploads/2016/04/GASTON.jpg?w=530&amp;ssl=1 530w, https://i0.wp.com/eltrabajo.cl/portal/wp-content/uploads/2016/04/GASTON.jpg?resize=200%2C132&amp;ssl=1 200w, https://i0.wp.com/eltrabajo.cl/portal/wp-content/uploads/2016/04/GASTON.jpg?resize=300%2C198&amp;ssl=1 300w, https://i0.wp.com/eltrabajo.cl/portal/wp-content/uploads/2016/04/GASTON.jpg?resize=227%2C150&amp;ssl=1 227w, https://i0.wp.com/eltrabajo.cl/portal/wp-content/uploads/2016/04/GASTON.jpg?resize=400%2C264&amp;ssl=1 400w" sizes="auto, (max-width: 300px) 100vw, 300px" /></a></p>
<p>El imputado Gastón Castillo Silva lideraba la banda criminal de tráfico de drogas desde la villa 250 Años, siendo detenido tras los operativos ejecutados por OS7 de Carabineros, quedando tras las rejas junto a su hermana bajo cautelar de prisión preventiva.</p>

<p>El imputado Gastón Castillo Silva lideraba la banda criminal de tráfico de drogas desde la villa 250 Años, siendo detenido tras los operativos ejecutados por OS7 de Carabineros, quedando tras las rejas junto a su hermana bajo cautelar de prisión preventiva.</p>
