{"id":68971,"date":"2016-04-21T09:39:42","date_gmt":"2016-04-21T12:39:42","guid":{"rendered":"http:\/\/www.eltrabajo.cl\/portal\/wp-content\/uploads\/2016\/04\/FOTO-1-EL-ANATOMO-PATOLOGO-DR.-VADIR-READY.jpg"},"modified":"2016-04-21T09:40:32","modified_gmt":"2016-04-21T12:40:32","slug":"foto-1-el-anatomo-patologo-dr-vadir-ready","status":"inherit","type":"attachment","link":"https:\/\/eltrabajo.cl\/portal\/anatomia-patologica-del-hsc-invirtio-mas-de-70-millones-de-pesos-en-tecnologia-de-punta\/foto-1-el-anatomo-patologo-dr-vadir-ready\/","title":{"rendered":"FOTO 1 EL ANATOMO PATOLOGO DR. VADIR READY"},"author":1,"featured_media":0,"comment_status":"open","ping_status":"closed","template":"","meta":{"advanced_seo_description":"","jetpack_seo_html_title":"","jetpack_seo_noindex":false},"class_list":["post-68971","attachment","type-attachment","status-inherit","hentry"],"jetpack_sharing_enabled":true,"jetpack_likes_enabled":true,"description":{"rendered":"<p class=\"attachment\"><a href=\"https:\/\/i0.wp.com\/eltrabajo.cl\/portal\/wp-content\/uploads\/2016\/04\/FOTO-1-EL-ANATOMO-PATOLOGO-DR.-VADIR-READY.jpg?ssl=1\"><img loading=\"lazy\" decoding=\"async\" width=\"300\" height=\"197\" src=\"https:\/\/i0.wp.com\/eltrabajo.cl\/portal\/wp-content\/uploads\/2016\/04\/FOTO-1-EL-ANATOMO-PATOLOGO-DR.-VADIR-READY.jpg?fit=300%2C197&amp;ssl=1\" class=\"attachment-medium size-medium\" alt=\"El an\u00e1tomo pat\u00f3logo, Dr. Vadir Ready, ocupando microscopio de \u00faltima generaci\u00f3n adquirido por el HSC.\" srcset=\"https:\/\/i0.wp.com\/eltrabajo.cl\/portal\/wp-content\/uploads\/2016\/04\/FOTO-1-EL-ANATOMO-PATOLOGO-DR.-VADIR-READY.jpg?w=530&amp;ssl=1 530w, https:\/\/i0.wp.com\/eltrabajo.cl\/portal\/wp-content\/uploads\/2016\/04\/FOTO-1-EL-ANATOMO-PATOLOGO-DR.-VADIR-READY.jpg?resize=200%2C131&amp;ssl=1 200w, https:\/\/i0.wp.com\/eltrabajo.cl\/portal\/wp-content\/uploads\/2016\/04\/FOTO-1-EL-ANATOMO-PATOLOGO-DR.-VADIR-READY.jpg?resize=300%2C197&amp;ssl=1 300w, https:\/\/i0.wp.com\/eltrabajo.cl\/portal\/wp-content\/uploads\/2016\/04\/FOTO-1-EL-ANATOMO-PATOLOGO-DR.-VADIR-READY.jpg?resize=228%2C150&amp;ssl=1 228w, https:\/\/i0.wp.com\/eltrabajo.cl\/portal\/wp-content\/uploads\/2016\/04\/FOTO-1-EL-ANATOMO-PATOLOGO-DR.-VADIR-READY.jpg?resize=400%2C263&amp;ssl=1 400w\" sizes=\"auto, (max-width: 300px) 100vw, 300px\" \/><\/a><\/p>\n<p>El an\u00e1tomo pat\u00f3logo, Dr. Vadir Ready, ocupando microscopio de \u00faltima generaci\u00f3n adquirido por el HSC.<\/p>\n"},"caption":{"rendered":"<p>El an\u00e1tomo pat\u00f3logo, Dr. Vadir Ready, ocupando microscopio de \u00faltima generaci\u00f3n adquirido por el HSC.<\/p>\n"},"alt_text":"El an\u00e1tomo pat\u00f3logo, Dr. Vadir Ready, ocupando microscopio de \u00faltima generaci\u00f3n adquirido por el HSC.","media_type":"image","mime_type":"image\/jpeg","media_details":{"width":530,"height":348,"file":"2016\/04\/FOTO-1-EL-ANATOMO-PATOLOGO-DR.-VADIR-READY.jpg","sizes":{"thumbnail":{"file":"FOTO-1-EL-ANATOMO-PATOLOGO-DR.-VADIR-READY-200x131.jpg","width":200,"height":131,"mime_type":"image\/jpeg","source_url":"https:\/\/i0.wp.com\/eltrabajo.cl\/portal\/wp-content\/uploads\/2016\/04\/FOTO-1-EL-ANATOMO-PATOLOGO-DR.-VADIR-READY.jpg?fit=200%2C131&ssl=1"},"medium":{"file":"FOTO-1-EL-ANATOMO-PATOLOGO-DR.-VADIR-READY-300x197.jpg","width":300,"height":197,"mime_type":"image\/jpeg","source_url":"https:\/\/i0.wp.com\/eltrabajo.cl\/portal\/wp-content\/uploads\/2016\/04\/FOTO-1-EL-ANATOMO-PATOLOGO-DR.-VADIR-READY.jpg?fit=300%2C197&ssl=1"},"post-thumbnail":{"file":"FOTO-1-EL-ANATOMO-PATOLOGO-DR.-VADIR-READY-228x150.jpg","width":228,"height":150,"mime_type":"image\/jpeg","source_url":"https:\/\/i0.wp.com\/eltrabajo.cl\/portal\/wp-content\/uploads\/2016\/04\/FOTO-1-EL-ANATOMO-PATOLOGO-DR.-VADIR-READY.jpg?fit=228%2C150&ssl=1"},"single-post-thumbnail":{"file":"FOTO-1-EL-ANATOMO-PATOLOGO-DR.-VADIR-READY-400x263.jpg","width":400,"height":263,"mime_type":"image\/jpeg","source_url":"https:\/\/eltrabajo.cl\/portal\/wp-content\/uploads\/2016\/04\/FOTO-1-EL-ANATOMO-PATOLOGO-DR.-VADIR-READY-400x263.jpg"},"wptouch-new-thumbnail":{"file":"FOTO-1-EL-ANATOMO-PATOLOGO-DR.-VADIR-READY-144x144.jpg","width":144,"height":144,"mime_type":"image\/jpeg","source_url":"https:\/\/eltrabajo.cl\/portal\/wp-content\/uploads\/2016\/04\/FOTO-1-EL-ANATOMO-PATOLOGO-DR.-VADIR-READY-144x144.jpg"},"full":{"file":"FOTO-1-EL-ANATOMO-PATOLOGO-DR.-VADIR-READY.jpg?fit=530%2C348&ssl=1","width":530,"height":348,"mime_type":"image\/jpeg","source_url":"https:\/\/i0.wp.com\/eltrabajo.cl\/portal\/wp-content\/uploads\/2016\/04\/FOTO-1-EL-ANATOMO-PATOLOGO-DR.-VADIR-READY.jpg?fit=530%2C348&ssl=1"}},"image_meta":{"aperture":"0","credit":"","camera":"","caption":"","created_timestamp":"0","copyright":"","focal_length":"0","iso":"0","shutter_speed":"0","title":"","orientation":"0","keywords":[]}},"post":68969,"source_url":"https:\/\/eltrabajo.cl\/portal\/wp-content\/uploads\/2016\/04\/FOTO-1-EL-ANATOMO-PATOLOGO-DR.-VADIR-READY.jpg","_links":{"self":[{"href":"https:\/\/eltrabajo.cl\/portal\/wp-json\/wp\/v2\/media\/68971","targetHints":{"allow":["GET"]}}],"collection":[{"href":"https:\/\/eltrabajo.cl\/portal\/wp-json\/wp\/v2\/media"}],"about":[{"href":"https:\/\/eltrabajo.cl\/portal\/wp-json\/wp\/v2\/types\/attachment"}],"author":[{"embeddable":true,"href":"https:\/\/eltrabajo.cl\/portal\/wp-json\/wp\/v2\/users\/1"}],"replies":[{"embeddable":true,"href":"https:\/\/eltrabajo.cl\/portal\/wp-json\/wp\/v2\/comments?post=68971"}],"wp:attached-to":[{"embeddable":true,"post_type":"post","id":68969,"href":"https:\/\/eltrabajo.cl\/portal\/wp-json\/wp\/v2\/posts\/68969"}],"curies":[{"name":"wp","href":"https:\/\/api.w.org\/{rel}","templated":true}]}}

<p class="attachment"><a href="https://i0.wp.com/eltrabajo.cl/portal/wp-content/uploads/2016/04/FOTO-1-EL-ANATOMO-PATOLOGO-DR.-VADIR-READY.jpg?ssl=1"><img loading="lazy" decoding="async" width="300" height="197" src="https://i0.wp.com/eltrabajo.cl/portal/wp-content/uploads/2016/04/FOTO-1-EL-ANATOMO-PATOLOGO-DR.-VADIR-READY.jpg?fit=300%2C197&amp;ssl=1" class="attachment-medium size-medium" alt="El anátomo patólogo, Dr. Vadir Ready, ocupando microscopio de última generación adquirido por el HSC." srcset="https://i0.wp.com/eltrabajo.cl/portal/wp-content/uploads/2016/04/FOTO-1-EL-ANATOMO-PATOLOGO-DR.-VADIR-READY.jpg?w=530&amp;ssl=1 530w, https://i0.wp.com/eltrabajo.cl/portal/wp-content/uploads/2016/04/FOTO-1-EL-ANATOMO-PATOLOGO-DR.-VADIR-READY.jpg?resize=200%2C131&amp;ssl=1 200w, https://i0.wp.com/eltrabajo.cl/portal/wp-content/uploads/2016/04/FOTO-1-EL-ANATOMO-PATOLOGO-DR.-VADIR-READY.jpg?resize=300%2C197&amp;ssl=1 300w, https://i0.wp.com/eltrabajo.cl/portal/wp-content/uploads/2016/04/FOTO-1-EL-ANATOMO-PATOLOGO-DR.-VADIR-READY.jpg?resize=228%2C150&amp;ssl=1 228w, https://i0.wp.com/eltrabajo.cl/portal/wp-content/uploads/2016/04/FOTO-1-EL-ANATOMO-PATOLOGO-DR.-VADIR-READY.jpg?resize=400%2C263&amp;ssl=1 400w" sizes="auto, (max-width: 300px) 100vw, 300px" /></a></p>
<p>El anátomo patólogo, Dr. Vadir Ready, ocupando microscopio de última generación adquirido por el HSC.</p>

<p>El anátomo patólogo, Dr. Vadir Ready, ocupando microscopio de última generación adquirido por el HSC.</p>

El anátomo patólogo, Dr. Vadir Ready, ocupando microscopio de última generación adquirido por el HSC.
